{"id":2037685,"date":"2026-04-29T12:46:30","date_gmt":"2026-04-29T10:46:30","guid":{"rendered":"https:\/\/romfilatelia.ro\/magazin\/?post_type=product&#038;p=2037685"},"modified":"2026-04-29T12:54:25","modified_gmt":"2026-04-29T10:54:25","slug":"obiective-turistice-romanesti","status":"publish","type":"product","link":"https:\/\/romfilatelia.ro\/magazin\/produs\/colectii-anuale\/2026\/obiective-turistice-romanesti\/","title":{"rendered":"OBIECTIVE TURISTICE ROM\u00c2NE\u0218TI"},"content":{"rendered":"<p><strong> <a href=\"https:\/\/romfilatelia.ro\/magazin\/wp-content\/uploads\/2026\/04\/SITE_mc_Obiective-turistice-romanesti.jpg\"><img decoding=\"async\" loading=\"lazy\" class=\"alignleft wp-image-2037686\" src=\"https:\/\/romfilatelia.ro\/magazin\/wp-content\/uploads\/2026\/04\/SITE_mc_Obiective-turistice-romanesti.jpg\" alt=\"\" width=\"600\" height=\"643\" srcset=\"https:\/\/romfilatelia.ro\/magazin\/wp-content\/uploads\/2026\/04\/SITE_mc_Obiective-turistice-romanesti.jpg 1513w, https:\/\/romfilatelia.ro\/magazin\/wp-content\/uploads\/2026\/04\/SITE_mc_Obiective-turistice-romanesti-280x300.jpg 280w, https:\/\/romfilatelia.ro\/magazin\/wp-content\/uploads\/2026\/04\/SITE_mc_Obiective-turistice-romanesti-768x823.jpg 768w, https:\/\/romfilatelia.ro\/magazin\/wp-content\/uploads\/2026\/04\/SITE_mc_Obiective-turistice-romanesti-1434x1536.jpg 1434w, https:\/\/romfilatelia.ro\/magazin\/wp-content\/uploads\/2026\/04\/SITE_mc_Obiective-turistice-romanesti-500x536.jpg 500w, https:\/\/romfilatelia.ro\/magazin\/wp-content\/uploads\/2026\/04\/SITE_mc_Obiective-turistice-romanesti-64x69.jpg 64w\" sizes=\"(max-width: 600px) 100vw, 600px\" \/><\/a><\/strong><strong>Romfilatelia<\/strong> \u0219i <strong>Po\u0219ta Rom\u00e2n\u0103<\/strong> introduc \u00een circula\u021bie <em>joi, 30 aprilie a.c<\/em>. emisiunea filatelic\u0103 <strong>Obiective turistice rom\u00e2ne\u0219ti<\/strong>, invit\u00e2nd cunosc\u0103torii<br \/>\ns\u0103 fac\u0103 o plimbare imaginar\u0103 prin \u0163ara noastr\u0103.<\/p>\n<p>Emisiunea, ce are \u00een componen\u021b\u0103 trei m\u0103rci po\u0219tale, un plic \u201eprima zi\u201d \u0219i o map\u0103 filatelic\u0103 cu produse speciale \u00een tiraj limitat, reprezint\u0103 o manier\u0103 inedit\u0103 de a explora obiectivele arhitecturale ale \u0163\u0103rii noastre \u0219i patrimoniul ei cultural, reabilitate cu fonduri europene.<\/p>\n<p>Pe timbrele emisiunii sunt redate obiective turistice rom\u00e2ne\u0219ti reabilitate prin fonduri europene, \u00een cadrul programelor gestionate de Ministerul Investi\u021biilor \u0219i Proiectelor Europene (MIPE).<\/p>\n<p>Pe timbrul cu valoarea nominal\u0103 de <strong>6,50 lei <\/strong>este redat\u0103<strong> <em>Cula Glogovenilor<\/em><\/strong>, sat Glogova, comuna Glogova, jude\u021bul Gorj.<\/p>\n<p>Monument reprezentativ al arhitecturii fortificate din Oltenia, Cula Glogovenilor p\u0103streaz\u0103 memoria vechii familii boiere\u0219ti a Glogovenilor. Ridicat\u0103 \u00een secolele XVII\u2013XVIII, construc\u021bia \u00eembin\u0103 rolul de locuin\u021b\u0103 cu cel de ap\u0103rare, av\u00e2nd beci masiv, ziduri groase, metereze \u0219i pridvor cu coloane de lemn. Cula face parte din patrimoniul istoric valoros al jude\u021bului Gorj \u0219i ilustreaz\u0103 un tip rar de arhitectur\u0103 rom\u00e2neasc\u0103, evoc\u00e2nd istoria \u0219i farmecul satului rom\u00e2nesc.<\/p>\n<p>Proiectul a vizat consolidarea, restaurarea \u0219i punerea \u00een valoare turistic\u0103 a Culei Glogovenilor, construc\u021bie fortificat\u0103 de o importan\u021b\u0103 istoric\u0103 deosebit\u0103.<\/p>\n<p>Pe timbrul cu valoarea nominal\u0103 de <strong>7,50<\/strong> <strong>lei <\/strong>este redat\u0103 <strong><em>biserica de lemn<\/em><\/strong> cu hramurile \u201eIntrarea Maicii Domnului \u00een Biseric\u0103\u201d \u0219i \u201eSchimbarea la Fa\u021b\u0103 a Domnului\u201d din <strong>Satul M\u0103n\u0103stioara, comuna Ude\u0219ti, jude\u021bul Suceava<\/strong>, aflat\u0103 sub administrarea M\u0103n\u0103stirii \u201eSf\u00e2ntul Ioan cel Nou de la Suceava\u201d. Este un monument istoric datat \u00een secolul al XVIII-lea; repertoriul arheologic o localizeaz\u0103 la vest de localitate, \u00een zona p\u0103durii Pl\u0103v\u0103lari.<\/p>\n<p>Lucr\u0103rile de restaurare au fost realizate cu sprijinul finan\u021b\u0103rii acordate prin Planul Na\u021bional de Redresare \u0219i Rezilien\u021b\u0103 (PNRR). Interven\u021biile au vizat restaurarea, consolidarea \u0219i punerea \u00een valoare a monumentului, contribuind la conservarea patrimoniului cultural \u0219i la valorificarea acestuia pentru genera\u021biile viitoare.<\/p>\n<p>Potrivit Arhiepiscopiei Sucevei \u0219i R\u0103d\u0103u\u021bilor, proiectul a urm\u0103rit conservarea patrimoniului cultural \u0219i cre\u0219terea atractivit\u0103\u021bii turistice a zonei rurale.<\/p>\n<p><strong><em>Cetatea Alba Carolina<\/em><\/strong><em> <strong>din Alba Iulia<\/strong><\/em> (ilustrat\u0103 pe timbrul cu valoarea nominal\u0103 de <strong>10 lei<\/strong>) este una dintre cele mai impresionante fortifica\u021bii de tip Vauban din Europa de Est \u0219i un exemplu de succes al restaur\u0103rii patrimoniului cultural prin utilizarea fondurilor europene.<\/p>\n<p>Cetatea a fost construit\u0103 \u00een secolul al XVIII-lea, \u00een timpul domina\u021biei habsburgice, av\u00e2nd rol strategic de ap\u0103rare. De-a lungul timpului, a devenit un simbol al unit\u0103\u021bii na\u021bionale, fiind locul unde s-a proclamat Unirea Transilvaniei cu Rom\u00e2nia la 1 Decembrie 1918.<\/p>\n<p>\u00centre anii 2009 \u0219i 2015, Cetatea Alba Carolina a trecut printr-un amplu proces de restaurare, finan\u021bat \u00een mare parte prin fonduri europene (Programul Opera\u021bional Regional). Proiectul a inclus: restaurarea bastioanelor \u0219i a zidurilor fortificate, reabilitarea por\u021bilor monumentale (\u00een special Poarta a III-a), amenajarea spa\u021biilor pietonale \u0219i a infrastructurii turistice, iluminat arhitectural modern, crearea de trasee turistice \u0219i zone culturale.<\/p>\n<p>Fondurile europene au fost esen\u021biale pentru conservarea patrimoniului istoric, dezvoltarea turismului local, revitalizarea economic\u0103 a ora\u0219ului, crearea de locuri de munc\u0103.<\/p>\n<p>Pe plicul \u201eprima zi\u201d este redat\u0103 <strong><em>Cetatea F\u0103g\u0103ra\u0219ului<\/em><\/strong> ce se afl\u0103 \u00een reabilitare etapizat\u0103 cu ajutorul fondurilor europene, \u00een special prin Programul Opera\u021bional Regional. Lucr\u0103rile au inclus restaurarea zidurilor, a bastioanelor<br \/>\n\u0219i a spa\u021biilor interioare.<\/p>\n<p>Scopul a fost conservarea monumentului \u0219i dezvoltarea turismului. Ast\u0103zi, cetatea este un important obiectiv cultural \u0219i turistic din Rom\u00e2nia.<\/p>\n<p>Reabilitarea Cet\u0103\u021bii F\u0103g\u0103ra\u0219ului este un exemplu important de valorificare a patrimoniului istoric prin fonduri europene nerambursabile, desf\u0103\u0219urat\u0103 \u00een mai multe etape, \u00eencep\u00e2nd cu 2015 \u0219i continu\u00e2nd p\u00e2n\u0103 \u00een prezent.<\/p>\n<p>Finan\u021barea s-a realizat prin Programul Opera\u021bional Regional 2014\u20132020 (FEDR) \u0219i prin Programul Regional Centru 2021\u20132027.<\/p>\n<p><em>Romfilatelia mul\u021bume\u0219te reprezentan\u021bilor Ministerului Investi\u021biilor \u0219i Proiectelor Europene, domnului Nicolae Pepene, Directorul Muzeului Jude\u021bean de Istorie Bra\u0219ov, doamnei Ioana Gabriela Rustoiu, muzeograf \u00een cadrul Muzeului Na\u021bional al Unirii Alba Iulia, Prim\u0103riei Alba Iulia, Prim\u0103riei comunei Glogova, jud. Gorj, Arhiepiscopiei Sucevei \u0219i R\u0103d\u0103u\u021bilor \u0219i fotografului Petru Palamar, pentru sprijinul documentar acordat la realizarea acestei emisiuni de m\u0103rci po\u0219tale.<\/em><\/p>\n<p>&nbsp;<\/p>\n<p><a href=\"https:\/\/romfilatelia.ro\/magazin\/wp-content\/uploads\/2026\/04\/caract_Obiective-turistice-romanesti_tript.jpg\"><img decoding=\"async\" loading=\"lazy\" class=\"aligncenter wp-image-2037687 size-full\" src=\"https:\/\/romfilatelia.ro\/magazin\/wp-content\/uploads\/2026\/04\/caract_Obiective-turistice-romanesti_tript.jpg\" alt=\"\" width=\"1725\" height=\"1630\" srcset=\"https:\/\/romfilatelia.ro\/magazin\/wp-content\/uploads\/2026\/04\/caract_Obiective-turistice-romanesti_tript.jpg 1725w, https:\/\/romfilatelia.ro\/magazin\/wp-content\/uploads\/2026\/04\/caract_Obiective-turistice-romanesti_tript-300x283.jpg 300w, https:\/\/romfilatelia.ro\/magazin\/wp-content\/uploads\/2026\/04\/caract_Obiective-turistice-romanesti_tript-768x726.jpg 768w, https:\/\/romfilatelia.ro\/magazin\/wp-content\/uploads\/2026\/04\/caract_Obiective-turistice-romanesti_tript-1536x1451.jpg 1536w, https:\/\/romfilatelia.ro\/magazin\/wp-content\/uploads\/2026\/04\/caract_Obiective-turistice-romanesti_tript-500x472.jpg 500w, https:\/\/romfilatelia.ro\/magazin\/wp-content\/uploads\/2026\/04\/caract_Obiective-turistice-romanesti_tript-64x60.jpg 64w\" sizes=\"(max-width: 1725px) 100vw, 1725px\" \/><\/a><\/p>\n","protected":false},"excerpt":{"rendered":"<p>Romfilatelia \u0219i Po\u0219ta Rom\u00e2n\u0103 introduc \u00een circula\u021bie joi, 30 aprilie a.c. emisiunea filatelic\u0103 Obiective turistice rom\u00e2ne\u0219ti, invit\u00e2nd cunosc\u0103torii s\u0103 fac\u0103 o plimbare imaginar\u0103 prin \u0163ara noastr\u0103. Emisiunea, ce are \u00een componen\u021b\u0103 trei m\u0103rci po\u0219tale, un plic \u201eprima zi\u201d \u0219i o map\u0103 filatelic\u0103 cu produse speciale \u00een tiraj limitat, reprezint\u0103 o manier\u0103 inedit\u0103 de a explora&hellip;&nbsp;<a href=\"https:\/\/romfilatelia.ro\/magazin\/produs\/colectii-anuale\/2026\/obiective-turistice-romanesti\/\" class=\"\" rel=\"bookmark\">Cite\u0219te mai mult &raquo;<span class=\"screen-reader-text\">OBIECTIVE TURISTICE ROM\u00c2NE\u0218TI<\/span><\/a><\/p>\n","protected":false},"featured_media":2037688,"template":"","meta":{"neve_meta_sidebar":"","neve_meta_container":"","neve_meta_enable_content_width":"off","neve_meta_content_width":100,"neve_meta_title_alignment":"","neve_meta_author_avatar":"","neve_post_elements_order":"","neve_meta_disable_header":"","neve_meta_disable_footer":"","neve_meta_disable_title":""},"product_cat":[343,6],"product_tag":[],"_links":{"self":[{"href":"https:\/\/romfilatelia.ro\/magazin\/wp-json\/wp\/v2\/product\/2037685"}],"collection":[{"href":"https:\/\/romfilatelia.ro\/magazin\/wp-json\/wp\/v2\/product"}],"about":[{"href":"https:\/\/romfilatelia.ro\/magazin\/wp-json\/wp\/v2\/types\/product"}],"wp:featuredmedia":[{"embeddable":true,"href":"https:\/\/romfilatelia.ro\/magazin\/wp-json\/wp\/v2\/media\/2037688"}],"wp:attachment":[{"href":"https:\/\/romfilatelia.ro\/magazin\/wp-json\/wp\/v2\/media?parent=2037685"}],"wp:term":[{"taxonomy":"product_cat","embeddable":true,"href":"https:\/\/romfilatelia.ro\/magazin\/wp-json\/wp\/v2\/product_cat?post=2037685"},{"taxonomy":"product_tag","embeddable":true,"href":"https:\/\/romfilatelia.ro\/magazin\/wp-json\/wp\/v2\/product_tag?post=2037685"}],"curies":[{"name":"wp","href":"https:\/\/api.w.org\/{rel}","templated":true}]}}