{"id":2037623,"date":"2026-04-16T13:45:20","date_gmt":"2026-04-16T11:45:20","guid":{"rendered":"https:\/\/romfilatelia.ro\/magazin\/?post_type=product&#038;p=2037623"},"modified":"2026-04-16T13:54:09","modified_gmt":"2026-04-16T11:54:09","slug":"curiozitatile-faunei","status":"publish","type":"product","link":"https:\/\/romfilatelia.ro\/magazin\/produs\/colectii-anuale\/2026\/curiozitatile-faunei\/","title":{"rendered":"CURIOZIT\u0102\u021aILE FAUNEI"},"content":{"rendered":"<p><strong><a href=\"https:\/\/romfilatelia.ro\/magazin\/wp-content\/uploads\/2026\/04\/SITE_mc_Curiozitatile-faunei-1.jpg\"><img decoding=\"async\" loading=\"lazy\" class=\"wp-image-2037632 alignleft\" src=\"https:\/\/romfilatelia.ro\/magazin\/wp-content\/uploads\/2026\/04\/SITE_mc_Curiozitatile-faunei-1.jpg\" alt=\"\" width=\"600\" height=\"781\" srcset=\"https:\/\/romfilatelia.ro\/magazin\/wp-content\/uploads\/2026\/04\/SITE_mc_Curiozitatile-faunei-1.jpg 1245w, https:\/\/romfilatelia.ro\/magazin\/wp-content\/uploads\/2026\/04\/SITE_mc_Curiozitatile-faunei-1-230x300.jpg 230w, https:\/\/romfilatelia.ro\/magazin\/wp-content\/uploads\/2026\/04\/SITE_mc_Curiozitatile-faunei-1-768x1000.jpg 768w, https:\/\/romfilatelia.ro\/magazin\/wp-content\/uploads\/2026\/04\/SITE_mc_Curiozitatile-faunei-1-1180x1536.jpg 1180w, https:\/\/romfilatelia.ro\/magazin\/wp-content\/uploads\/2026\/04\/SITE_mc_Curiozitatile-faunei-1-500x651.jpg 500w, https:\/\/romfilatelia.ro\/magazin\/wp-content\/uploads\/2026\/04\/SITE_mc_Curiozitatile-faunei-1-64x83.jpg 64w\" sizes=\"(max-width: 600px) 100vw, 600px\" \/><\/a>Romfilatelia<\/strong> continu\u0103 seria emisiunilor de m\u0103rci po\u0219tale dedicate <strong>Faunei<\/strong> \u0219i introduce \u00een circula\u021bie, <em>vineri, 17 aprilie a.<\/em>c. o emisiune tematic\u0103 intitulat\u0103 <strong><em>Curiozit\u0103\u021bile faunei<\/em><\/strong>.<\/p>\n<p>Emisiunea, ce are \u00een componen\u021b\u0103 4 m\u0103rci po\u0219tale \u0219i un plic \u201eprima zi\u201d,\u00a0 este dedicat\u0103 unor curiozit\u0103\u021bi din lumea animal\u0103 \u2013 anume, situa\u021biile \u00een care puii unor animale difer\u0103 semnificativ ca \u0219i colora\u021bie fa\u021b\u0103 de adult.<\/p>\n<p>La unele specii, aceasta reflect\u0103 necesitatea de a camufla mai bine puii, care sunt mai \u201eneajutora\u021bi\u201d dec\u00e2t adul\u021bii, se deplaseaz\u0103 mai greu, nu se pot ap\u0103ra.<\/p>\n<p>Astfel, puii de leb\u0103d\u0103 sunt cenu\u0219ii, iar mai apoi maronii, \u00een locul albului str\u0103lucitor al adultului, ceea ce \u00eei face mai greu de detectat prin stuf\u0103ri\u0219; puii de flamingo sunt cenu\u0219ii-albicio\u0219i, prin contrast cu penajul roz sau ro\u0219u al adultului (condi\u021bionat de aportul de pigmen\u021bi carotenoizi din hran\u0103).<\/p>\n<p><strong>La cazuarul sudic<\/strong> \u2013 <em>Casuarius casuarius<\/em> (valoarea nominal\u0103 de <strong>9 lei<\/strong>), o pas\u0103re mare nezbur\u0103toare, puii sunt ini\u021bial dunga\u021bi longitudinal cu brun \u0219i g\u0103lbui, apoi devin brun-g\u0103lbui uniform (ilustrat pe timbru) \u0219i \u00een cele din urm\u0103 iau penajul negru al adultului (care prezint\u0103 \u0219i o creast\u0103 specific\u0103, \u0219i ni\u0219te \u201em\u0103rgele\u201d ro\u0219ii ca de curcan).<\/p>\n<p><strong>Tapirii<\/strong>, mamifere de talie mare, prezint\u0103 \u0219i ei c\u00e2nd sunt pui un desen brun \u00eenchis cu dungi longitudinale albe. Acest model dungat longitudinal camufleaz\u0103 puii printre ierburi, crengi, l\u0103stari etc., \u0219i face s\u0103 se piard\u0103 silueta animalului care alearg\u0103 \u00een acest mediu. Tapirii \u00ee\u0219i pierd acest model pe m\u0103sur\u0103 ce \u00eenainteaz\u0103 \u00een v\u00e2rst\u0103, adultul fiind cafeniu uniform (\u00een cazul tapirului sud-american), sau negru cu o zon\u0103 mare alb\u0103 pe spate \u0219i crup\u0103, \u00een cazul <strong>tapirului asiatic<\/strong> \u2013 <em>Tapirus indicus<\/em> (valoarea nominal\u0103 de <strong>21 lei<\/strong>).<\/p>\n<p>La puma, o felin\u0103 mare din cele dou\u0103 Americi, puii (pisoii) prezint\u0103 de asemenea un model cu pete brune pe fond bej, \u00een acela\u0219i scop de camuflaj; acest model dispare la adult, fiind \u00eenlocuit cu un bej-cenu\u0219iu uniform.<\/p>\n<p>Exist\u0103 \u0219i specii la care discrepan\u021ba \u00eentre coloritul adultului \u0219i cel al puiului are alt rol dec\u00e2t camuflajul.<\/p>\n<p>La <strong>langurul argintiu<\/strong> \u2013 <em>Trachipitecus cristatus<\/em> (valorea nominal\u0103 de<strong> 6,50 lei<\/strong>), o maimu\u021b\u0103 ce tr\u0103ie\u0219te \u00een grupuri de circa 10-40 indivizi, adultul este cenu\u0219iu-argintiu (de unde numele) dar puiul, \u00een perioada \u00een care este purtat la piept de c\u0103tre mama sa, este de o culoare vie portocalie, care semnalizeaz\u0103 de departe celorlal\u021bi membri ai grupului de languri c\u0103 aici se afl\u0103 o femel\u0103 cu pui, ce necesit\u0103 ajutor \u0219i protec\u021bie sporit\u0103.<\/p>\n<p>La <strong>pinguinul regal <\/strong><em>\u2013 Aptenodytes patagonicus<\/em> (valoarea nominal\u0103 de <strong>7,50 lei<\/strong>), puii sunt acoperi\u021bi cu un puf des, lung, castaniu, care serve\u0219te \u00een primul r\u00e2nd ca protec\u021bie termic\u0103 \u00een perioadele lungi c\u00e2nd \u00ee\u0219i a\u0219teapt\u0103 p\u0103rin\u021bii s\u0103 vin\u0103 cu hrana. Acest puf nu este impermeabil, iar c\u00e2nd puii cresc \u0219i \u00eencep s\u0103 \u00eenoate, este \u00eenlocuit cu penajul scurt, des, impermeabil al adultului, cu modelul caracteristic de \u201efrac\u201d cu accente oranj. Astfel, am putea spune c\u0103 puiul de pinguin poart\u0103 \u201ehain\u0103 de blan\u0103\u201d, iar adultul \u201ecostum de neopren\u201d.<\/p>\n<p>\u00cen sf\u00e2r\u0219it, exist\u0103 \u0219i situa\u021bii \u00een care culoarea puiului este un accident \u0219i nu o caracteristic\u0103 util\u0103. La cangurul uria\u0219 ro\u0219u, masculul este ro\u0219cat, femela cenu\u0219ie, iar puiul \u2013 mai ro\u0219cat sau mai cenu\u0219iu, dup\u0103 sex; \u00een imaginea de pe coli\u021b\u0103 este \u00eens\u0103 surprins un caz \u00een care puiul este alb \u2013 un caz de albinism sau poate de hipomelanism, muta\u021bii care survin extrem de rar. Un asemenea animal este deosebit de \u00eendr\u0103git de privitorii umani, amatori de ceva mai deosebit. Un pui alb este \u00eens\u0103 mai u\u0219or de observat de c\u0103tre pr\u0103d\u0103tori, sc\u0103z\u00e2nd \u0219ansele de supravie\u021buire \u00een prima parte a vie\u021bii.<\/p>\n<p><em>Romfilatelia mul\u021bume\u0219te Cercet. \u0218t. Gr. I Luis Ovidiu Popa, Directorul Muzeului Na\u021bional de Istorie Natural\u0103 \u201eGrigore Antipa\u201d \u0219i muzeografului Dr. Alexandru Iftime, pentru consultan\u021ba de specialitate acordat\u0103 la realizarea acestei emisiuni de m\u0103rci po\u0219tale.<\/em><\/p>\n<p>&nbsp;<\/p>\n<p><a href=\"https:\/\/romfilatelia.ro\/wp-content\/uploads\/2026\/04\/caract_Curiozitatile-faunei.jpg\"><img decoding=\"async\" loading=\"lazy\" class=\"aligncenter wp-image-2050359 size-full\" src=\"https:\/\/romfilatelia.ro\/wp-content\/uploads\/2026\/04\/caract_Curiozitatile-faunei.jpg\" alt=\"\" width=\"1665\" height=\"1036\" \/><\/a><\/p>\n","protected":false},"excerpt":{"rendered":"<p>Romfilatelia continu\u0103 seria emisiunilor de m\u0103rci po\u0219tale dedicate Faunei \u0219i introduce \u00een circula\u021bie, vineri, 17 aprilie a.c. o emisiune tematic\u0103 intitulat\u0103 Curiozit\u0103\u021bile faunei. Emisiunea, ce are \u00een componen\u021b\u0103 4 m\u0103rci po\u0219tale \u0219i un plic \u201eprima zi\u201d,\u00a0 este dedicat\u0103 unor curiozit\u0103\u021bi din lumea animal\u0103 \u2013 anume, situa\u021biile \u00een care puii unor animale difer\u0103 semnificativ ca \u0219i&hellip;&nbsp;<a href=\"https:\/\/romfilatelia.ro\/magazin\/produs\/colectii-anuale\/2026\/curiozitatile-faunei\/\" class=\"\" rel=\"bookmark\">Cite\u0219te mai mult &raquo;<span class=\"screen-reader-text\">CURIOZIT\u0102\u021aILE FAUNEI<\/span><\/a><\/p>\n","protected":false},"featured_media":2037627,"template":"","meta":{"neve_meta_sidebar":"","neve_meta_container":"","neve_meta_enable_content_width":"off","neve_meta_content_width":100,"neve_meta_title_alignment":"","neve_meta_author_avatar":"","neve_post_elements_order":"","neve_meta_disable_header":"","neve_meta_disable_footer":"","neve_meta_disable_title":""},"product_cat":[343,6],"product_tag":[],"_links":{"self":[{"href":"https:\/\/romfilatelia.ro\/magazin\/wp-json\/wp\/v2\/product\/2037623"}],"collection":[{"href":"https:\/\/romfilatelia.ro\/magazin\/wp-json\/wp\/v2\/product"}],"about":[{"href":"https:\/\/romfilatelia.ro\/magazin\/wp-json\/wp\/v2\/types\/product"}],"wp:featuredmedia":[{"embeddable":true,"href":"https:\/\/romfilatelia.ro\/magazin\/wp-json\/wp\/v2\/media\/2037627"}],"wp:attachment":[{"href":"https:\/\/romfilatelia.ro\/magazin\/wp-json\/wp\/v2\/media?parent=2037623"}],"wp:term":[{"taxonomy":"product_cat","embeddable":true,"href":"https:\/\/romfilatelia.ro\/magazin\/wp-json\/wp\/v2\/product_cat?post=2037623"},{"taxonomy":"product_tag","embeddable":true,"href":"https:\/\/romfilatelia.ro\/magazin\/wp-json\/wp\/v2\/product_tag?post=2037623"}],"curies":[{"name":"wp","href":"https:\/\/api.w.org\/{rel}","templated":true}]}}