{"id":2037537,"date":"2026-03-25T13:55:20","date_gmt":"2026-03-25T11:55:20","guid":{"rendered":"https:\/\/romfilatelia.ro\/magazin\/?post_type=product&#038;p=2037537"},"modified":"2026-03-25T14:15:49","modified_gmt":"2026-03-25T12:15:49","slug":"federatia-romana-de-box-100-de-ani","status":"publish","type":"product","link":"https:\/\/romfilatelia.ro\/magazin\/produs\/colectii-anuale\/2026\/federatia-romana-de-box-100-de-ani\/","title":{"rendered":"FEDERA\u021aIA ROM\u00c2N\u0102 DE BOX, 100 DE ANI"},"content":{"rendered":"<p><strong><em><a href=\"https:\/\/romfilatelia.ro\/magazin\/wp-content\/uploads\/2026\/03\/SITE_mc_Box_100-ani-scaled.jpg\"><img decoding=\"async\" loading=\"lazy\" class=\"alignleft wp-image-2037538\" src=\"https:\/\/romfilatelia.ro\/magazin\/wp-content\/uploads\/2026\/03\/SITE_mc_Box_100-ani-300x155.jpg\" alt=\"\" width=\"650\" height=\"337\" srcset=\"https:\/\/romfilatelia.ro\/magazin\/wp-content\/uploads\/2026\/03\/SITE_mc_Box_100-ani-300x155.jpg 300w, https:\/\/romfilatelia.ro\/magazin\/wp-content\/uploads\/2026\/03\/SITE_mc_Box_100-ani-768x398.jpg 768w, https:\/\/romfilatelia.ro\/magazin\/wp-content\/uploads\/2026\/03\/SITE_mc_Box_100-ani-1536x796.jpg 1536w, https:\/\/romfilatelia.ro\/magazin\/wp-content\/uploads\/2026\/03\/SITE_mc_Box_100-ani-2048x1061.jpg 2048w, https:\/\/romfilatelia.ro\/magazin\/wp-content\/uploads\/2026\/03\/SITE_mc_Box_100-ani-500x259.jpg 500w, https:\/\/romfilatelia.ro\/magazin\/wp-content\/uploads\/2026\/03\/SITE_mc_Box_100-ani-64x33.jpg 64w\" sizes=\"(max-width: 650px) 100vw, 650px\" \/><\/a> 100 de ani de glorie \u0219i istorie pentru boxul rom\u00e2nesc <\/em><\/strong><\/p>\n<p><em>\u00a0<\/em><\/p>\n<p>&nbsp;<\/p>\n<p><em>\u201eBoxul este despre a-\u021bi \u00eembr\u0103\u021bi\u0219a adversarul nu a-l distruge,<br \/>\nnu despre a ur\u00ee, ci a fi inteligent. Despre a accepta victoria<br \/>\ncu m\u00e2ndrie \u0219i \u00eenfr\u00e2ngerea cu demnitate\u201d<\/em><\/p>\n<p>Eugen Barbu<\/p>\n<p>&nbsp;<\/p>\n<p>O emisiune filatelic\u0103 aniversar\u0103 dedicat\u0103 unui sport practicat de milenii, de amatori \u0219i profesioni\u0219ti, va fi introdus\u0103 \u00een circula\u021bie de <strong>Romfilatelia<\/strong> \u0219i <strong>Po\u0219ta Rom\u00e2n\u0103<\/strong>, <em>joi, 26 martie<\/em> a.c. sub titlul rezumativ <strong><em>FEDERA\u021aIA ROM\u00c2N\u0102 DE BOX, 100 DE ANI<\/em><\/strong>.<\/p>\n<p>\u00cen componen\u021ba emisiunii se reg\u0103sesc dou\u0103 m\u0103rci po\u0219tale, o coli\u021b\u0103 dantelat\u0103, un plic \u201eprima zi\u201d, un set de dou\u0103 c\u0103r\u021bi po\u0219tale maxime pentru pasiona\u021bii de maximafilie \u0219i o map\u0103 filatelic\u0103 cu produse speciale \u00een tiraj limitat.<\/p>\n<p>Pe marca po\u0219tal\u0103 cu valoarea nominal\u0103 de<strong> 21 lei <\/strong>este redat\u0103 imaginea campionului olimpic Nicolae Linca, care, la Jocurile Olimpice de la Melbourne, din 1956, a cucerit prima medalie olimpic\u0103 de aur pentru Rom\u00e2nia, iar pe marca po\u0219tal\u0103 cu valoarea nominal\u0103<strong> de 9 lei<\/strong> este ilustrat Francisc Va\u0219tag, triplu campion mondial.<\/p>\n<p>Pe coli\u021ba dantelat\u0103 a emisiunii, av\u00e2nd timbrul cu valoarea nominal\u0103 de <strong>32 lei<\/strong>, este redat\u0103 o imagine dintr-un meci de box al Regelui Mihai I cu un coleg de \u0219coal\u0103 \u00een prezen\u021ba antrenorului Gheorghe Axioti.<\/p>\n<p>Plicul \u201eprima zi\u201d \u00eel are ca protagonist pe regretatul sportiv Mihai Leu, campion mondial WBO la categoria semimijlocie, \u00een 1997, al\u0103turi de centura c\u00e2\u0219tigat\u0103.<\/p>\n<p>De eviden\u021biat faptul c\u0103 boxul este unul dintre cele mai vechi sporturi olimpice, introdus \u00een programul Jocurilor Olimpice din antichitate, \u00een secolul al VII-lea \u00ee.Hr.<\/p>\n<p>\u00cen mod deosebit, \u00eentr-un mod organizat, boxul a fost practicat din secolul al XVII-lea, \u00een Anglia, unde, \u00een 1880 s-au programat primele meciuri oficiale de amatori. La Jocurile Olimpice boxul amator modern a fost inclus \u00een anul 1904.<\/p>\n<p>Prima \u0219coal\u0103 dedicat\u0103 boxului \u00eel are ca fondator pe Jack Broughton, care a introdus primele reguli scrise care includeau \u0219i utilizarea m\u0103nu\u0219ilor de box.<\/p>\n<p>\u00cen Rom\u00e2nia, boxul practicat mai \u00eent\u00e2i sub forma unor demonstra\u021bii \u00een circuri sau restaurante, cap\u0103t\u0103 \u00eencep\u00e2nd cu anul 1920 o form\u0103 de organizare vizibil\u0103 dup\u0103 \u00eenfiin\u021barea \u00een martie 1920 a \u201eBoxing club\u201d, fondator Mihai Codru\u0219.<\/p>\n<p>Sportul cu m\u0103nu\u0219i a ap\u0103rut \u00een Rom\u00e2nia la \u00eenceputul secolului al XX-lea \u0219i a avut o ascensiune fulminant\u0103 de la \u00eenceput, de la primele gale organizate \u00een \u021bara noastr\u0103 de marinarii sosi\u021bi \u00een \u021bara noastr\u0103 la bordurile unor nave comerciale.<\/p>\n<p>La data de 26 martie 1926 avea s\u0103 se oficializeze Federa\u021bia Rom\u00e2n\u0103 de Box sub pre\u0219edin\u021bia lui Nicolae Niculescu-Ianca. Prima Adunare General\u0103 a Federa\u021biei Rom\u00e2ne de Box se desf\u0103\u0219oar\u0103 c\u00e2teva zile mai t\u00e2rziu, pe data de 2 aprilie 1926, \u0219i tot \u00een acela\u0219i an avea s\u0103 fie confirmat\u0103 afilierea la International Boxing Union &#8211; I.B.U.<\/p>\n<p>\u00cen anul 1930, forul interna\u021bional al boxului profesionist accept\u0103 pentru prima oar\u0103 un boxer rom\u00e2n drept challanger la un titlu european. Lucian Popescu reu\u0219e\u0219te s\u0103 \u00eel \u00eenving\u0103 prin abandon<br \/>\npe Kid Olivera, devenind primul campion european rom\u00e2n.<\/p>\n<p>\u00cen 1952, la Jocurile Olimpice de la Helsinki, Rom\u00e2nia a cucerit primele medalii olimpice la box, prin Vasile Ti\u021ba (argint) \u0219i Gheorghe Fiat (bronz). De la acea edi\u021bie \u0219i p\u00e2n\u0103 \u00een prezent boxul rom\u00e2nesc avea s\u0103 fie nelipsit la toate edi\u021biile Jocurilor Olimpice, aduc\u00e2nd Rom\u00e2niei 25 de medalii la cea mai prestigioas\u0103 competi\u021bie a lumii.<\/p>\n<p>La Melbourne, \u00een 1956, Rom\u00e2nia a cucerit prima medalie olimpic\u0103 de aur prin Nicolae Linca (semimijlocie). La acea \u201eolimpiad\u0103\u201d, echipa Rom\u00e2niei de box avea s\u0103 intre \u00een istorie ca \u201egenera\u021bia de aur\u201d, to\u021bi cei patru pugili\u0219ti ai no\u0219tri urc\u00e2nd pe podiumul olimpic: Linca \u2013 aur, c\u00e2\u0219tig\u00e2nd finala cu irlandezul Friederick Tiedt, de\u0219i avea m\u00e2na dreapt\u0103 fracturat\u0103, Mircea Dobrescu \u2013 argint, Gheorghe Negrea \u2013 argint \u0219i Constantin Dumitrescu \u2013 bronz.<\/p>\n<p>Din 1985, Rom\u00e2nia devine una dintre superputerile boxului mondial, al\u0103turi de Cuba \u0219i Rusia, printr-o serie de pugili\u0219ti de elit\u0103, \u00eentre care: Francisc Va\u0219tag (triplu campion mondial), Leonard Doroftei (legend\u0103 a sportului mondial \u0219i la boxul profesionist), Marcelic\u0103 Tudoriu, Daniel Maeran, Dorel Simion, Crinu Olteanu, Marin Simion, Ovidiu Bob\u00e2rnat, George Lungu, Lucian Bute, Mihai Leu (intrat pe o list\u0103 scurt\u0103 a boxerilor profesioni\u0219ti ai lumii care \u0219i-au \u00eencheiat cariera f\u0103r\u0103 \u00eenfr\u00e2ngere), Waldemar Cucereanu, Vasile Nistor \u0219i mul\u021bi al\u021bii, ajung\u00e2nd \u00een 1999 la Campionatul Mondial din SUA, cu Feri Va\u0219tag antrenor de aceast\u0103 dat\u0103, s\u0103 c\u00e2\u0219tige 7 medalii, performan\u021b\u0103 de neegalat p\u00e2n\u0103 ast\u0103zi.<\/p>\n<p>Dup\u0103 anul 2000, Rom\u00e2nia a fost \u0219i printre pionierii competi\u021biilor pugilistice feminine, doamnele noastre de fier reu\u0219ind performan\u021be impresionante pe plan european \u0219i mondial prin: Camelia Negrea, Mihaela L\u0103c\u0103tu\u0219, Florea Lihe\u021b, Adriana Hosu, Stelu\u021ba Du\u021b\u0103, Lumini\u021ba Turcin \u0219i \u00een ultimii ani prin L\u0103cr\u0103mioara Perijoc, Amalia Ni\u021b\u0103, Claudia Nechita sau Andra Sebe.<\/p>\n<p>100 de ani mai t\u00e2rziu de la momentul \u00eenfiin\u021b\u0103rii oficiale a Federa\u021biei Rom\u00e2ne de Box, sub pre\u0219edin\u021bia lui Vasile C\u00eetea, boxul rom\u00e2nesc este tot \u00een elita disciplinelor sportive din Rom\u00e2nia, rec\u0103p\u0103t\u00e2ndu-\u0219i u\u0219or str\u0103lucirea. Dovad\u0103 \u00een acest sens sunt \u0219i cele 21 de medalii europene, ob\u021binute de pugili\u0219tii rom\u00e2ni \u00een ultimul an.<\/p>\n<p>100 de ani de box, de glorie \u0219i istorie \u0219i povestea continu\u0103&#8230;<\/p>\n<p><em>Romfilatelia mul\u021bume\u0219te reprezentan\u021bilor Federa\u021biei Rom\u00e2ne de Box pentru sprijinul documentar acordat la realizarea acestei emisiuni de m\u0103rci po\u0219tale, ai Casei Majest\u0103\u021bii Sale Margareta, Custodele Coroanei Rom\u00e2ne, ai Comitetului Olimpic \u0219i Sportiv Rom\u00e2n \u0219i ai Fabricii de Timbre, Sucursala Po\u0219tei Rom\u00e2ne, pentru colaborare.<\/em><\/p>\n<p>&nbsp;<\/p>\n<p><a href=\"https:\/\/romfilatelia.ro\/magazin\/wp-content\/uploads\/2026\/03\/caract_Federatia-romana-de-box-100-ani.jpg\"><img decoding=\"async\" loading=\"lazy\" class=\"aligncenter wp-image-2037540 size-full\" src=\"https:\/\/romfilatelia.ro\/magazin\/wp-content\/uploads\/2026\/03\/caract_Federatia-romana-de-box-100-ani.jpg\" alt=\"\" width=\"1687\" height=\"1821\" srcset=\"https:\/\/romfilatelia.ro\/magazin\/wp-content\/uploads\/2026\/03\/caract_Federatia-romana-de-box-100-ani.jpg 1687w, https:\/\/romfilatelia.ro\/magazin\/wp-content\/uploads\/2026\/03\/caract_Federatia-romana-de-box-100-ani-278x300.jpg 278w, https:\/\/romfilatelia.ro\/magazin\/wp-content\/uploads\/2026\/03\/caract_Federatia-romana-de-box-100-ani-768x829.jpg 768w, https:\/\/romfilatelia.ro\/magazin\/wp-content\/uploads\/2026\/03\/caract_Federatia-romana-de-box-100-ani-1423x1536.jpg 1423w, https:\/\/romfilatelia.ro\/magazin\/wp-content\/uploads\/2026\/03\/caract_Federatia-romana-de-box-100-ani-500x540.jpg 500w, https:\/\/romfilatelia.ro\/magazin\/wp-content\/uploads\/2026\/03\/caract_Federatia-romana-de-box-100-ani-64x69.jpg 64w\" sizes=\"(max-width: 1687px) 100vw, 1687px\" \/><\/a><\/p>\n","protected":false},"excerpt":{"rendered":"<p>100 de ani de glorie \u0219i istorie pentru boxul rom\u00e2nesc \u00a0 &nbsp; \u201eBoxul este despre a-\u021bi \u00eembr\u0103\u021bi\u0219a adversarul nu a-l distruge, nu despre a ur\u00ee, ci a fi inteligent. Despre a accepta victoria cu m\u00e2ndrie \u0219i \u00eenfr\u00e2ngerea cu demnitate\u201d Eugen Barbu &nbsp; O emisiune filatelic\u0103 aniversar\u0103 dedicat\u0103 unui sport practicat de milenii, de amatori \u0219i&hellip;&nbsp;<a href=\"https:\/\/romfilatelia.ro\/magazin\/produs\/colectii-anuale\/2026\/federatia-romana-de-box-100-de-ani\/\" class=\"\" rel=\"bookmark\">Cite\u0219te mai mult &raquo;<span class=\"screen-reader-text\">FEDERA\u021aIA ROM\u00c2N\u0102 DE BOX, 100 DE ANI<\/span><\/a><\/p>\n","protected":false},"featured_media":2037541,"template":"","meta":{"neve_meta_sidebar":"","neve_meta_container":"","neve_meta_enable_content_width":"off","neve_meta_content_width":100,"neve_meta_title_alignment":"","neve_meta_author_avatar":"","neve_post_elements_order":"","neve_meta_disable_header":"","neve_meta_disable_footer":"","neve_meta_disable_title":""},"product_cat":[343,6],"product_tag":[],"_links":{"self":[{"href":"https:\/\/romfilatelia.ro\/magazin\/wp-json\/wp\/v2\/product\/2037537"}],"collection":[{"href":"https:\/\/romfilatelia.ro\/magazin\/wp-json\/wp\/v2\/product"}],"about":[{"href":"https:\/\/romfilatelia.ro\/magazin\/wp-json\/wp\/v2\/types\/product"}],"wp:featuredmedia":[{"embeddable":true,"href":"https:\/\/romfilatelia.ro\/magazin\/wp-json\/wp\/v2\/media\/2037541"}],"wp:attachment":[{"href":"https:\/\/romfilatelia.ro\/magazin\/wp-json\/wp\/v2\/media?parent=2037537"}],"wp:term":[{"taxonomy":"product_cat","embeddable":true,"href":"https:\/\/romfilatelia.ro\/magazin\/wp-json\/wp\/v2\/product_cat?post=2037537"},{"taxonomy":"product_tag","embeddable":true,"href":"https:\/\/romfilatelia.ro\/magazin\/wp-json\/wp\/v2\/product_tag?post=2037537"}],"curies":[{"name":"wp","href":"https:\/\/api.w.org\/{rel}","templated":true}]}}