{"id":2037459,"date":"2026-03-04T12:13:39","date_gmt":"2026-03-04T10:13:39","guid":{"rendered":"https:\/\/romfilatelia.ro\/magazin\/?post_type=product&#038;p=2037459"},"modified":"2026-03-04T12:13:40","modified_gmt":"2026-03-04T10:13:40","slug":"irisi","status":"publish","type":"product","link":"https:\/\/romfilatelia.ro\/magazin\/produs\/colectii-anuale\/2026\/irisi\/","title":{"rendered":"Iri\u0219i"},"content":{"rendered":"<p><strong><a href=\"https:\/\/romfilatelia.ro\/wp-content\/uploads\/2026\/03\/SITE_mc_Irisi.jpg\"><img decoding=\"async\" loading=\"lazy\" class=\"alignleft wp-image-2050133\" src=\"https:\/\/romfilatelia.ro\/wp-content\/uploads\/2026\/03\/SITE_mc_Irisi.jpg\" alt=\"\" width=\"650\" height=\"846\" \/><\/a>Romfilatelia <\/strong>\u0219i <strong>Po\u0219ta Rom\u00e2n\u0103<\/strong> ne aduc al\u0103turi lumea minunat\u0103 a florilor \u00eentr-o emisiune filatelic\u0103 ce urmeaz\u0103 s\u0103 fie introdus\u0103 \u00een circula\u021bie <em>joi, 5 martie a.c<\/em>. sub denumirea <strong><em>Iri\u0219i<\/em><\/strong>, compus\u0103 din 4 timbre (cu valorile nominale de <strong>5,50 lei<\/strong>, <strong>6,50 lei<\/strong>, <strong>9 lei<\/strong> \u0219i <strong>16 lei<\/strong>) \u0219i 2 plicuri \u201eprima zi\u201d, \u00een formate miniaturale.<\/p>\n<p>Florile de iris \u00ee\u0219i datoreaz\u0103 popularitatea pentru forma unic\u0103 \u0219i nuan\u021bele cromatice intense, purt\u0103toare de optimism \u0219i generatoare de bucurii pentru cei ce le \u00eengrijesc, sau le primesc \u00een dar. Aceste flori exprim\u0103 noble\u021be, visare \u0219i melancolie, mister \u0219i profunzime sufleteasc\u0103.<\/p>\n<p>Floarea de iris este un simbol al regalit\u0103\u021bii \u0219i un subiect al mitologiei grece\u0219ti, unde Iris este prezentat\u0103 ca zei\u021ba curcubeului. Este denumit\u0103 fie \u201eIris\u201d (curcubeu), fie \u201eeiris\u201d (mesager).<\/p>\n<p>Dup\u0103 apari\u021bia cre\u0219tinismului, Irisul a \u00eenceput s\u0103 fie considerat floarea Fecioarei Maria, simbol al protec\u021biei divine, al credin\u021bei, \u00een\u021belepciunii \u0219i valorii.<\/p>\n<p>La francezi, floarea de iris a fost simbolul premerg\u0103tor al faimoasei flori de crin.<\/p>\n<p>\u00cen cadrul emisiunii sunt ilustra\u021bi hibrizi ai speciei <em>Iris \u00d7 germanica, <\/em>cunoscut\u0103 popular sub numele de st\u00e2njenel, este una dintre cele mai spectaculoase plante ornamentale cultivate \u00een gr\u0103dini. Hibrid vechi de origine mediteranean\u0103, aceast\u0103 specie impresioneaz\u0103 prin elegan\u021ba \u0219i diversitatea cromatic\u0103 a florilor sale.<\/p>\n<p>Face parte din familia Iridaceae \u0219i este cultivat\u0103 pe scar\u0103 larg\u0103 pentru florile sale mari, spectaculoase.<\/p>\n<p>Plant\u0103 erbacee peren\u0103, cu rizomi viguro\u0219i \u0219i frunze lungi, \u00een form\u0103 de sabie, irisul atinge \u00een\u0103l\u021bimi de 40 \u2013 100 cm. Frunzele sunt lungi, \u00eenguste, \u00een form\u0103 de sabie, de culoare verde-alb\u0103strui. Florile mari (10 \u2013 15 cm), catifelate, formate din \u0219ase tepale, sunt decorate cu o \u201ebarb\u0103\u201d fin\u0103 pe petalele externe \u2013 tr\u0103s\u0103tur\u0103 distinctiv\u0103 a grupului de iri\u0219i b\u0103rbo\u0219i. Paleta cromatic\u0103 este variat\u0103: violet intens, albastru, galben, alb, roz sau combina\u021bii bicolore spectaculoase.<\/p>\n<p>Prin frumuse\u021bea sa distinct\u0103 \u0219i valoarea ornamental\u0103 deosebit\u0103, <em>Iris \u00d7 germanica<\/em> r\u0103m\u00e2ne o prezen\u021b\u0103 emblematic\u0103 \u00een patrimoniul horticol european. Se cultiv\u0103 \u00een Europa de secole \u0219i s-a naturalizat \u00een multe regiuni, \u00eenflorind prim\u0103vara, \u00eentre aprilie \u0219i iunie, <em>Iris \u00d7 germanica<\/em> simbolizeaz\u0103 elegan\u021ba, speran\u021ba \u0219i noble\u021bea.<\/p>\n<p>Este specia cu cei mai mul\u021bi hibrizi dintre iri\u0219i ornamentali. Exist\u0103 mii de soiuri create prin hibridare.<\/p>\n<p>Planta este ideal\u0103 pentru borduri, ronduri, gr\u0103dini rustice sau mediteraneene. Se folose\u0219te \u0219i ca floare t\u0103iat\u0103, fiind\u00a0 apreciat\u0103 pentru rezisten\u021b\u0103 \u0219i \u00eentre\u021binere u\u0219oar\u0103.<\/p>\n<p>\u00cen prima lun\u0103 a prim\u0103verii, al\u0103turi de mesajul purt\u0103tor de optimism \u0219i generator de bucurii transmis de florile de iris, dorim s\u0103 \u00eenscriem \u0219i ur\u0103rile:<\/p>\n<p><em>,,La mul\u021bi ani, dragi prieteni ai timbrului rom\u00e2nesc!\u201d <\/em><\/p>\n<p><em>\u201eO prim\u0103var\u0103 frumoas\u0103!\u201d<\/em><\/p>\n<p><a href=\"https:\/\/romfilatelia.ro\/wp-content\/uploads\/2026\/03\/caract_Irisi.jpg\"><img decoding=\"async\" loading=\"lazy\" class=\"size-full wp-image-2050134 aligncenter\" src=\"https:\/\/romfilatelia.ro\/wp-content\/uploads\/2026\/03\/caract_Irisi.jpg\" alt=\"\" width=\"1660\" height=\"1104\" \/><\/a><\/p>\n","protected":false},"excerpt":{"rendered":"<p>Romfilatelia \u0219i Po\u0219ta Rom\u00e2n\u0103 ne aduc al\u0103turi lumea minunat\u0103 a florilor \u00eentr-o emisiune filatelic\u0103 ce urmeaz\u0103 s\u0103 fie introdus\u0103 \u00een circula\u021bie joi, 5 martie a.c. sub denumirea Iri\u0219i, compus\u0103 din 4 timbre (cu valorile nominale de 5,50 lei, 6,50 lei, 9 lei \u0219i 16 lei) \u0219i 2 plicuri \u201eprima zi\u201d, \u00een formate miniaturale. Florile de&hellip;&nbsp;<a href=\"https:\/\/romfilatelia.ro\/magazin\/produs\/colectii-anuale\/2026\/irisi\/\" class=\"\" rel=\"bookmark\">Cite\u0219te mai mult &raquo;<span class=\"screen-reader-text\">Iri\u0219i<\/span><\/a><\/p>\n","protected":false},"featured_media":2037460,"template":"","meta":{"neve_meta_sidebar":"","neve_meta_container":"","neve_meta_enable_content_width":"off","neve_meta_content_width":100,"neve_meta_title_alignment":"","neve_meta_author_avatar":"","neve_post_elements_order":"","neve_meta_disable_header":"","neve_meta_disable_footer":"","neve_meta_disable_title":""},"product_cat":[343,6],"product_tag":[],"_links":{"self":[{"href":"https:\/\/romfilatelia.ro\/magazin\/wp-json\/wp\/v2\/product\/2037459"}],"collection":[{"href":"https:\/\/romfilatelia.ro\/magazin\/wp-json\/wp\/v2\/product"}],"about":[{"href":"https:\/\/romfilatelia.ro\/magazin\/wp-json\/wp\/v2\/types\/product"}],"wp:featuredmedia":[{"embeddable":true,"href":"https:\/\/romfilatelia.ro\/magazin\/wp-json\/wp\/v2\/media\/2037460"}],"wp:attachment":[{"href":"https:\/\/romfilatelia.ro\/magazin\/wp-json\/wp\/v2\/media?parent=2037459"}],"wp:term":[{"taxonomy":"product_cat","embeddable":true,"href":"https:\/\/romfilatelia.ro\/magazin\/wp-json\/wp\/v2\/product_cat?post=2037459"},{"taxonomy":"product_tag","embeddable":true,"href":"https:\/\/romfilatelia.ro\/magazin\/wp-json\/wp\/v2\/product_tag?post=2037459"}],"curies":[{"name":"wp","href":"https:\/\/api.w.org\/{rel}","templated":true}]}}