{"id":2037211,"date":"2026-01-27T10:11:13","date_gmt":"2026-01-27T08:11:13","guid":{"rendered":"https:\/\/romfilatelia.ro\/magazin\/?post_type=product&#038;p=2037211"},"modified":"2026-01-27T10:11:13","modified_gmt":"2026-01-27T08:11:13","slug":"anotimpurile-in-lumina-vitraliilor-sever-frentiu","status":"publish","type":"product","link":"https:\/\/romfilatelia.ro\/magazin\/produs\/colectii-anuale\/2026\/anotimpurile-in-lumina-vitraliilor-sever-frentiu\/","title":{"rendered":"Anotimpurile \u00een lumina vitraliilor. Sever Fren\u021biu"},"content":{"rendered":"<p><strong><a href=\"https:\/\/www.romfilatelia.ro\/wp-content\/uploads\/2026\/01\/SITE_mc_Anotimpurile-_Vitralii.jpg\"><img decoding=\"async\" loading=\"lazy\" class=\"alignleft wp-image-2049931\" src=\"https:\/\/www.romfilatelia.ro\/wp-content\/uploads\/2026\/01\/SITE_mc_Anotimpurile-_Vitralii.jpg\" alt=\"\" width=\"650\" height=\"1056\" \/><\/a>Romfilatelia \u0219i Po\u0219ta Rom\u00e2n\u0103<\/strong> introduc \u00een circula\u021bie <em>miercuri, 28 ianuarie a.c.<\/em> o nou\u0103 emisiune filatelic\u0103 dedicat\u0103 <em>Artei<\/em> sub titlul <strong>Anotimpurile \u00een lumina vitraliilor<\/strong>. <strong>Sever Fren\u021biu<\/strong>, \u00een care sunt prezentate crea\u021bii artistice dintr-o colec\u021bie valoroas\u0103 de vitralii din patrimoniul Palatului Administrativ din Arad.<\/p>\n<p>Edificiul impozant reprezent\u00e2nd Palatul Administrativ din Arad, a fost construit \u00eentre anii 1872-1875, \u00een stil neo-renascentist dup\u0103 planurile arhitectului pestan \u00d6d\u00f6n Lechner.<\/p>\n<p>Aceast\u0103 cl\u0103dire a primit destina\u021bia de prim\u0103rie \u00eenc\u0103 de la momentul deciziei privind realizarea construc\u021biei. Bijuteria arhitectonic\u0103, de plan patrulater, \u00een forma literei \u201eU\u201d, un adev\u0103rat \u201ePalazzo del Municipio\u201d reflect\u0103 posibilit\u0103\u021bile \u0219i voin\u021ba cet\u0103\u021benilor de a \u021bine pasul cu modernizarea european\u0103.<\/p>\n<p>Maiestuoasele vitralii din casa sc\u0103rii Palatului Administrativ din Arad, al c\u0103ror autor este Sever Fren\u021biu, domin\u0103 interiorul cl\u0103dirii.<\/p>\n<p>N\u0103scut \u00een 15 noiembrie 1931 la S\u0103cuieni, \u00een jude\u021bul Bihor, Sever Fren\u0163iu a absolvit Institutul de Arte Plastice \u201eIon Andreescu\u201d (Cluj). A fost membru fondator \u0219i pre\u0219edinte al Uniunii Arti\u0219tilor Plastici din Rom\u00e2nia, filiala Arad. Aici a organizat prima galerie de art\u0103 a ora\u0219ului, numit\u0103 \u201eAlfa\u201d, cu o sal\u0103 de expozi\u021bii \u0219i un magazin de v\u00e2nzare a crea\u021biilor plastice, pictur\u0103, ceramic\u0103, bijuterii, vestimenta\u021bie etc.<\/p>\n<p>A participat regulat la expozi\u0163ii de art\u0103 plastic\u0103 \u0219i de scenografie din \u0163ar\u0103 \u0219i din str\u0103in\u0103tate. La \u00eenceput a lucrat ca gravor, apoi, din 1960, a fost pictor scenograf la Teatrul de Stat din Arad.<\/p>\n<p>A murit la Arad, la data de 6 noiembrie 1997, la numai 66 ani.<\/p>\n<p>El este cel care a realizat ansamblul de vitralii din holul Palatului Administrativ \u0219i al Bibliotecii Jude\u021bene din Arad. Vorbim de lucr\u0103ri monumentale, de o real\u0103 valoare<br \/>\nartistic\u0103, pentru realizarea c\u0103rora \u0219i-a dedicat patru ani din via\u021b\u0103. \u00cen 1977, la 100 de ani dup\u0103 inaugurarea cl\u0103dirii, Sever Fren\u021biu a montat pe cele nou\u0103 ferestre mari ale Palatului Administrativ din Arad, vitralii originale, de o frumuse\u021be deosebit\u0103, lucrarea pe care a numit-o \u201eAnotimpurile \u0219i lunile anului\u201d.<\/p>\n<p>O bun\u0103 parte a sticlei acestor vitralii a fost adus\u0103 de Sever Fren\u021biu din Italia, din Murano, mica insul\u0103 din laguna Vene\u021biei, renumit\u0103 pentru obiectele din sticl\u0103 de foarte mare valoare produse acolo. Maestrul s-a dus personal s\u0103 aleag\u0103 aceast\u0103 sticl\u0103. Sticla adus\u0103 de la Murano este mai \u00eenchis\u0103 la culoare, ea se reg\u0103se\u0219te \u00een acel albastru amplasat deasupra personajelor, conferindu-le acestora o greutate aparte. O alt\u0103 parte din sticl\u0103 a fost realizat\u0103 \u00een Rom\u00e2nia.<\/p>\n<p>Turnarea \u00een plumb \u0219i arderea vitraliilor s-au realizat \u00eentr-un atelier din Timi\u0219oara.<\/p>\n<p>Lucrarea, de o valoare excep\u021bional\u0103, era considerat\u0103 atunci cea mai frumoas\u0103 lucrare \u00een tehnica vitraliului din arta contemporan\u0103 rom\u00e2neasc\u0103.<\/p>\n<p>\u0218i \u00een zilele noastre ea se bucur\u0103 de o real\u0103 popularitate \u00een r\u00e2ndul celor care trec pragul Palatului Administrativ, fiind, al\u0103turi de somptuoasa Sal\u0103 Ferdinand, una dintre principalele atrac\u021bii ale cl\u0103dirii \u0219i ora\u0219ului Arad.<\/p>\n<p>Cele patru anotimpuri, \u00een c\u00e2te dou\u0103 casete fiecare sunt Prim\u0103vara-Vara \u0219i Toamna-Iarna, ilustrate pe timbrele cu valorile nominale de <strong>3 lei <\/strong>\u0219i<strong> 5 lei.<\/strong><\/p>\n<p>Sunt reprezentate dou\u0103 c\u00e2te dou\u0103, patru figuri alegorice, fiecare \u00een chipul unei femei tinere \u0219i frumoase, care \u00eentruchipeaz\u0103 anotimpurile prim\u0103vara, vara, toamna \u0219i iarna. \u00cembr\u0103c\u0103mintea lor este decorat\u0103 \u00een func\u021bie de anotimpul pe care \u00eel simbolizeaz\u0103. Vitraliile au fost montate \u00een anul 1977, la o sut\u0103 de ani de la darea \u00een folosin\u021b\u0103 a cl\u0103dirii Prim\u0103riei.<\/p>\n<p>C\u00e2nd s-au montat \u00een cele din urm\u0103 vitraliile, \u00een casa sc\u0103rilor din Palatul Administrativ ar\u0103dean, rezultatul a fost un \u0219oc pentru toat\u0103 lumea. Nimeni nu se a\u0219tepta s\u0103 ias\u0103 ceva at\u00e2t de grandios. A fost considerat\u0103 cea mai frumoas\u0103 lucrare \u00een arta vitraliului din Rom\u00e2nia, schimb\u00e2nd radical aspectul interior al cl\u0103dirii.<\/p>\n<p>\u00cen centrul vitraliilor din casa sc\u0103rii palatului, Sever Fren\u021biu s-a proiectat pe el \u00eensu\u0219i, \u00eentruchip\u00e2ndu-l pe Cronos (ilustrat pe timbrul cu valoarea nominal\u0103 de<strong> 8 lei<\/strong>), zeul timpului din mitologia greac\u0103, \u00eencadrat de reprezent\u0103rile alegorice ale celor patru anotimpuri \u0219i ale celor dou\u0103sprezece luni ale anului cu denumirile lor populare.<\/p>\n<p>Compar\u00e2nd chipul lui Cronos din vitraliu cu portretul lui Sever Fren\u021biu, se pot constata reale asem\u0103n\u0103ri.<\/p>\n<p>Pe timbrul cu valoarea nominal\u0103 de<strong> 25 lei <\/strong>sunt redate lunile ianuarie \u0219i februarie, cu denumirea popular\u0103 Gerar-F\u0103urar, o alegere oportun\u0103, asociat\u0103 cu luna ianuarie \u2013 a intr\u0103rii \u00een circula\u021bie a emisiunii. \u00cen viziunea artistului, imaginea acestui vitraliu \u00eentruchipeaz\u0103 dou\u0103 femei frumoase, \u00eenve\u0219m\u00e2ntate de iarn\u0103, cern\u00e2nd z\u0103pad\u0103 peste lume.<\/p>\n<p>Una dintre legendele urbane ar\u0103dene spune c\u0103 inspira\u021bia pentru muzele anotimpurilor \u0219i lunilor anului ar fi fost chiar fostele iubite ale artistului.<\/p>\n<p>Pe unul din plicurile \u201eprima zi\u201d este redat\u0103 cl\u0103direa Palatului Administrativ din Arad (sediul Prim\u0103riei Municipiului Arad) iar pe al doilea plic, un detaliu de vitraliu v\u0103zut din interior.<\/p>\n<p><em>Romfilatelia mul\u021bume\u0219te reprezentan\u021bior Prim\u0103riei Municipiului Arad, ai Bibliotecii Jude\u0163ene \u201eAlexandru D. Xenopol\u201d Arad, fotografului Daniel Boca \u0219i Marii Loje Na\u0163ionale din Rom\u00e2nia pentru sprijinul documentar \u0219i fotografic acordat la realizarea acestei emisiuni de m\u0103rci po\u0219tale.<\/em><\/p>\n<p><a href=\"https:\/\/www.romfilatelia.ro\/wp-content\/uploads\/2026\/01\/caract_Anotimpurile-in-lumina-vitraliilor.jpg\"><img decoding=\"async\" loading=\"lazy\" class=\"size-full wp-image-2049932 aligncenter\" src=\"https:\/\/www.romfilatelia.ro\/wp-content\/uploads\/2026\/01\/caract_Anotimpurile-in-lumina-vitraliilor.jpg\" alt=\"\" width=\"1691\" height=\"1782\" \/><\/a><\/p>\n","protected":false},"excerpt":{"rendered":"<p>Romfilatelia \u0219i Po\u0219ta Rom\u00e2n\u0103 introduc \u00een circula\u021bie miercuri, 28 ianuarie a.c. o nou\u0103 emisiune filatelic\u0103 dedicat\u0103 Artei sub titlul Anotimpurile \u00een lumina vitraliilor. Sever Fren\u021biu, \u00een care sunt prezentate crea\u021bii artistice dintr-o colec\u021bie valoroas\u0103 de vitralii din patrimoniul Palatului Administrativ din Arad. Edificiul impozant reprezent\u00e2nd Palatul Administrativ din Arad, a fost construit \u00eentre anii 1872-1875,&hellip;&nbsp;<a href=\"https:\/\/romfilatelia.ro\/magazin\/produs\/colectii-anuale\/2026\/anotimpurile-in-lumina-vitraliilor-sever-frentiu\/\" class=\"\" rel=\"bookmark\">Cite\u0219te mai mult &raquo;<span class=\"screen-reader-text\">Anotimpurile \u00een lumina vitraliilor. Sever Fren\u021biu<\/span><\/a><\/p>\n","protected":false},"featured_media":2037213,"template":"","meta":{"neve_meta_sidebar":"","neve_meta_container":"","neve_meta_enable_content_width":"off","neve_meta_content_width":100,"neve_meta_title_alignment":"","neve_meta_author_avatar":"","neve_post_elements_order":"","neve_meta_disable_header":"","neve_meta_disable_footer":"","neve_meta_disable_title":""},"product_cat":[343,6],"product_tag":[],"_links":{"self":[{"href":"https:\/\/romfilatelia.ro\/magazin\/wp-json\/wp\/v2\/product\/2037211"}],"collection":[{"href":"https:\/\/romfilatelia.ro\/magazin\/wp-json\/wp\/v2\/product"}],"about":[{"href":"https:\/\/romfilatelia.ro\/magazin\/wp-json\/wp\/v2\/types\/product"}],"wp:featuredmedia":[{"embeddable":true,"href":"https:\/\/romfilatelia.ro\/magazin\/wp-json\/wp\/v2\/media\/2037213"}],"wp:attachment":[{"href":"https:\/\/romfilatelia.ro\/magazin\/wp-json\/wp\/v2\/media?parent=2037211"}],"wp:term":[{"taxonomy":"product_cat","embeddable":true,"href":"https:\/\/romfilatelia.ro\/magazin\/wp-json\/wp\/v2\/product_cat?post=2037211"},{"taxonomy":"product_tag","embeddable":true,"href":"https:\/\/romfilatelia.ro\/magazin\/wp-json\/wp\/v2\/product_tag?post=2037211"}],"curies":[{"name":"wp","href":"https:\/\/api.w.org\/{rel}","templated":true}]}}