{"id":2037003,"date":"2025-11-27T16:34:12","date_gmt":"2025-11-27T14:34:12","guid":{"rendered":"https:\/\/romfilatelia.ro\/magazin\/?post_type=product&#038;p=2037003"},"modified":"2025-11-27T17:04:06","modified_gmt":"2025-11-27T15:04:06","slug":"jockey-club-roman-150-de-ani","status":"publish","type":"product","link":"https:\/\/romfilatelia.ro\/magazin\/produs\/colectii-anuale\/2025\/jockey-club-roman-150-de-ani\/","title":{"rendered":"JOCKEY CLUB ROM\u00c2N, 150 DE ANI"},"content":{"rendered":"<p><a href=\"https:\/\/romfilatelia.ro\/magazin\/wp-content\/uploads\/2025\/11\/SITE_MC_Jockey-Club-Roman.jpg\"><img decoding=\"async\" loading=\"lazy\" class=\"alignleft wp-image-2037005 size-medium\" src=\"https:\/\/romfilatelia.ro\/magazin\/wp-content\/uploads\/2025\/11\/SITE_MC_Jockey-Club-Roman-300x293.jpg\" alt=\"\" width=\"300\" height=\"293\" srcset=\"https:\/\/romfilatelia.ro\/magazin\/wp-content\/uploads\/2025\/11\/SITE_MC_Jockey-Club-Roman-300x293.jpg 300w, https:\/\/romfilatelia.ro\/magazin\/wp-content\/uploads\/2025\/11\/SITE_MC_Jockey-Club-Roman-768x750.jpg 768w, https:\/\/romfilatelia.ro\/magazin\/wp-content\/uploads\/2025\/11\/SITE_MC_Jockey-Club-Roman-1536x1501.jpg 1536w, https:\/\/romfilatelia.ro\/magazin\/wp-content\/uploads\/2025\/11\/SITE_MC_Jockey-Club-Roman-500x489.jpg 500w, https:\/\/romfilatelia.ro\/magazin\/wp-content\/uploads\/2025\/11\/SITE_MC_Jockey-Club-Roman-64x63.jpg 64w, https:\/\/romfilatelia.ro\/magazin\/wp-content\/uploads\/2025\/11\/SITE_MC_Jockey-Club-Roman.jpg 1969w\" sizes=\"(max-width: 300px) 100vw, 300px\" \/><\/a><strong>Romfilatelia<\/strong> \u0219i <strong>Po\u0219ta Rom\u00e2n\u0103<\/strong> introduc \u00een circula\u021bie <em>vineri, 28 noiembrie a.c<\/em>. o emisiune filatelic\u0103 aniversar\u0103 sub denumirea <strong><em>Jockey Club Rom\u00e2n, 150 de ani<\/em><\/strong>, dedicat\u0103 unui Club de elit\u0103, cu tradi\u021bie \u00een domeniul hipismului.<\/p>\n<p>Emisiunea are \u00een componen\u021ba sa dou\u0103 m\u0103rci po\u0219tale, o coli\u021b\u0103 dantelat\u0103, un plic \u201eprima zi\u201d, dou\u0103 c\u0103r\u021bi maxime pentru pasiona\u021bii de maximafilie \u0219i o map\u0103 filatelic\u0103 av\u00e2nd un produs special de colec\u021bie,\u00a0 \u00een tiraj limitat.<\/p>\n<p>\u00cenfiin\u021bat la Bucure\u0219ti, la 8 ianuarie 1875, sub titulatura \u201eSocietatea de \u00cencurajare pentru \u00cembun\u0103t\u0103\u021birea Raselor Cailor \u00een Rom\u00e2nia \u2013 Jockey Club\u201d, se \u00eenscria ca al treilea Jockey Club din lume, dup\u0103 data \u00eenfiin\u021b\u0103rii, urm\u00e2nd dup\u0103 Jockey Cluburile ap\u0103rute \u00een Anglia \u0219i Fran\u021ba.<\/p>\n<p>\u00cen documentele vremii, primele curse de cai sunt eviden\u021biate \u00een anii 1851 (la Ia\u0219i) \u0219i \u00een 1870 (la Bucure\u0219ti, \u00een zona actualului Cerc Militar).<\/p>\n<p>Sunt evenimente care au avut o contribu\u021bie evident\u0103 \u00een g\u00e2ndirea fondatorilor unei forme organizate, institu\u021bionale, care s\u0103 promoveze oficial hipismul.<\/p>\n<p>Peste tot, \u00een lume, Jockey Cluburile au avut ca program principal, \u00eencurajarea \u0219i sus\u021binerea curselor de galop, la care participau cei mai rapizi cai pur s\u00e2nge englez. Regula a fost \u00eensu\u0219it\u0103 \u0219i respectat\u0103 \u00eentocmai \u0219i \u00een Rom\u00e2nia.<\/p>\n<p>Cea mai prestigioas\u0103 competi\u021bie a anului pentru Caii Pur S\u00e2nge Englez, DERBY-ul de galop, s-a desf\u0103\u0219urat anual pe hipodromul de la B\u0103neasa, p\u00e2n\u0103 la na\u021bionalizarea bazei de hipism din anul 1948.<\/p>\n<p>Aceast\u0103 important\u0103 curs\u0103, a fost reluat\u0103 \u0219i disputat\u0103 \u00eentr-o prim\u0103 organizare, pe Hipodromul din Ploie\u0219ti, \u00een anul 2004.<\/p>\n<p>P\u0103str\u00e2nd tradi\u021bia, \u00een armonie cu modernitatea, Jockey Club Rom\u00e2n reune\u0219te genera\u021bii \u00een r\u00e2ndul c\u0103rora sunt prezente valorile autentice ale rom\u00e2nismului \u0219i europenismului de \u00eenalt\u0103 \u021binut\u0103.<\/p>\n<p>Conserv\u00e2nd concep\u021biile promovate de fondatori, cuprinse \u00een trioul civiliza\u021bie, polite\u021be, demnitate \u0219i beneficiind de continuitatea asigurat\u0103 de descenden\u021bii lor, prezen\u021bi ast\u0103zi la Club, spiritul anului \u00eenfiin\u021b\u0103rii, 1875, se reg\u0103se\u0219te \u00een existen\u021ba uneia dintre cele mai longevive institu\u021bii europene, reprezentant\u0103 a Rom\u00e2niei \u00een cadrul federa\u021biilor interna\u021bionale ale domeniului, etal\u00e2nd identitatea \u0219i apartenen\u021ba la marea familie european\u0103.<\/p>\n<p>M\u0103rcile po\u0219tale cu valorile nominale de <strong>5,50 lei<\/strong> \u0219i <strong>25 lei<\/strong> ale emisiunii reproduc dou\u0103 ipostaze ale prezen\u021bei competitorilor \u00eentrecerilor sportive hipice, relev\u00e2nd elegan\u021ba \u0219i dinamica \u00eentrecerii, al\u0103turi de frumuse\u021bea cailor.<\/p>\n<p>Coli\u021ba filatelic\u0103, av\u00e2nd timbrul cu valoarea nominal\u0103 de <strong>30 lei<\/strong>, red\u0103 o reproducere a unei picturi ce prezint\u0103 o \u021binut\u0103 ecvestr\u0103 a Domnitorului Carol I, pasionat al echita\u021biei, \u00een fruntea unui regiment de c\u0103l\u0103ra\u0219i, aflat \u00een drum c\u0103tre teatrele de lupt\u0103 ale R\u0103zboiului de Independen\u021b\u0103 din 1877.<\/p>\n<p>Plicul \u201eprima zi\u201d reproduce fotografia unui eveniment de premiere \u00een care a fost prezent c\u00e2\u0219tig\u0103torul Premiului Jockey Club, Aristide Cucu, \u00een anul 1944. Grafica este \u00eentregit\u0103 de o panoram\u0103 a startului unei curse hipice.<\/p>\n<p><em>Romfilatelia mul\u021bume\u0219te speciali\u0219tilor \u201eJockey Club Rom\u00e2n\u201d \u0219i ai Bibliotecii Academiei Rom\u00e2ne pentru sprijinul documentar acordat la realizarea acestei emisiuni de m\u0103rci po\u0219tale. <\/em><\/p>\n<p>&nbsp;<\/p>\n<p><a href=\"https:\/\/romfilatelia.ro\/magazin\/wp-content\/uploads\/2025\/11\/caract_Jockey-Club-Roman.jpg\"><img decoding=\"async\" loading=\"lazy\" class=\"aligncenter wp-image-2037006 size-full\" src=\"https:\/\/romfilatelia.ro\/magazin\/wp-content\/uploads\/2025\/11\/caract_Jockey-Club-Roman.jpg\" alt=\"\" width=\"1671\" height=\"1736\" srcset=\"https:\/\/romfilatelia.ro\/magazin\/wp-content\/uploads\/2025\/11\/caract_Jockey-Club-Roman.jpg 1671w, https:\/\/romfilatelia.ro\/magazin\/wp-content\/uploads\/2025\/11\/caract_Jockey-Club-Roman-289x300.jpg 289w, https:\/\/romfilatelia.ro\/magazin\/wp-content\/uploads\/2025\/11\/caract_Jockey-Club-Roman-768x798.jpg 768w, https:\/\/romfilatelia.ro\/magazin\/wp-content\/uploads\/2025\/11\/caract_Jockey-Club-Roman-1478x1536.jpg 1478w, https:\/\/romfilatelia.ro\/magazin\/wp-content\/uploads\/2025\/11\/caract_Jockey-Club-Roman-500x519.jpg 500w, https:\/\/romfilatelia.ro\/magazin\/wp-content\/uploads\/2025\/11\/caract_Jockey-Club-Roman-64x66.jpg 64w\" sizes=\"(max-width: 1671px) 100vw, 1671px\" \/><\/a><\/p>\n","protected":false},"excerpt":{"rendered":"<p>Romfilatelia \u0219i Po\u0219ta Rom\u00e2n\u0103 introduc \u00een circula\u021bie vineri, 28 noiembrie a.c. o emisiune filatelic\u0103 aniversar\u0103 sub denumirea Jockey Club Rom\u00e2n, 150 de ani, dedicat\u0103 unui Club de elit\u0103, cu tradi\u021bie \u00een domeniul hipismului. Emisiunea are \u00een componen\u021ba sa dou\u0103 m\u0103rci po\u0219tale, o coli\u021b\u0103 dantelat\u0103, un plic \u201eprima zi\u201d, dou\u0103 c\u0103r\u021bi maxime pentru pasiona\u021bii de maximafilie&hellip;&nbsp;<a href=\"https:\/\/romfilatelia.ro\/magazin\/produs\/colectii-anuale\/2025\/jockey-club-roman-150-de-ani\/\" class=\"\" rel=\"bookmark\">Cite\u0219te mai mult &raquo;<span class=\"screen-reader-text\">JOCKEY CLUB ROM\u00c2N, 150 DE ANI<\/span><\/a><\/p>\n","protected":false},"featured_media":2037009,"template":"","meta":{"neve_meta_sidebar":"","neve_meta_container":"","neve_meta_enable_content_width":"off","neve_meta_content_width":100,"neve_meta_title_alignment":"","neve_meta_author_avatar":"","neve_post_elements_order":"","neve_meta_disable_header":"","neve_meta_disable_footer":"","neve_meta_disable_title":""},"product_cat":[340,6],"product_tag":[],"_links":{"self":[{"href":"https:\/\/romfilatelia.ro\/magazin\/wp-json\/wp\/v2\/product\/2037003"}],"collection":[{"href":"https:\/\/romfilatelia.ro\/magazin\/wp-json\/wp\/v2\/product"}],"about":[{"href":"https:\/\/romfilatelia.ro\/magazin\/wp-json\/wp\/v2\/types\/product"}],"wp:featuredmedia":[{"embeddable":true,"href":"https:\/\/romfilatelia.ro\/magazin\/wp-json\/wp\/v2\/media\/2037009"}],"wp:attachment":[{"href":"https:\/\/romfilatelia.ro\/magazin\/wp-json\/wp\/v2\/media?parent=2037003"}],"wp:term":[{"taxonomy":"product_cat","embeddable":true,"href":"https:\/\/romfilatelia.ro\/magazin\/wp-json\/wp\/v2\/product_cat?post=2037003"},{"taxonomy":"product_tag","embeddable":true,"href":"https:\/\/romfilatelia.ro\/magazin\/wp-json\/wp\/v2\/product_tag?post=2037003"}],"curies":[{"name":"wp","href":"https:\/\/api.w.org\/{rel}","templated":true}]}}