{"id":2036677,"date":"2025-10-09T11:32:00","date_gmt":"2025-10-09T09:32:00","guid":{"rendered":"https:\/\/romfilatelia.ro\/magazin\/?post_type=product&#038;p=2036677"},"modified":"2025-10-09T11:32:00","modified_gmt":"2025-10-09T09:32:00","slug":"centenarul-palatului-culturii-din-iasi","status":"publish","type":"product","link":"https:\/\/romfilatelia.ro\/magazin\/produs\/colectii-anuale\/2025\/centenarul-palatului-culturii-din-iasi\/","title":{"rendered":"Centenarul Palatului Culturii din Ia\u0219i"},"content":{"rendered":"<p><strong><a href=\"https:\/\/www.romfilatelia.ro\/wp-content\/uploads\/2025\/10\/SITE_mc_Centenarul-Palat-Culturii-Iasi-e1760000761443.jpg\"><img decoding=\"async\" loading=\"lazy\" class=\"alignleft wp-image-2049351\" src=\"https:\/\/www.romfilatelia.ro\/wp-content\/uploads\/2025\/10\/SITE_mc_Centenarul-Palat-Culturii-Iasi-e1760000761443.jpg\" alt=\"\" width=\"600\" height=\"421\" \/><\/a>Romfilatelia<\/strong> \u0219i <strong>Po\u0219ta Rom\u00e2n\u0103<\/strong> introduc \u00een circula\u021bie <em>vineri, 10 octombrie a.c.<\/em>, emisiunea filatelic\u0103 aniversar\u0103 <strong><em>Centenarul Palatului Culturii din Ia\u0219i<\/em><\/strong>. Emisiunea, dedicat\u0103 unui monument arhitectural definitoriu, efigie a ora\u0219ului Ia\u0219i, are \u00een componen\u021b\u0103 patru m\u0103rci po\u0219tale \u0219i un plic \u201eprima zi\u201d.<\/p>\n<p>Palatul este amplasat par\u021bial peste ruinele cur\u021bilor domne\u0219ti medievale consemnate de documente istorice din 1434, fiind utilizate \u00eens\u0103, par\u021bial, \u0219i funda\u021biile vechiului palat neoclasic din perioada domniei lui Alexandru Moruzi (1806-1812).<\/p>\n<p>Dup\u0103 proclamarea Regatului Rom\u00e2niei, cu ocazia unei vizite la Ia\u0219i, Regele Carol I a promis locuitorilor urbei un sprijin nemijlocit pentru ridicarea unui nou Palat Administrativ \u0219i de Justi\u021bie. Drept urmare, \u00een anul 1904, au debutat discu\u021biile cu privire la \u00eenceperea unei noi construc\u021bii. Proiectul ini\u021bial, care nu a fost pus \u00een practic\u0103, a fost conceput de arhitectul C. Cerchez. Demolarea vechiului palat a \u00eenceput f\u0103r\u0103 un plan definitiv \u0219i f\u0103r\u0103 un deviz complet al lucr\u0103rilor, \u00een anul 1906. Un nou proiect \u2013 realizat de arhitectul Ion D. Berindei \u2013 a fost aprobat \u00een octombrie 1907.<\/p>\n<p>\u00cen 1914, noua construc\u021bie era deja ridicat\u0103 \u0219i integrat\u0103 \u00een peisajul ora\u0219ului. \u00cen perioada Primului R\u0103zboi Mondial, lucr\u0103rile au fost sistate \u0219i au fost reluate dup\u0103 ce toate problemele de constituire \u0219i organizare a Regatului Rom\u00e2niei Mari au fost finalizate.<\/p>\n<p>\u00cen ziua de 11 octombrie a anului 1925, Palatul Justi\u021biei \u0219i Administrativ din Ia\u0219i a fost inaugurat \u00een prezen\u021ba Regelui Ferdinand I \u0219i a Reginei Maria.<\/p>\n<p>Cl\u0103direa, monument istoric \u0219i de arhitectur\u0103, a fost folosit\u0103 cu func\u021biuni administrative p\u00e2n\u0103 \u00een anul 1955, c\u00e2nd s-a decis ca Palatul s\u0103 g\u0103zduiasc\u0103 diferite institu\u021bii de cultur\u0103.<\/p>\n<p>\u00cen prezent, asigur\u0103 spa\u021biul expozi\u021bional pentru patru muzee: Muzeul de Art\u0103, Muzeul Etnografic al Moldovei, Muzeul de Istorie a Moldovei, Muzeul \u0218tiin\u021bei \u0219i Tehnicii \u201e\u0218tefan Procopiu\u201d, reunite, al\u0103turi de Centrul de Cercetare \u0219i Conservare-Restaurare a Patrimoniului Cultural, sub titulatura de Complexul Muzeal Na\u021bional \u201eMoldova\u201d Ia\u0219i.<\/p>\n<p>Cele patru m\u0103rci po\u0219tale prezint\u0103 \u00een grafica lor urm\u0103toarele imagini:<\/p>\n<p>&nbsp;<\/p>\n<ul>\n<li>acuarela, ce red\u0103 fa\u021bada Palatului Culturii, a fost realizat\u0103 \u00een anul 1924 de arhitectul I. D. Berindei. Asociat desenului este reprodus portretul marelui arhitect (marca po\u0219tal\u0103 cu valoarea nominal\u0103 de <strong>3 Lei<\/strong>);<\/li>\n<\/ul>\n<p>&nbsp;<\/p>\n<ul>\n<li>o perspectiv\u0103 a edificiului Palatului Culturii \u00een asociere cu statuia ecvestr\u0103 a domnitorului \u0218tefan cel Mare, oper\u0103 a sculptorului francez Emmanuel Fr\u00e9miet, realizat\u0103 \u00een anii 1882-1883 (marca po\u0219tal\u0103 cu valoarea nominal\u0103 de <strong>4 Lei<\/strong>);<\/li>\n<\/ul>\n<p>&nbsp;<\/p>\n<ul>\n<li>un interior reprezentativ al Palatului Culturii (Holul de Onoare), asociat cu relieful unei steme simbolice amplasate \u00een spa\u021biul Holului de Onoare (marca po\u0219tal\u0103 cu valoarea nominal\u0103 de <strong>5,50 Lei<\/strong>);<\/li>\n<\/ul>\n<p>&nbsp;<\/p>\n<ul>\n<li>o vedere nocturn\u0103 a fa\u021badei Palatului Culturii \u00een asociere cu un detaliu al Turnului Central: ceasul cu un diametru de 3,25 m, care anun\u021b\u0103 ora exact\u0103 \u00een acordurile melodice ale <em>Horei Unirii<\/em> (marca po\u0219tal\u0103 cu valoarea nominal\u0103 de <strong>25 Lei<\/strong>).<\/li>\n<\/ul>\n<p>&nbsp;<\/p>\n<p>Plicul \u201eprima zi\u201d asociaz\u0103 \u00een grafica sa un fragment al Turnului Central (55 m \u00een\u0103l\u021bime), statuia ecvestr\u0103 a domnitorului \u0218tefan cel Mare \u0219i emblema Complexului Muzeal Na\u021bional \u201eMoldova\u201d Ia\u0219i.<\/p>\n<p><a href=\"https:\/\/www.romfilatelia.ro\/wp-content\/uploads\/2025\/10\/caract_Centenarul-Palatului-Culturii-din-Iasi.jpg\"><img decoding=\"async\" loading=\"lazy\" class=\"size-full wp-image-2049352 aligncenter\" src=\"https:\/\/www.romfilatelia.ro\/wp-content\/uploads\/2025\/10\/caract_Centenarul-Palatului-Culturii-din-Iasi.jpg\" alt=\"\" width=\"1671\" height=\"981\" \/><\/a><\/p>\n","protected":false},"excerpt":{"rendered":"<p>Romfilatelia \u0219i Po\u0219ta Rom\u00e2n\u0103 introduc \u00een circula\u021bie vineri, 10 octombrie a.c., emisiunea filatelic\u0103 aniversar\u0103 Centenarul Palatului Culturii din Ia\u0219i. Emisiunea, dedicat\u0103 unui monument arhitectural definitoriu, efigie a ora\u0219ului Ia\u0219i, are \u00een componen\u021b\u0103 patru m\u0103rci po\u0219tale \u0219i un plic \u201eprima zi\u201d. Palatul este amplasat par\u021bial peste ruinele cur\u021bilor domne\u0219ti medievale consemnate de documente istorice din 1434,&hellip;&nbsp;<a href=\"https:\/\/romfilatelia.ro\/magazin\/produs\/colectii-anuale\/2025\/centenarul-palatului-culturii-din-iasi\/\" class=\"\" rel=\"bookmark\">Cite\u0219te mai mult &raquo;<span class=\"screen-reader-text\">Centenarul Palatului Culturii din Ia\u0219i<\/span><\/a><\/p>\n","protected":false},"featured_media":2036678,"template":"","meta":{"neve_meta_sidebar":"","neve_meta_container":"","neve_meta_enable_content_width":"off","neve_meta_content_width":100,"neve_meta_title_alignment":"","neve_meta_author_avatar":"","neve_post_elements_order":"","neve_meta_disable_header":"","neve_meta_disable_footer":"","neve_meta_disable_title":""},"product_cat":[340,6],"product_tag":[],"_links":{"self":[{"href":"https:\/\/romfilatelia.ro\/magazin\/wp-json\/wp\/v2\/product\/2036677"}],"collection":[{"href":"https:\/\/romfilatelia.ro\/magazin\/wp-json\/wp\/v2\/product"}],"about":[{"href":"https:\/\/romfilatelia.ro\/magazin\/wp-json\/wp\/v2\/types\/product"}],"wp:featuredmedia":[{"embeddable":true,"href":"https:\/\/romfilatelia.ro\/magazin\/wp-json\/wp\/v2\/media\/2036678"}],"wp:attachment":[{"href":"https:\/\/romfilatelia.ro\/magazin\/wp-json\/wp\/v2\/media?parent=2036677"}],"wp:term":[{"taxonomy":"product_cat","embeddable":true,"href":"https:\/\/romfilatelia.ro\/magazin\/wp-json\/wp\/v2\/product_cat?post=2036677"},{"taxonomy":"product_tag","embeddable":true,"href":"https:\/\/romfilatelia.ro\/magazin\/wp-json\/wp\/v2\/product_tag?post=2036677"}],"curies":[{"name":"wp","href":"https:\/\/api.w.org\/{rel}","templated":true}]}}