{"id":2036166,"date":"2025-06-10T12:04:32","date_gmt":"2025-06-10T10:04:32","guid":{"rendered":"https:\/\/romfilatelia.ro\/magazin\/?post_type=product&#038;p=2036166"},"modified":"2025-06-10T12:04:32","modified_gmt":"2025-06-10T10:04:32","slug":"aniversari-banca-nationala-a-romaniei","status":"publish","type":"product","link":"https:\/\/romfilatelia.ro\/magazin\/produs\/colectii-anuale\/2025\/aniversari-banca-nationala-a-romaniei\/","title":{"rendered":"ANIVERS\u0102RI. BANCA NA\u021aIONAL\u0102 A ROM\u00c2NIEI"},"content":{"rendered":"<p><a href=\"https:\/\/www.romfilatelia.ro\/wp-content\/uploads\/2025\/06\/SITE_mc_Aniversari.jpg\"><img decoding=\"async\" loading=\"lazy\" class=\"alignleft wp-image-2048555 size-full\" src=\"https:\/\/www.romfilatelia.ro\/wp-content\/uploads\/2025\/06\/SITE_mc_Aniversari.jpg\" alt=\"\" width=\"642\" height=\"1096\" \/><\/a>Institu\u021bia emblematic\u0103 a \u021b\u0103rii, Banca Na\u021bional\u0103 a Rom\u00e2niei aniverseaz\u0103 145 de ani de la \u00eenfiin\u021bare, ad\u0103ug\u00e2nd acestui eveniment \u0219i aniversarea a 150 de ani de la na\u0219terea lui Mihail Oromolu, unul dintre guvernatorii de seam\u0103 ai institu\u021biei (1922-1926). Emisiunea filatelic\u0103 <strong><em>Anivers\u0103ri. Banca Na\u021bional\u0103 a Rom\u00e2niei<\/em><\/strong><em>, <\/em>compus\u0103 din dou\u0103 m\u0103rci po\u0219tale, o coli\u021b\u0103 filatelic\u0103 nedantelat\u0103 \u0219i un plic \u201eprima zi\u201d, va fi introdus\u0103 \u00een circula\u021bie de <strong>Romfilatelia<\/strong> <em>mar\u021bi, 10 iunie a.c.<\/em><\/p>\n<p>Toate elementele emisiunii ilustreaz\u0103 \u00eentr-un concept unitar evenimentele aniversare. Cele dou\u0103 m\u0103rci po\u0219tale reproduc dou\u0103 fotografii portret ale lui Mihail Oromolu asociate cu arhitectura conacului re\u0219edin\u021b\u0103 Oromolu de la P\u0103u\u0219e\u0219ti \u2013 V\u00e2lcea, (timbrul cu valoarea nominal\u0103 de <strong>6,50 Lei<\/strong>), respectiv cu arhitectura Palatului B\u0103ncii Na\u021bionale din Bucure\u0219ti (timbrul cu valoarea nominal\u0103 de <strong>14 Lei<\/strong>). Coli\u021ba filatelic\u0103 nedantelat\u0103, a c\u0103rei marc\u0103 po\u0219tal\u0103 are valoarea nominal\u0103 de <strong>30 Lei,<\/strong> prezint\u0103 portretul lui Mihail Oromolu aflat \u00een patrimoniul Muzeului Na\u021bional de Art\u0103 al Rom\u00e2niei, realizat de pictorul Eusta\u021biu Stoenescu. Elementele de arhitectur\u0103 interioar\u0103<br \/>\nale Palatului BNR \u0219i emblema BNR cu anii 1880-2025 ilustreaz\u0103 aniversarea a 145 de ani de la \u00eenfiin\u021barea institu\u021biei. De asemenea, grafica plicului \u201eprima zi\u201d reproduce portretul pictural al lui Mihail Oromolu, cel de-al \u0219aptelea guvernator al BNR, asociind \u0219tampila \u201eprima zi\u201d care \u00eenscrie, de asemenea, anii 1880-2025 pentru a marca 145 de ani de la \u00eenfiin\u021barea BNR.<\/p>\n<p>Mihail Oromolu s-a n\u0103scut pe 16 februarie 1875 la R\u00e2mnicu V\u00e2lcea, reg\u0103sindu-se \u00een arborele genealogic al boierilor v\u00e2lceni Sl\u0103vite\u0219ti, ca \u0219i fondatorul B\u0103ncii Na\u021bionale a Rom\u00e2niei, Eugeniu Carada. \u00cen cea mai simpl\u0103 prezentare, Mihail Oromolu a fost nepot de var\u0103 primar\u0103 cu Eugeniu Carada.<\/p>\n<p>Dup\u0103 cursurile absolvite la Colegiul Na\u021bional \u201eSf\u00e2ntul Sava\u201d din Bucure\u0219ti, Mihail Oromolu \u0219i-a continuat studiile la Paris (ob\u021bin\u00e2nd o licen\u021b\u0103 \u00een Drept) \u0219i, mai apoi, la M\u00fcnchen, unde a urmat cursuri de literatur\u0103 \u0219i filozofie. \u00centors \u00een \u021bar\u0103, se implic\u0103 \u00een politic\u0103, mai \u00eent\u00e2i ca membru al Partidului Conservator, devenind deputat \u0219i senator (din 1914), iar, ulterior, membru al Partidului Conservator-Democrat, condus de Take Ionescu (1918), de\u021bin\u00e2nd demnit\u0103\u021bile de Ministru al Industriei \u0219i Comer\u021bului \u0219i Guvernator al B\u0103ncii Na\u021bionale a Rom\u00e2niei (1 ianuarie 1922 \u2013 31 decembrie 1926).<\/p>\n<p>\u00cen calitate de Guvernator, Mihail Oromolu a ac\u021bionat pentru consolidarea \u0219i modernizarea B\u0103ncii Na\u021bionale a Rom\u00e2niei, reu\u0219ind, printre alte m\u0103suri relevante, s\u0103 finalizeze mai multe proiecte de importan\u021b\u0103 major\u0103 printre care amintim: recuperarea depozitului de aur de\u021binut de Banca Na\u021bional\u0103 a Rom\u00e2niei la Reichsbank (1922), \u00eencheierea opera\u021biunilor de lichidare a B\u0103ncii Austro-Ungare, \u00eencheierea Conven\u021biei pentru lichidarea datoriilor statului la Banca Central\u0103 (1925) \u0219i \u00eenscrierea statului \u00een ac\u021bionariatul B\u0103ncii Na\u021bionale a Rom\u00e2niei cu o treime de capital (iunie 1925).<\/p>\n<p>Al\u0103turi de Nicolae Titulescu, Take Ionescu \u0219i Octavian Goga, s-a afirmat ca sus\u021bin\u0103tor activ al s\u0103v\u00e2r\u0219irii unit\u0103\u021bii na\u021bionale, iar \u00eempreun\u0103 cu Nicolae Iorga, este semnatarul memoriului prin care se solicit\u0103 sprijinul Guvernului \u0219i Parlamentului Rom\u00e2niei pentru ap\u0103rarea Basarabiei \u0219i Bucovinei de Nord \u00een fa\u021ba agresiunii sovietice (iunie 1940).<\/p>\n<p>Retras din activitatea politic\u0103, Mihail Oromolu a ocupat mai multe func\u021bii: membru al Creditului Industrial, membru al Consiliului de Administra\u021bie al B\u0103ncii Italo-Rom\u00e2ne, membru al Consilului Superor al Agriculturii, vicepre\u0219edinte al Aeroclubului Regal Rom\u00e2n.<\/p>\n<p>Protector al culturii, a sponsorizat construirea Academiei Rom\u00e2ne, a contribuit la \u00eenfiin\u021barea editurii <em>Scrisul Rom\u00e2nesc<\/em> din Craiova (1922), finan\u021b\u00e2nd publicarea mai multor romane.<\/p>\n<p>Printre operele elaborate de Mihail Oromolu se reg\u0103sesc <em>\u201eFundamentul moral al propriet\u0103\u021bii\u201d<\/em> (1899) \u0219i <em>\u201eProblema monetar\u0103 \u0219i stabilizarea\u201d<\/em> (1928).<\/p>\n<p>Ca semn de pre\u021buire, a fost decorat cu <em>Legiunea de Onoare \u00een grad de comandor<\/em> \u0219i cu <em>Marea Cruce a Ordinului Coroana Rom\u00e2niei<\/em>.<\/p>\n<p>Mihail Oromolu \u0219i-a legat numele de realizarea a dou\u0103 edificii emblematice ale patrimoniului na\u021bional din domeniul monumentelor de arhitectur\u0103: Palatul Func\u021bionarilor BNR (ast\u0103zi, Hotelul Triumf) din Bucure\u0219ti \u0219i Accademia di Romania, amplasat\u0103 \u00eentr-una din cele mai selecte zone ale Romei. Edificiile au avut la baz\u0103 o rela\u021bie deosebit\u0103 de colaborare cu arhitectul Petre Antonescu, ambele imobile fiind cedate de Banca Na\u021bional\u0103 a Rom\u00e2niei statului rom\u00e2n.<\/p>\n<p>Arhitectul Petre Antonescu, membru al Academiei Rom\u00e2ne, a proiectat cl\u0103diri care au conferit identitate ora\u0219elor Rom\u00e2niei: Arcul de Triumf, Prim\u0103ria ora\u0219ului Bucure\u0219ti, Cazinoul din Sinaia, Banca Marmorosch din Bucure\u0219ti (\u00een prezent, Hotelul Marmorosch), Palatul Naviga\u021biei din Gala\u021bi, Palatul Administrativ din Craiova.<\/p>\n<p>\u00cen afara arhitecturii publice, Petre Antonescu se remarc\u0103 \u0219i \u00een arhitectura privat\u0103 reg\u0103sit\u0103 \u0219i \u00een ridicarea a dou\u0103 construc\u021bii: Re\u0219edin\u021ba Guvernatorului Mihail Oromolu din P\u0103u\u0219e\u0219ti (jude\u021bul V\u00e2lcea) \u0219i vila acestuia din Bucure\u0219ti, aflat\u0103 \u00een apropierea sediului Guvernului din Bucure\u0219ti.<\/p>\n<p><em>La mul\u021bi ani, Banca Na\u021bional\u0103 a Rom\u00e2niei! <\/em><\/p>\n<p>Prin accesarea <strong>codului QR<\/strong> de pe minicolile de timbre, ve\u021bi descoperi povestea emisiunii <strong><em>Anivers\u0103ri. Banca Na\u021bional\u0103 a Rom\u00e2niei<\/em><\/strong><em>. <\/em><\/p>\n<p><em>Romfilatelia mul\u021bume\u0219te reprezentan\u021bilor B\u0103ncii Na\u021bionale a Rom\u00e2niei \u0219i ai Muzeului Na\u021bional de Art\u0103 al Rom\u00e2niei pentru colaborarea la realizarea acestei emisiuni de m\u0103rci po\u0219tale.<\/em><\/p>\n<p><a href=\"https:\/\/www.romfilatelia.ro\/wp-content\/uploads\/2025\/06\/caract_Aniversari.jpg\"><img decoding=\"async\" loading=\"lazy\" class=\"aligncenter wp-image-2048556 size-full\" src=\"https:\/\/www.romfilatelia.ro\/wp-content\/uploads\/2025\/06\/caract_Aniversari.jpg\" alt=\"\" width=\"1668\" height=\"1700\" \/><\/a><\/p>\n","protected":false},"excerpt":{"rendered":"<p>Institu\u021bia emblematic\u0103 a \u021b\u0103rii, Banca Na\u021bional\u0103 a Rom\u00e2niei aniverseaz\u0103 145 de ani de la \u00eenfiin\u021bare, ad\u0103ug\u00e2nd acestui eveniment \u0219i aniversarea a 150 de ani de la na\u0219terea lui Mihail Oromolu, unul dintre guvernatorii de seam\u0103 ai institu\u021biei (1922-1926). Emisiunea filatelic\u0103 Anivers\u0103ri. Banca Na\u021bional\u0103 a Rom\u00e2niei, compus\u0103 din dou\u0103 m\u0103rci po\u0219tale, o coli\u021b\u0103 filatelic\u0103 nedantelat\u0103 \u0219i&hellip;&nbsp;<a href=\"https:\/\/romfilatelia.ro\/magazin\/produs\/colectii-anuale\/2025\/aniversari-banca-nationala-a-romaniei\/\" class=\"\" rel=\"bookmark\">Cite\u0219te mai mult &raquo;<span class=\"screen-reader-text\">ANIVERS\u0102RI. BANCA NA\u021aIONAL\u0102 A ROM\u00c2NIEI<\/span><\/a><\/p>\n","protected":false},"featured_media":2036170,"template":"","meta":{"neve_meta_sidebar":"","neve_meta_container":"","neve_meta_enable_content_width":"off","neve_meta_content_width":100,"neve_meta_title_alignment":"","neve_meta_author_avatar":"","neve_post_elements_order":"","neve_meta_disable_header":"","neve_meta_disable_footer":"","neve_meta_disable_title":""},"product_cat":[340,6],"product_tag":[],"_links":{"self":[{"href":"https:\/\/romfilatelia.ro\/magazin\/wp-json\/wp\/v2\/product\/2036166"}],"collection":[{"href":"https:\/\/romfilatelia.ro\/magazin\/wp-json\/wp\/v2\/product"}],"about":[{"href":"https:\/\/romfilatelia.ro\/magazin\/wp-json\/wp\/v2\/types\/product"}],"wp:featuredmedia":[{"embeddable":true,"href":"https:\/\/romfilatelia.ro\/magazin\/wp-json\/wp\/v2\/media\/2036170"}],"wp:attachment":[{"href":"https:\/\/romfilatelia.ro\/magazin\/wp-json\/wp\/v2\/media?parent=2036166"}],"wp:term":[{"taxonomy":"product_cat","embeddable":true,"href":"https:\/\/romfilatelia.ro\/magazin\/wp-json\/wp\/v2\/product_cat?post=2036166"},{"taxonomy":"product_tag","embeddable":true,"href":"https:\/\/romfilatelia.ro\/magazin\/wp-json\/wp\/v2\/product_tag?post=2036166"}],"curies":[{"name":"wp","href":"https:\/\/api.w.org\/{rel}","templated":true}]}}