{"id":2035525,"date":"2025-01-28T11:40:55","date_gmt":"2025-01-28T09:40:55","guid":{"rendered":"https:\/\/romfilatelia.ro\/magazin\/?post_type=product&#038;p=2035525"},"modified":"2025-01-28T11:40:55","modified_gmt":"2025-01-28T09:40:55","slug":"anul-cardinal-iuliu-hossu","status":"publish","type":"product","link":"https:\/\/romfilatelia.ro\/magazin\/produs\/colectii-anuale\/2025\/anul-cardinal-iuliu-hossu\/","title":{"rendered":"Anul Cardinal Iuliu Hossu"},"content":{"rendered":"<p><strong><a href=\"https:\/\/www.romfilatelia.ro\/wp-content\/uploads\/2025\/01\/SITE_mc_Anul-Iuliu-Hossu.jpg\"><img decoding=\"async\" loading=\"lazy\" class=\"alignleft wp-image-2047588\" src=\"https:\/\/www.romfilatelia.ro\/wp-content\/uploads\/2025\/01\/SITE_mc_Anul-Iuliu-Hossu.jpg\" alt=\"\" width=\"600\" height=\"821\" \/><\/a>Romfilatelia<\/strong> introduce \u00een circula\u021bie <em>miercuri, 29 ianuarie a.c.<\/em>, emisiunea aniversar\u0103 <strong><em>Anul Cardinal Iuliu Hossu<\/em><\/strong><em>,<\/em> care marcheaz\u0103 \u0219i 140 de ani de la na\u0219terea celui care a citit \u00een fa\u021ba Marii Adun\u0103ri de la Alba Iulia, Declara\u021bia Unirii Ardealului cu Regatul Rom\u00e2niei, la 1 decembrie 1918. Emisiunea este compus\u0103 din o marc\u0103 po\u0219tal\u0103, o coli\u021b\u0103 filatelic\u0103 dantelat\u0103 \u0219i un plic \u201eprima zi\u201d.<\/p>\n<p>Marca po\u0219tal\u0103 (valoarea nominal\u0103 de <strong>8 Lei<\/strong>) reproduce un portret al episcopului Iuliu Hossu, iar coli\u021ba filatelic\u0103 are \u00een imaginea m\u0103rcii po\u0219tale (valoarea nominal\u0103 <strong>30 Lei<\/strong>), un portret \u00een \u021binut\u0103 episcopal\u0103, din anul 1921, al\u0103turi de o grafic\u0103 sugestiv\u0103 a turlei Bisericii Minori\u021bilor <strong>(Catedrala Schimbarea la Fa\u021b\u0103)<\/strong> din Cluj-Napoca.<\/p>\n<p>Plicul \u201eprima zi\u201d reproduce o fotografie-document cu membrii Delega\u021biei Unirii (1918) \u2013 Episcopii Miron Cristea \u0219i Iuliu Hossu al\u0103turi de Caius Brediceanu, Alexandru Vaida-Voievod \u0219i Vasile Goldi\u0219. O imagine a arhitecturii de ansamblu a <strong>Catedralei Schimbarea la Fa\u021b\u0103<\/strong> (Biserica Minori\u021bilor, Cluj-Napoca) \u00eentrege\u0219te grafica plicului.<\/p>\n<p>N\u0103scut la 30 ianuarie 1885 \u00een localitatea Mila\u0219, Comitatul Cluj, Iuliu Hossu frecventeaz\u0103 \u0219coala elementar\u0103 confesional\u0103 din satul s\u0103u natal \u0219i apoi Liceul Romano-Catolic din T\u00e2rgu Mure\u0219.<\/p>\n<p>Trimis la Roma, la Colegiul <em>Urban de Propaganda Fide<\/em>, ob\u021bine dou\u0103 titluri: doctor \u00een Filosofie (1906) \u0219i doctor \u00een Teologie (1910). Este mai apoi hirotonisit ca preot de episcopul Gherlei, Vasile Hossu.<\/p>\n<p>\u00cen anul 1917, \u00eemp\u0103ratul Carol I al Austriei l-a numit episcop \u00een scaunul devenit vacant al Episcopiei Greco-Catolice de Gherla. Numirea a fost confirmat\u0103 de Papa Benedict al XV-lea, la 17 aprilie 1917.<\/p>\n<p>Dup\u0103 \u00eencheierea Primului R\u0103zboi Mondial, Iuliu Hossu este prezent \u00een r\u00e2ndul f\u0103uritorilor Rom\u00e2niei Mari, fiind cel care, din \u00eens\u0103rcinarea Marelui Sfat Na\u021bional Rom\u00e2n, prezint\u0103 la 1 decembrie 1918, \u00een fa\u021ba Marii Adun\u0103ri de la Alba Iulia, Proclama\u021bia Unirii Transilvaniei cu Regatul Rom\u00e2niei. \u00cempreun\u0103 cu Episcopul Miron Cristea \u0219i doi frunta\u0219i ardeleni Alexandru Vaida-Voievod \u0219i Vasile Goldi\u0219, a \u00eenm\u00e2nat, la Bucure\u0219ti, regelui Ferdinand I, Declara\u021bia Unirii.<\/p>\n<p>Dup\u0103 instaurarea regimului comunist, ca Episcop al Episcopiei de Cluj-Gherla \u2013 Senator de drept al primului Parlament al Rom\u00e2niei Mari \u0219i membru de onoare al Academiei Rom\u00e2ne (1945) \u2013, Iuliu Hossu va intra \u00een vizorul dictaturii comunist-atee. Va respinge propunerea f\u0103cut\u0103 de premierul Petru Groza ca s\u0103 accepte scaunul de mitropolit ortodox al Moldovei \u0219i va fi pedepsit pentru atitudinea sa fa\u021b\u0103 de libertate \u0219i pentru drepturile Bisericii greco-catolice, odat\u0103 cu desfiin\u021barea ei (1948). Va fi \u00eenchis \u2013 \u00eentre 1950 \u0219i 1955 a fost \u00eentemni\u021bat \u00een penitenciarul de la Sighet \u2013 \u0219i ulterior se va afla \u00een domiciliu for\u021bat, \u00een condi\u021bii similare cu ale unei deten\u021bii, la m\u0103n\u0103stirile din Curtea de Arge\u0219 \u0219i C\u0103ld\u0103ru\u0219ani, unde r\u0103m\u00e2ne p\u00e2n\u0103 la sf\u00e2r\u0219itul vie\u021bii.<\/p>\n<p>Condi\u021biile inumane de la Sighet, foametea \u0219i frigul, au afectat grav s\u0103n\u0103tatea episcopului. Condi\u021biile drastice de izolare, impuse la m\u0103n\u0103stirea C\u0103ld\u0103ru\u0219ani \u0219i lipsa asisten\u021bei medicale au avut drept urmare decesul (28 mai 1970), dup\u0103 o scurt\u0103 spitalizare la Spitalul Colentina. A fost \u00eenmorm\u00e2ntat la Cimitirul Bellu catolic.<\/p>\n<p>Cu un an \u00eenainte de moartea sa, Papa Paul al VI-lea l-a numit cardinal <em>in pectore<\/em>, fiindc\u0103 Iuliu Hossu \u00eei ceruse Papei s\u0103 nu-\u0219i p\u0103r\u0103seasc\u0103 turma, ca s\u0103-\u0219i continue lucrarea pentru Biseric\u0103 \u00een Rom\u00e2nia, chiar dac\u0103 dictatura, pentru a sc\u0103pa de el, i-ar fi permis s\u0103 plece la Vatican.<\/p>\n<p>Iuliu Hossu r\u0103m\u00e2ne \u00een con\u0219tiin\u021ba rom\u00e2neasc\u0103 ca vestitor al Marii Uniri \u0219i un cunoscut lupt\u0103tor pentru drepturile rom\u00e2nilor din Ardealul aflat sub guvernarea Austro-Ungariei.<\/p>\n<p>Ca recunoa\u0219tere a suferin\u021bei sale pentru credin\u021ba \u00een Hristos \u0219i \u00een Biseric\u0103, a demersurilor f\u0103cute \u00een favoarea libert\u0103\u021bii sub regimul comunist, \u00een anul 2019, la data de 19 martie, Papa Francisc l-a beatificat \u00een grupul celor 7 martiri episcopi greco-catolici rom\u00e2ni \u2013 Valeriu Traian Fren\u021biu, Vasile Aftenie, Ioan Suciu, Tit Liviu Chinezu, Ioan B\u0103lan, Alexandru Rusu, Iuliu Hossu.<\/p>\n<p><em>Romfilatelia mul\u021bume\u0219te Eparhiei Greco-Catolice \u201eSf\u00e2ntul Vasile cel Mare\u201d de Bucure\u015fti, Eparhiei Greco-Catolice de Cluj &#8211; Gherla \u0219i domnului Emanuel Cosmovici, cercet\u0103tor la Consiliul pentru Studierea Arhivelor Securit\u0103\u021bii (CNSAS), pentru sprijinul documentar acordat la realizarea acestei emisiuni de m\u0103rci po\u0219tale. <\/em><\/p>\n<p><a href=\"https:\/\/www.romfilatelia.ro\/wp-content\/uploads\/2025\/01\/caract_Anul-Cardinal-Iuliu-Hossu.jpg\"><img decoding=\"async\" loading=\"lazy\" class=\"size-full wp-image-2047589 aligncenter\" src=\"https:\/\/www.romfilatelia.ro\/wp-content\/uploads\/2025\/01\/caract_Anul-Cardinal-Iuliu-Hossu.jpg\" alt=\"\" width=\"1702\" height=\"1074\" \/><\/a><\/p>\n","protected":false},"excerpt":{"rendered":"<p>Romfilatelia introduce \u00een circula\u021bie miercuri, 29 ianuarie a.c., emisiunea aniversar\u0103 Anul Cardinal Iuliu Hossu, care marcheaz\u0103 \u0219i 140 de ani de la na\u0219terea celui care a citit \u00een fa\u021ba Marii Adun\u0103ri de la Alba Iulia, Declara\u021bia Unirii Ardealului cu Regatul Rom\u00e2niei, la 1 decembrie 1918. Emisiunea este compus\u0103 din o marc\u0103 po\u0219tal\u0103, o coli\u021b\u0103 filatelic\u0103&hellip;&nbsp;<a href=\"https:\/\/romfilatelia.ro\/magazin\/produs\/colectii-anuale\/2025\/anul-cardinal-iuliu-hossu\/\" class=\"\" rel=\"bookmark\">Cite\u0219te mai mult &raquo;<span class=\"screen-reader-text\">Anul Cardinal Iuliu Hossu<\/span><\/a><\/p>\n","protected":false},"featured_media":2035531,"template":"","meta":{"neve_meta_sidebar":"","neve_meta_container":"","neve_meta_enable_content_width":"off","neve_meta_content_width":100,"neve_meta_title_alignment":"","neve_meta_author_avatar":"","neve_post_elements_order":"","neve_meta_disable_header":"","neve_meta_disable_footer":"","neve_meta_disable_title":""},"product_cat":[340,6],"product_tag":[],"_links":{"self":[{"href":"https:\/\/romfilatelia.ro\/magazin\/wp-json\/wp\/v2\/product\/2035525"}],"collection":[{"href":"https:\/\/romfilatelia.ro\/magazin\/wp-json\/wp\/v2\/product"}],"about":[{"href":"https:\/\/romfilatelia.ro\/magazin\/wp-json\/wp\/v2\/types\/product"}],"wp:featuredmedia":[{"embeddable":true,"href":"https:\/\/romfilatelia.ro\/magazin\/wp-json\/wp\/v2\/media\/2035531"}],"wp:attachment":[{"href":"https:\/\/romfilatelia.ro\/magazin\/wp-json\/wp\/v2\/media?parent=2035525"}],"wp:term":[{"taxonomy":"product_cat","embeddable":true,"href":"https:\/\/romfilatelia.ro\/magazin\/wp-json\/wp\/v2\/product_cat?post=2035525"},{"taxonomy":"product_tag","embeddable":true,"href":"https:\/\/romfilatelia.ro\/magazin\/wp-json\/wp\/v2\/product_tag?post=2035525"}],"curies":[{"name":"wp","href":"https:\/\/api.w.org\/{rel}","templated":true}]}}