{"id":2035102,"date":"2024-10-23T09:19:04","date_gmt":"2024-10-23T07:19:04","guid":{"rendered":"https:\/\/romfilatelia.ro\/magazin\/?post_type=product&#038;p=2035102"},"modified":"2024-10-23T09:26:15","modified_gmt":"2024-10-23T07:26:15","slug":"mitropolitul-dosoftei-400-ani-de-la-nastere","status":"publish","type":"product","link":"https:\/\/romfilatelia.ro\/magazin\/produs\/colectii-anuale\/2024\/mitropolitul-dosoftei-400-ani-de-la-nastere\/","title":{"rendered":"MITROPOLITUL DOSOFTEI. 400 ANI DE LA NA\u0218TERE"},"content":{"rendered":"<p><a href=\"https:\/\/romfilatelia.ro\/magazin\/wp-content\/uploads\/2024\/10\/SITE_minicoli_Mitropolit-Dosoftei.jpg\"><img decoding=\"async\" loading=\"lazy\" class=\"wp-image-2035103 size-medium alignleft\" src=\"https:\/\/romfilatelia.ro\/magazin\/wp-content\/uploads\/2024\/10\/SITE_minicoli_Mitropolit-Dosoftei-300x159.jpg\" alt=\"\" width=\"300\" height=\"159\" srcset=\"https:\/\/romfilatelia.ro\/magazin\/wp-content\/uploads\/2024\/10\/SITE_minicoli_Mitropolit-Dosoftei-300x159.jpg 300w, https:\/\/romfilatelia.ro\/magazin\/wp-content\/uploads\/2024\/10\/SITE_minicoli_Mitropolit-Dosoftei-768x407.jpg 768w, https:\/\/romfilatelia.ro\/magazin\/wp-content\/uploads\/2024\/10\/SITE_minicoli_Mitropolit-Dosoftei-500x265.jpg 500w, https:\/\/romfilatelia.ro\/magazin\/wp-content\/uploads\/2024\/10\/SITE_minicoli_Mitropolit-Dosoftei-64x34.jpg 64w, https:\/\/romfilatelia.ro\/magazin\/wp-content\/uploads\/2024\/10\/SITE_minicoli_Mitropolit-Dosoftei.jpg 1102w\" sizes=\"(max-width: 300px) 100vw, 300px\" \/><\/a><strong>Romfilatelia<\/strong>, introduce \u00een circula\u021bie, <em>joi, 24 octombrie a.c.<\/em> o emisiune cultural\u0103 aniversar\u0103 <strong><em>\u201eMitropolitul Dosoftei. 400 ani de la na\u0219tere\u201d<\/em><\/strong>, compus\u0103 din o marc\u0103 po\u0219tal\u0103, o coli\u021b\u0103 filatelic\u0103 dantelat\u0103 \u0219i un plic \u201eprima zi\u201d.<\/p>\n<p>Marele teolog \u0219i c\u0103rturar care a adus limba rom\u00e2n\u0103 \u00een Sf\u00e2ntul Altar, Mitropolitul Dosoftei, s-a n\u0103scut \u00een fosta Cetate de Scaun a Sucevei la 26 octombrie 1624 \u00een familia Baril\u0103, \u00eenrudit\u0103 cu familii rom\u00e2ne\u0219ti din Transilvania \u0219i \u021binuturile Liovului. La botez a primit numele de Dimitrie.<\/p>\n<p>A \u00eenv\u0103\u021bat carte de la dasc\u0103li moldoveni \u0219i la \u0218coala Fr\u0103\u021biei Ortodoxe de la M\u0103n\u0103stirea Adormirea Maicii Domnului din Liov. Dovedind mult\u0103 r\u00e2vn\u0103 pentru \u00eenv\u0103\u021b\u0103mintele P\u0103rin\u021bilor Bisericii este c\u0103lug\u0103rit, la m\u0103n\u0103stirea Probota, la anul 1649 cu numele de monah Dosoftei. Autoritatea c\u0103p\u0103tat\u0103 prin modul s\u0103u de vie\u021buire \u00een comunitatea m\u0103n\u0103stirii \u00eei confer\u0103 un prestigiu care-i ofer\u0103 prilejul de a accede \u00een ierarhia bisericii. \u00cen anul 1658 este episcop de Hu\u0219i, mai apoi al Romanului, dup\u0103 care \u00een 1671 este ales mitropolit al Moldovei.<\/p>\n<p>Rela\u021biile foarte bune cu patriarhul Moscovei, i-au permis s\u0103 aduc\u0103 la Mitropolia din Ia\u0219i mijloacele tipografice necesare cu care a tip\u0103rit \u00een limba rom\u00e2n\u0103 principalele c\u0103r\u021bi liturgice, unele traduse de el \u00eensu\u0219i. A fost unul dintre ierarhii care au promovat introducerea limbii rom\u00e2ne \u00een biseric\u0103.<\/p>\n<p>Cea mai important\u0103 lucrare a mitropolitului Dosoftei al Moldovei este Psaltirea \u00een versuri (1673), a c\u0103rei traducere \u00eel consacr\u0103 drept cel \u201edint\u00e2i poet rom\u00e2n\u201d.<\/p>\n<p>Al\u0103turi de Dimitrie Cantemir, a fost unul din marii c\u0103rturari ai Moldovei \u0219i ai \u00eentregului spa\u021biu rom\u00e2nesc. Biserica Ortodox\u0103 Rom\u00e2n\u0103 i-a oferit o mare \u0219i meritat\u0103 cinstire: canonizarea \u00een 14 octombrie 2005 a Mitropolitului Dosoftei, \u00een Catedrala Mitropolitan\u0103 din Ia\u0219i, trec\u00e2ndu-l \u00een r\u00e2ndul Sfin\u021bilor Bisericii, cu data de pr\u0103znuire pe 13 decembrie.<\/p>\n<p>Mitropolitul Dosoftei este cel care a inserat credin\u021ba ortodox\u0103 \u00een elita cultelor europene. Este recunoscut ca fiind primul traduc\u0103tor al c\u0103r\u021bilor de slujb\u0103 religioas\u0103 \u00een limba rom\u00e2n\u0103.<\/p>\n<p>Casa \u00een care a locuit la Ia\u0219i, aflat\u0103 \u00een vecin\u0103tatea Bisericii \u201eSf. Nicolae Domnesc\u201d, ctitoria Voievodului \u0218tefan cel Mare \u0219i Sf\u00e2nt, este cunoscut\u0103 ca Muzeul \u201eSf\u00e2ntul Ierarh Dosoftei \u2013 Mitropolitul\u201d.<\/p>\n<p>O statuie de bronz, omagiu adus \u00een urm\u0103 cu aproape 50 de ani, vegheaz\u0103 intrarea muzeului, \u00eenf\u0103\u021bi\u0219\u00e2ndu-l pe marele c\u0103rturar \u00eentr-o ipostaz\u0103 care \u00eendeamn\u0103 la medita\u021bie, scriere \u0219i lectur\u0103.<\/p>\n<p><em>Romfilatelia mul\u021bume\u0219te \u00cenaltpreasfin\u021bitului Teofan, Mitropolitul Moldovei \u0219i Bucovinei, reprezentan\u021bilor Bibliotecii Academiei Rom\u00e2ne, Arhivelor Na\u021bionale ale Rom\u00e2niei \u0219i Muzeului Na\u021bional al Literaturii Rom\u00e2ne pentru sprijinul documentar acordat la realizarea acestei emisiuni de m\u0103rci po\u0219tale. <\/em><\/p>\n<p><a href=\"https:\/\/romfilatelia.ro\/magazin\/wp-content\/uploads\/2024\/10\/caract_Mitropolitul-Dosoftei-400-de-ani-de-la-nastere-2.jpg\"><img decoding=\"async\" loading=\"lazy\" class=\"aligncenter size-full wp-image-2035104\" src=\"https:\/\/romfilatelia.ro\/magazin\/wp-content\/uploads\/2024\/10\/caract_Mitropolitul-Dosoftei-400-de-ani-de-la-nastere-2.jpg\" alt=\"\" width=\"1687\" height=\"1248\" srcset=\"https:\/\/romfilatelia.ro\/magazin\/wp-content\/uploads\/2024\/10\/caract_Mitropolitul-Dosoftei-400-de-ani-de-la-nastere-2.jpg 1687w, https:\/\/romfilatelia.ro\/magazin\/wp-content\/uploads\/2024\/10\/caract_Mitropolitul-Dosoftei-400-de-ani-de-la-nastere-2-300x222.jpg 300w, https:\/\/romfilatelia.ro\/magazin\/wp-content\/uploads\/2024\/10\/caract_Mitropolitul-Dosoftei-400-de-ani-de-la-nastere-2-768x568.jpg 768w, https:\/\/romfilatelia.ro\/magazin\/wp-content\/uploads\/2024\/10\/caract_Mitropolitul-Dosoftei-400-de-ani-de-la-nastere-2-1536x1136.jpg 1536w, https:\/\/romfilatelia.ro\/magazin\/wp-content\/uploads\/2024\/10\/caract_Mitropolitul-Dosoftei-400-de-ani-de-la-nastere-2-500x370.jpg 500w, https:\/\/romfilatelia.ro\/magazin\/wp-content\/uploads\/2024\/10\/caract_Mitropolitul-Dosoftei-400-de-ani-de-la-nastere-2-64x47.jpg 64w\" sizes=\"(max-width: 1687px) 100vw, 1687px\" \/><\/a><\/p>\n","protected":false},"excerpt":{"rendered":"<p>Romfilatelia, introduce \u00een circula\u021bie, joi, 24 octombrie a.c. o emisiune cultural\u0103 aniversar\u0103 \u201eMitropolitul Dosoftei. 400 ani de la na\u0219tere\u201d, compus\u0103 din o marc\u0103 po\u0219tal\u0103, o coli\u021b\u0103 filatelic\u0103 dantelat\u0103 \u0219i un plic \u201eprima zi\u201d. Marele teolog \u0219i c\u0103rturar care a adus limba rom\u00e2n\u0103 \u00een Sf\u00e2ntul Altar, Mitropolitul Dosoftei, s-a n\u0103scut \u00een fosta Cetate de Scaun a&hellip;&nbsp;<a href=\"https:\/\/romfilatelia.ro\/magazin\/produs\/colectii-anuale\/2024\/mitropolitul-dosoftei-400-ani-de-la-nastere\/\" class=\"\" rel=\"bookmark\">Cite\u0219te mai mult &raquo;<span class=\"screen-reader-text\">MITROPOLITUL DOSOFTEI. 400 ANI DE LA NA\u0218TERE<\/span><\/a><\/p>\n","protected":false},"featured_media":2035105,"template":"","meta":{"neve_meta_sidebar":"","neve_meta_container":"","neve_meta_enable_content_width":"off","neve_meta_content_width":100,"neve_meta_title_alignment":"","neve_meta_author_avatar":"","neve_post_elements_order":"","neve_meta_disable_header":"","neve_meta_disable_footer":"","neve_meta_disable_title":""},"product_cat":[333,6],"product_tag":[],"_links":{"self":[{"href":"https:\/\/romfilatelia.ro\/magazin\/wp-json\/wp\/v2\/product\/2035102"}],"collection":[{"href":"https:\/\/romfilatelia.ro\/magazin\/wp-json\/wp\/v2\/product"}],"about":[{"href":"https:\/\/romfilatelia.ro\/magazin\/wp-json\/wp\/v2\/types\/product"}],"wp:featuredmedia":[{"embeddable":true,"href":"https:\/\/romfilatelia.ro\/magazin\/wp-json\/wp\/v2\/media\/2035105"}],"wp:attachment":[{"href":"https:\/\/romfilatelia.ro\/magazin\/wp-json\/wp\/v2\/media?parent=2035102"}],"wp:term":[{"taxonomy":"product_cat","embeddable":true,"href":"https:\/\/romfilatelia.ro\/magazin\/wp-json\/wp\/v2\/product_cat?post=2035102"},{"taxonomy":"product_tag","embeddable":true,"href":"https:\/\/romfilatelia.ro\/magazin\/wp-json\/wp\/v2\/product_tag?post=2035102"}],"curies":[{"name":"wp","href":"https:\/\/api.w.org\/{rel}","templated":true}]}}