{"id":2034339,"date":"2024-05-20T11:43:03","date_gmt":"2024-05-20T09:43:03","guid":{"rendered":"https:\/\/romfilatelia.ro\/magazin\/?post_type=product&#038;p=2034339"},"modified":"2024-05-20T11:43:04","modified_gmt":"2024-05-20T09:43:04","slug":"emisiune-comuna-romania-maroc-arta-populara-2","status":"publish","type":"product","link":"https:\/\/romfilatelia.ro\/magazin\/produs\/colectii-anuale\/2024\/emisiune-comuna-romania-maroc-arta-populara-2\/","title":{"rendered":"Emisiune comun\u0103  ROM\u00c2NIA \u2013 MAROC  ART\u0102 POPULAR\u0102"},"content":{"rendered":"<p><strong><a href=\"https:\/\/www.romfilatelia.ro\/wp-content\/uploads\/2024\/05\/SITE_mc_Romania-Maroc.jpg\"><img decoding=\"async\" loading=\"lazy\" class=\"alignleft wp-image-2045559\" src=\"https:\/\/www.romfilatelia.ro\/wp-content\/uploads\/2024\/05\/SITE_mc_Romania-Maroc.jpg\" alt=\"\" width=\"500\" height=\"281\" \/><\/a>Romfilatelia<\/strong> introduce \u00een circula\u021bie <em>mar\u021bi, 21 mai a.c,<\/em> o nou\u0103 emisiune comun\u0103 de m\u0103rci po\u0219tale <strong>Rom\u00e2nia &#8211; Maroc<\/strong>, av\u00e2nd ca tem\u0103 <strong><em>Art\u0103 popular\u0103<\/em><\/strong>. Emisiunea este alc\u0103tuit\u0103 din dou\u0103 m\u0103rci po\u0219tale \u0219i 1 plic \u201eprima zi\u201d.<\/p>\n<p>Subiectele comune, alese de cele dou\u0103 \u021b\u0103ri, au \u00een vedere prezen\u021be ale unor vechi tradi\u021bii, p\u0103strate \u0219i promovate \u00een concep\u021bia costumelor populare \u0219i a obiectelor din ceramic\u0103 \u0219i por\u021belan.<\/p>\n<p>Marca po\u0219tal\u0103 cu valoarea nominal\u0103 de<strong> 4 Lei, <\/strong>prezint\u0103 o imagine \u00een care se reg\u0103sesc o <strong><em>ie din V\u00e2lcea<\/em><\/strong> \u0219i un <strong><em>obiect al ceramicii de Horezu<\/em><\/strong>.<\/p>\n<p>Costumul tradi\u021bional din V\u00e2lcea este unul dintre cele mai rafinate \u0219i variate. Piesa de baz\u0103, <strong><em>c\u0103ma\u0219a lung\u0103 sau ia<\/em><\/strong>, este croit\u0103 \u00een stil carpatic cu foile de p\u00e2nz\u0103 str\u00e2nse pe benti\u021b\u0103 \u00een jurul g\u00e2tului. \u00cen literatura de specialitate aceast\u0103 pies\u0103 este descris\u0103 ca fiind una spectaculoas\u0103, impresion\u00e2nd at\u00e2t prin decorul care se \u00eentinde pe toat\u0103 suprafa\u021ba m\u00e2necilor, pe piept, g\u00e2t \u0219i spate, c\u00e2t \u0219i prin materialul generos utilizat.<\/p>\n<p>La 1 decembrie 2022 \u201eArta c\u0103m\u0103\u0219ii cu alti\u021b\u0103 \u2013 element de identitate cultural\u0103 \u00een Rom\u00e2nia \u0219i Republica Moldova\u201d a fost \u00eenscris\u0103 pe Lista reprezentativ\u0103 a Patrimoniului. Cultural Imaterial al Umanit\u0103\u021bii (UNESCO).<\/p>\n<p><strong><em>Ceramica de Horezu<\/em><\/strong> se distinge prin elegan\u021ba \u0219i frumuse\u021bea formelor. Mae\u0219trii ceramicii de Horezu sunt renumi\u021bi \u00een toat\u0103 lumea. Abilit\u0103\u021bile lor \u00een combinarea decora\u021biei \u0219i culorii determin\u0103 personalitatea \u0219i unicitatea acestor piese. Culorile sunt nuan\u021be str\u0103lucitoare de maro, ro\u0219u, verde, albastru \u0219i a\u0219a-numitul \u201egalben de Horezu\u201d. Poate cel mai cunoscut motiv este Coco\u0219ul, devenit marca acestei ceramici. Al\u0103turi de acest motiv, pe obiectele realizate de me\u0219teri se mai pot admira \u0219i alte simboluri precum: pup\u0103za, pe\u0219tii, \u0219arpele casei, copacul vie\u021bii, spicele de gr\u00e2u, spirala, boboceii de trandafir, frunza, coada de p\u0103un, flori, struguri, casa tradi\u021bional\u0103, soarele sau motive religioase \u00eentre care amintim crucea sau troi\u021ba.<\/p>\n<p>Decizia de a introduce tehnica ceramicii tradi\u021bionale de Horezu pe Lista reprezentativ\u0103 UNESCO a Patrimoniului Cultural Imaterial \u00een decembrie 2012 reprezint\u0103 o recunoa\u0219tere a sutelor de ani de tradi\u021bie nealterat\u0103.<\/p>\n<p>Marca po\u0219tal\u0103 cu valoarea nominal\u0103 de <strong>10 Lei<\/strong> reproduce o imagine \u00een care se reg\u0103sesc un caftan \u201eKhrib\u201d tipic ora\u0219ului Fes din Maroc \u0219i un obiect din por\u021belan de Fes.<\/p>\n<p>Materialul din care este confec\u021bionat <strong><em>caftanul<\/em><\/strong>, brocartul este una dintre cele mai remarcabile \u021bes\u0103turi realizate de artizanii marocani. Motivele sale complexe, policrome, \u00een relief, sunt foarte asem\u0103n\u0103toare cu broderia. Este rezultatul unei tehnici ancestrale de \u021besut care a disp\u0103rut aproape complet. Crearea acestei \u021bes\u0103turi implic\u0103 participarea artizanului \u021bes\u0103tor \u201ederraz\u201d, \u201ezardkhani\u201d.<\/p>\n<p>Cunoscut\u0103 odinioar\u0103 sub numele de \u201ezardkhan\u201d, un cuv\u00e2nt persan care \u00eenseamn\u0103 \u201estofa regilor\u201d, brocartul a c\u0103p\u0103tat o nou\u0103 denumire \u00een secolul XX: \u201eKhrib\u201d. Cuv\u00e2ntul \u201eKhrib\u201d \u00eenseamn\u0103 \u201eruin\u0103\u201d, deoarece acest brocart era at\u00e2t de scump \u00eenc\u00e2t ruina portofelele familiilor.<\/p>\n<p>\u00cen ceea ce prive\u0219te ceramica marocan\u0103 decorativ\u0103, pentru mobilier, aceasta era de \u00eenalt\u0103 calitate: considerat\u0103 drept unul dintre cele mai rafinate produse ocup\u00e2nd un loc important printre cadourile regale. Obiectele ceramice erau lucrate la roat\u0103 de b\u0103rba\u021bi \u00een atelierele urbane din ora\u0219ele Fes, Meknes, Sale \u0219i Safi. Dar tocmai \u00een Fes, ora\u0219ul artei prin excelen\u021b\u0103, industria a \u00eenflorit, iar din acest ora\u0219 s-au stabilit olarii \u00een Meknes \u0219i, mai t\u00e2rziu, \u00een Safi.<\/p>\n<p>\u00cent\u00e2lnim dou\u0103 variet\u0103\u021bi de ceramic\u0103 pictat\u0103 pe smal\u021b: monocrom\u0103, de obicei albastr\u0103, \u0219i policrom\u0103, \u00een nuan\u021be de albastru, maro, verde \u0219i galben. La cele mai vechi lucr\u0103ri se poate observa un decor de o mare puritate, \u00een care se reg\u0103sesc deseori copaci.<\/p>\n<p>Ceramica marocan\u0103 \u00eembrac\u0103 mai multe forme, fiecare corespunz\u00e2nd unei func\u021bii specifice, respectiv decorativ\u0103, pentru ocazii festive importante, \u00een care se includ \u0219i nun\u021bile, de colec\u021bie etc.<em> Romfilatelia mul\u021bume\u0219te reprezentan\u021bilor Muzeului Na\u021bional al Satului \u201eDimitrie Gusti\u201d, omologilor de la Po\u0219ta Maroc \u0219i Ambasadei Regatului Maroc la Bucure\u0219ti pentru frumoasa colaborare la realizarea acestei emisiuni de m\u0103rci po\u0219tale.<\/em><\/p>\n<p><a href=\"https:\/\/www.romfilatelia.ro\/wp-content\/uploads\/2024\/05\/caract_-Romania-Maroc.jpg\"><img decoding=\"async\" loading=\"lazy\" class=\"size-full wp-image-2045554 aligncenter\" src=\"https:\/\/www.romfilatelia.ro\/wp-content\/uploads\/2024\/05\/caract_-Romania-Maroc.jpg\" alt=\"\" width=\"1734\" height=\"967\" \/><\/a><\/p>\n","protected":false},"excerpt":{"rendered":"<p>Romfilatelia introduce \u00een circula\u021bie mar\u021bi, 21 mai a.c, o nou\u0103 emisiune comun\u0103 de m\u0103rci po\u0219tale Rom\u00e2nia &#8211; Maroc, av\u00e2nd ca tem\u0103 Art\u0103 popular\u0103. Emisiunea este alc\u0103tuit\u0103 din dou\u0103 m\u0103rci po\u0219tale \u0219i 1 plic \u201eprima zi\u201d. Subiectele comune, alese de cele dou\u0103 \u021b\u0103ri, au \u00een vedere prezen\u021be ale unor vechi tradi\u021bii, p\u0103strate \u0219i promovate \u00een concep\u021bia&hellip;&nbsp;<a href=\"https:\/\/romfilatelia.ro\/magazin\/produs\/colectii-anuale\/2024\/emisiune-comuna-romania-maroc-arta-populara-2\/\" class=\"\" rel=\"bookmark\">Cite\u0219te mai mult &raquo;<span class=\"screen-reader-text\">Emisiune comun\u0103  ROM\u00c2NIA \u2013 MAROC  ART\u0102 POPULAR\u0102<\/span><\/a><\/p>\n","protected":false},"featured_media":2034344,"template":"","meta":{"neve_meta_sidebar":"","neve_meta_container":"","neve_meta_enable_content_width":"off","neve_meta_content_width":100,"neve_meta_title_alignment":"","neve_meta_author_avatar":"","neve_post_elements_order":"","neve_meta_disable_header":"","neve_meta_disable_footer":"","neve_meta_disable_title":""},"product_cat":[333,6],"product_tag":[],"_links":{"self":[{"href":"https:\/\/romfilatelia.ro\/magazin\/wp-json\/wp\/v2\/product\/2034339"}],"collection":[{"href":"https:\/\/romfilatelia.ro\/magazin\/wp-json\/wp\/v2\/product"}],"about":[{"href":"https:\/\/romfilatelia.ro\/magazin\/wp-json\/wp\/v2\/types\/product"}],"wp:featuredmedia":[{"embeddable":true,"href":"https:\/\/romfilatelia.ro\/magazin\/wp-json\/wp\/v2\/media\/2034344"}],"wp:attachment":[{"href":"https:\/\/romfilatelia.ro\/magazin\/wp-json\/wp\/v2\/media?parent=2034339"}],"wp:term":[{"taxonomy":"product_cat","embeddable":true,"href":"https:\/\/romfilatelia.ro\/magazin\/wp-json\/wp\/v2\/product_cat?post=2034339"},{"taxonomy":"product_tag","embeddable":true,"href":"https:\/\/romfilatelia.ro\/magazin\/wp-json\/wp\/v2\/product_tag?post=2034339"}],"curies":[{"name":"wp","href":"https:\/\/api.w.org\/{rel}","templated":true}]}}