{"id":2034303,"date":"2024-05-08T14:56:38","date_gmt":"2024-05-08T12:56:38","guid":{"rendered":"https:\/\/romfilatelia.ro\/magazin\/?post_type=product&#038;p=2034303"},"modified":"2024-05-08T14:56:38","modified_gmt":"2024-05-08T12:56:38","slug":"florile-culorilor","status":"publish","type":"product","link":"https:\/\/romfilatelia.ro\/magazin\/produs\/colectii-anuale\/2024\/florile-culorilor\/","title":{"rendered":"FLORILE  CULORILOR"},"content":{"rendered":"<p><img decoding=\"async\" loading=\"lazy\" class=\"alignleft wp-image-2034309\" src=\"https:\/\/romfilatelia.ro\/magazin\/wp-content\/uploads\/2024\/05\/SITE_mc_Florile-culorilor.jpg\" alt=\"\" width=\"500\" height=\"599\" srcset=\"https:\/\/romfilatelia.ro\/magazin\/wp-content\/uploads\/2024\/05\/SITE_mc_Florile-culorilor.jpg 1059w, https:\/\/romfilatelia.ro\/magazin\/wp-content\/uploads\/2024\/05\/SITE_mc_Florile-culorilor-250x300.jpg 250w, https:\/\/romfilatelia.ro\/magazin\/wp-content\/uploads\/2024\/05\/SITE_mc_Florile-culorilor-668x800.jpg 668w, https:\/\/romfilatelia.ro\/magazin\/wp-content\/uploads\/2024\/05\/SITE_mc_Florile-culorilor-768x920.jpg 768w, https:\/\/romfilatelia.ro\/magazin\/wp-content\/uploads\/2024\/05\/SITE_mc_Florile-culorilor-500x599.jpg 500w, https:\/\/romfilatelia.ro\/magazin\/wp-content\/uploads\/2024\/05\/SITE_mc_Florile-culorilor-64x77.jpg 64w\" sizes=\"(max-width: 500px) 100vw, 500px\" \/><\/p>\n<p>O emisiune filatelic\u0103 cu o tematic\u0103 ce reprezint\u0103 un simbol al optimismului \u0219i frumuse\u021bii, <strong><em>Florile culorilor<\/em><\/strong>, va fi introdus\u0103 \u00een circula\u021bie de <strong>Romfilatelia<\/strong>, <em>miercuri 8 mai a.c<\/em>. Este compus\u0103 din trei m\u0103rci po\u0219tale, un plic <em>\u201eprima zi\u201d<\/em> \u0219i trei c\u0103r\u021bi po\u0219tale maxime pentru pasiona\u021bii de maximafilie.<\/p>\n<p>Prelu\u00e2nd din tradi\u021bia basmelor str\u0103mo\u0219e\u0219ti personajele considerate drept semidivinit\u0103\u021bi feminine, cunoscute sub numele popular de z\u00e2ne, conceptul cromatic \u0219i ideatic al machetelor grafice, red\u0103 \u00een imaginile m\u0103rcilor po\u0219tale o lume<br \/>\na bucuriei, optimismului \u0219i frumuse\u021bii.<\/p>\n<p>\u201ePrin\u021besa florilor\u201d (valoarea nominal\u0103 de <strong>5 Lei<\/strong>) prezint\u0103 o t\u00e2n\u0103r\u0103 \u00eembr\u0103cat\u0103 \u00eentr-o rochie original\u0103 de mireas\u0103 la care bordura \u0219i volanele m\u00e2necilor sunt acoperite de mii de flori albe, simbol al purit\u0103\u021bii, al noului, energiei \u0219i lini\u0219tei. Ia, inundat\u0103 de mul\u021bimea florilor, \u00eemprumut\u0103 \u00een cus\u0103turile ei modelele \u0219i culorile acestora.<\/p>\n<p>\u201eZ\u00e2na prim\u0103verii\u201d (valoarea nominal\u0103 de <strong>6 Lei<\/strong>) sugereaz\u0103 mi\u0219carea, \u00eentr-un zbor planat, peste frumuse\u021bile unor priveli\u0219ti \u00eenc\u00e2nt\u0103toare, a unei z\u00e2ne \u00eembr\u0103cat\u0103 cu ie \u0219i ghirlande, duc\u00e2nd parc\u0103 spiritul naturii re\u00eennoite, \u00eenso\u021bit de parfumul \u0219i frumuse\u021bea neasemuit\u0103 a florilor.<\/p>\n<p>\u201eZ\u00e2na florilor\u201d (valoarea nominal\u0103 de <strong>25 Lei<\/strong>) se descoper\u0103 ca o st\u0103p\u00e2n\u0103 a \u00cemp\u0103r\u0103\u021biei florilor, \u00eentr-o atitudine de relaxare, lini\u0219te \u0219i de mul\u021bumire binemeritat\u0103 pentru toate lucrurile bune\u00a0 pe care le-a realizat: a \u00eenfrumuse\u021bat plaiurile unei \u021b\u0103ri \u0219i a adus aproape de sufletele oamenilor lumea mirific\u0103 \u0219i parfumul \u00eenc\u00e2nt\u0103tor al florilor, integrate solid \u00een via\u021ba acestora \u0219i prezente \u00een toate clipele,<br \/>\nde bucurie \u0219i uneori, de triste\u021be.<\/p>\n<p>Ia, de o frumuse\u021be deosebit\u0103, se dore\u0219te a fi simbolul peren al tradi\u021biei rom\u00e2ne\u0219ti, noble\u021bea sufletului \u0219i caracterului rom\u00e2nilor iubitori de \u021bar\u0103 \u0219i de semeni. Lini\u0219tea c\u00e2mpului de zambile \u0219i maci sub albastrul cerului \u00een care se afl\u0103 aceast\u0103 z\u00e2n\u0103 frumoas\u0103 se constituie ca imagine a unei lumii a p\u0103cii, dorit\u0103 mai mult ca oric\u00e2nd.<\/p>\n<p><a href=\"https:\/\/romfilatelia.ro\/magazin\/wp-content\/uploads\/2024\/05\/caract.png\"><img decoding=\"async\" loading=\"lazy\" class=\"aligncenter size-full wp-image-2034310\" src=\"https:\/\/romfilatelia.ro\/magazin\/wp-content\/uploads\/2024\/05\/caract.png\" alt=\"\" width=\"1591\" height=\"1132\" srcset=\"https:\/\/romfilatelia.ro\/magazin\/wp-content\/uploads\/2024\/05\/caract.png 1591w, https:\/\/romfilatelia.ro\/magazin\/wp-content\/uploads\/2024\/05\/caract-300x213.png 300w, https:\/\/romfilatelia.ro\/magazin\/wp-content\/uploads\/2024\/05\/caract-800x569.png 800w, https:\/\/romfilatelia.ro\/magazin\/wp-content\/uploads\/2024\/05\/caract-768x546.png 768w, https:\/\/romfilatelia.ro\/magazin\/wp-content\/uploads\/2024\/05\/caract-1536x1093.png 1536w, https:\/\/romfilatelia.ro\/magazin\/wp-content\/uploads\/2024\/05\/caract-500x356.png 500w, https:\/\/romfilatelia.ro\/magazin\/wp-content\/uploads\/2024\/05\/caract-64x46.png 64w\" sizes=\"(max-width: 1591px) 100vw, 1591px\" \/><\/a><\/p>\n","protected":false},"excerpt":{"rendered":"<p>O emisiune filatelic\u0103 cu o tematic\u0103 ce reprezint\u0103 un simbol al optimismului \u0219i frumuse\u021bii, Florile culorilor, va fi introdus\u0103 \u00een circula\u021bie de Romfilatelia, miercuri 8 mai a.c. Este compus\u0103 din trei m\u0103rci po\u0219tale, un plic \u201eprima zi\u201d \u0219i trei c\u0103r\u021bi po\u0219tale maxime pentru pasiona\u021bii de maximafilie. Prelu\u00e2nd din tradi\u021bia basmelor str\u0103mo\u0219e\u0219ti personajele considerate drept semidivinit\u0103\u021bi&hellip;&nbsp;<a href=\"https:\/\/romfilatelia.ro\/magazin\/produs\/colectii-anuale\/2024\/florile-culorilor\/\" class=\"\" rel=\"bookmark\">Cite\u0219te mai mult &raquo;<span class=\"screen-reader-text\">FLORILE  CULORILOR<\/span><\/a><\/p>\n","protected":false},"featured_media":2034311,"template":"","meta":{"neve_meta_sidebar":"","neve_meta_container":"","neve_meta_enable_content_width":"off","neve_meta_content_width":100,"neve_meta_title_alignment":"","neve_meta_author_avatar":"","neve_post_elements_order":"","neve_meta_disable_header":"","neve_meta_disable_footer":"","neve_meta_disable_title":""},"product_cat":[333,6],"product_tag":[],"_links":{"self":[{"href":"https:\/\/romfilatelia.ro\/magazin\/wp-json\/wp\/v2\/product\/2034303"}],"collection":[{"href":"https:\/\/romfilatelia.ro\/magazin\/wp-json\/wp\/v2\/product"}],"about":[{"href":"https:\/\/romfilatelia.ro\/magazin\/wp-json\/wp\/v2\/types\/product"}],"wp:featuredmedia":[{"embeddable":true,"href":"https:\/\/romfilatelia.ro\/magazin\/wp-json\/wp\/v2\/media\/2034311"}],"wp:attachment":[{"href":"https:\/\/romfilatelia.ro\/magazin\/wp-json\/wp\/v2\/media?parent=2034303"}],"wp:term":[{"taxonomy":"product_cat","embeddable":true,"href":"https:\/\/romfilatelia.ro\/magazin\/wp-json\/wp\/v2\/product_cat?post=2034303"},{"taxonomy":"product_tag","embeddable":true,"href":"https:\/\/romfilatelia.ro\/magazin\/wp-json\/wp\/v2\/product_tag?post=2034303"}],"curies":[{"name":"wp","href":"https:\/\/api.w.org\/{rel}","templated":true}]}}