{"id":2032456,"date":"2023-04-19T16:04:21","date_gmt":"2023-04-19T14:04:21","guid":{"rendered":"https:\/\/romfilatelia.ro\/magazin\/?post_type=product&#038;p=2032456"},"modified":"2023-04-19T16:07:25","modified_gmt":"2023-04-19T14:07:25","slug":"cercetasii-romaniei-2","status":"publish","type":"product","link":"https:\/\/romfilatelia.ro\/magazin\/produs\/colectii-anuale\/2023\/cercetasii-romaniei-2\/","title":{"rendered":"CERCETA\u0218II ROM\u00c2NIEI"},"content":{"rendered":"<p><a href=\"https:\/\/romfilatelia.ro\/magazin\/wp-content\/uploads\/2023\/04\/SITE_mc_Cercetasii-Romaniei.jpg\"><img decoding=\"async\" loading=\"lazy\" class=\"alignleft wp-image-2032460 size-medium\" src=\"https:\/\/romfilatelia.ro\/magazin\/wp-content\/uploads\/2023\/04\/SITE_mc_Cercetasii-Romaniei-200x300.jpg\" alt=\"\" width=\"200\" height=\"300\" srcset=\"https:\/\/romfilatelia.ro\/magazin\/wp-content\/uploads\/2023\/04\/SITE_mc_Cercetasii-Romaniei-200x300.jpg 200w, https:\/\/romfilatelia.ro\/magazin\/wp-content\/uploads\/2023\/04\/SITE_mc_Cercetasii-Romaniei-533x800.jpg 533w, https:\/\/romfilatelia.ro\/magazin\/wp-content\/uploads\/2023\/04\/SITE_mc_Cercetasii-Romaniei-500x750.jpg 500w, https:\/\/romfilatelia.ro\/magazin\/wp-content\/uploads\/2023\/04\/SITE_mc_Cercetasii-Romaniei-64x96.jpg 64w, https:\/\/romfilatelia.ro\/magazin\/wp-content\/uploads\/2023\/04\/SITE_mc_Cercetasii-Romaniei.jpg 574w\" sizes=\"(max-width: 200px) 100vw, 200px\" \/><\/a>\u00cen tematica dedicat\u0103 promov\u0103rii educa\u021biei tineretului din Rom\u00e2nia, <strong>Romfilatelia<\/strong> introduce \u00een circula\u021bie <em>joi, 20 aprilie a.c.<\/em>, emisiunea de m\u0103rci po\u0219tale <strong><em>Cerceta\u0219ii Rom\u00e2niei<\/em><\/strong>, alc\u0103tuit\u0103 din 2 m\u0103rci po\u0219tale cu valorile nominale de <strong>2,90 Lei <\/strong>\u0219i <strong>11 Lei<\/strong> \u0219i respectiv un plic <em>prima zi <\/em>\u0219i un set de c\u0103r\u021bi po\u0219tale maxime pentru iubitorii de maximafilie.<\/p>\n<p><em>Cercet\u0103\u0219ia<\/em> (o activitate organizat\u0103 sub coordonarea \u0219i \u00eendrumarea unei organiza\u021bii a cerceta\u0219ilor), are o cunoscut\u0103 \u0219i eviden\u021biat\u0103 tradi\u021bie \u00een Rom\u00e2nia. Centenarul acestei activit\u0103\u021bi a fost s\u0103rb\u0103torit \u00een \u021bara noastr\u0103 \u00een anul 2013, amintind faptul c\u0103 \u00een vara anului 1913, c\u00e2\u021biva elevi de la <em>Liceul \u201eGheorghe Laz\u0103r\u201d<\/em> din Bucure\u0219ti au constituit primele <em>patrule<\/em> de cerceta\u0219i, experiment\u00e2nd cercet\u0103\u0219ia \u00een Mun\u021bii Bucegi.<\/p>\n<p>Oficial, Asocia\u021bia <em>\u201eCerceta\u0219ii Rom\u00e2niei\u201d<\/em> s-a \u00eenfiin\u021bat la data de 12 mai 1914. Beneficiind de sprijinul\u00a0 nemijlocit al Regelui Carol I, al principilor Ferdinand \u0219i Carol, organiza\u021bia cunoa\u0219te o dezvoltare vizibil\u0103, reu\u0219ind ca \u00een anul 1916 s\u0103 \u00eensumeze peste 9000 de cerceta\u0219i grupa\u021bi \u00een 34 de legiuni \u0219i 56 de cohorte.<\/p>\n<p>\u00cen Primul Razboi Mondial, cerceta\u0219ii rom\u00e2ni s-au organizat \u00een <em>\u201eCorpul cerceta\u0219ilor de r\u0103zboi\u201d,<\/em> ac\u021bion\u00e2nd efectiv ca sanitari, brancardieri, curieri, telefoni\u0219ti, factori po\u0219tali etc.<\/p>\n<p>Dup\u0103 \u00eencheierea ostilit\u0103\u021bilor, la a doua Conferin\u021b\u0103 Mondial\u0103 a Cercet\u0103\u0219iei, (Paris, 1922), Rom\u00e2nia se \u00eenscrie ca membr\u0103 fondatoare a Organiza\u021biei Mondiale a Cercet\u0103\u0219iei (WOSM).<\/p>\n<p>Filatelia rom\u00e2neasc\u0103 este prezent\u0103 \u00een perioada interbelic\u0103 pentru promovarea activit\u0103\u021bii prin mai multe emisiuni filatelice, men\u021bion\u00e2nd aici: <em>Expozi\u021bia Cercet\u0103\u0219easc\u0103 <\/em>(1931), cinci m\u0103rci po\u0219tale (tiraj: 200.000 serii) \u0219i <em>Jamboreea Na\u021bional\u0103<\/em>, Sibiu (1932), \u0219ase m\u0103rci po\u0219tale (tiraj: 47.412 serii). Cea mai recent\u0103 emisiune dedicat\u0103 temei a fost realizat\u0103 \u00een anul 2017, sub titulatura <em>A \u0219asea Jamboree Na\u021bional\u0103 a Cerceta\u0219ilor Rom\u00e2ni<\/em>, alc\u0103tuit\u0103 din patru timbre. De remarcat c\u0103 al\u0103turi de imagini care prezint\u0103 activit\u0103\u021bi concrete ale <em>Cercet\u0103\u0219iei<\/em>, patru m\u0103rci po\u0219tale prezint\u0103 portrete ale Principelui Nicolae, Regelui Carol al II-lea \u0219i Principelui Mihai (viitorul Rege Mihai I) ca o recunoa\u0219tere a sprijinului \u0219i particip\u0103rii nemijlocite la via\u021ba organiza\u021biei.<\/p>\n<p>Asocia\u021bia Cerceta\u0219ilor din Rom\u00e2nia a trecut prin mai multe reorganiz\u0103ri, sub denumirea de \u201eStraja \u021a\u0103rii\u201d sau \u201eCercet\u0103\u0219ia Rom\u00e2niei\u201d \u0219i a fost desfiin\u021bat\u0103 \u00een anul 1940 odat\u0103 cu abdicarea Regelui Carol al II-lea. Urmeaz\u0103 instaurarea regimului comunist c\u00e2nd activit\u0103\u021bile specifice v\u00e2rstei tinere au fost centralizate sub conducerea <em>Organiza\u021biei Pionierilor <\/em>\u0219i <em>Uniunii Tineretului Comunist.<\/em><\/p>\n<p>Re\u00eenfiin\u021bat\u0103 \u00een 1990 Cercet\u0103\u0219ia rom\u00e2neasc\u0103 prime\u0219te \u00een anul 1993 recunoa\u0219terea WOSM (Organiza\u021bia Mondial\u0103 a Mi\u0219c\u0103rii Scout care num\u0103r\u0103 peste 50.000.000 de membri din 216 \u021b\u0103ri \u0219i teritorii).<\/p>\n<p>Ghidat de cele 10 <em>Legi ale Cerceta\u0219ului<\/em>,\u00a0 fiecare membru trebuie s\u0103 aib\u0103 \u00een vedere, \u00eentre altele, iubirea de \u021bar\u0103, ajutorarea semenilor, ocrotirea naturii \u0219i faunei, respectul pentru p\u0103rin\u021bi \u0219i profesori, dorin\u021ba de a \u00eenv\u0103\u021ba pentru sine \u0219i a \u00eenv\u0103\u021ba \u0219i pe al\u021bii, s\u0103 aib\u0103 ca obiectiv permanent \u201ecel pu\u021bin o fapt\u0103 bun\u0103 pe zi\u201d.<\/p>\n<p>De re\u021binut c\u0103 deviza cerceta\u0219ilor rom\u00e2ni este GATA ORIC\u00c2ND! (adaptarea motto-ului <em>Be prepared <\/em>al lui Sir Robert Baden-Powell, fondatorul Mi\u0219c\u0103rii Cerceta\u0219ilor).<\/p>\n<p><em>Romfilatelia mul\u021bume\u0219te reprezentan\u021bilor Organiza\u021biei Cerceta\u0219ii Rom\u00e2niei pentru sprijinul documentar \u0219i fotografic acordat la realizarea acestei emisiuni de m\u0103rci po\u0219tale.<\/em><\/p>\n<p><a href=\"https:\/\/romfilatelia.ro\/magazin\/wp-content\/uploads\/2023\/04\/caract_Cercetasii-Romaniei.jpg\"><img decoding=\"async\" loading=\"lazy\" class=\"aligncenter size-full wp-image-2032461\" src=\"https:\/\/romfilatelia.ro\/magazin\/wp-content\/uploads\/2023\/04\/caract_Cercetasii-Romaniei.jpg\" alt=\"\" width=\"1699\" height=\"1045\" srcset=\"https:\/\/romfilatelia.ro\/magazin\/wp-content\/uploads\/2023\/04\/caract_Cercetasii-Romaniei.jpg 1699w, https:\/\/romfilatelia.ro\/magazin\/wp-content\/uploads\/2023\/04\/caract_Cercetasii-Romaniei-300x185.jpg 300w, https:\/\/romfilatelia.ro\/magazin\/wp-content\/uploads\/2023\/04\/caract_Cercetasii-Romaniei-800x492.jpg 800w, https:\/\/romfilatelia.ro\/magazin\/wp-content\/uploads\/2023\/04\/caract_Cercetasii-Romaniei-768x472.jpg 768w, https:\/\/romfilatelia.ro\/magazin\/wp-content\/uploads\/2023\/04\/caract_Cercetasii-Romaniei-1536x945.jpg 1536w, https:\/\/romfilatelia.ro\/magazin\/wp-content\/uploads\/2023\/04\/caract_Cercetasii-Romaniei-500x308.jpg 500w, https:\/\/romfilatelia.ro\/magazin\/wp-content\/uploads\/2023\/04\/caract_Cercetasii-Romaniei-64x39.jpg 64w\" sizes=\"(max-width: 1699px) 100vw, 1699px\" \/><\/a><\/p>\n<p>&nbsp;<\/p>\n","protected":false},"excerpt":{"rendered":"<p>\u00cen tematica dedicat\u0103 promov\u0103rii educa\u021biei tineretului din Rom\u00e2nia, Romfilatelia introduce \u00een circula\u021bie joi, 20 aprilie a.c., emisiunea de m\u0103rci po\u0219tale Cerceta\u0219ii Rom\u00e2niei, alc\u0103tuit\u0103 din 2 m\u0103rci po\u0219tale cu valorile nominale de 2,90 Lei \u0219i 11 Lei \u0219i respectiv un plic prima zi \u0219i un set de c\u0103r\u021bi po\u0219tale maxime pentru iubitorii de maximafilie. Cercet\u0103\u0219ia (o&hellip;&nbsp;<a href=\"https:\/\/romfilatelia.ro\/magazin\/produs\/colectii-anuale\/2023\/cercetasii-romaniei-2\/\" class=\"\" rel=\"bookmark\">Cite\u0219te mai mult &raquo;<span class=\"screen-reader-text\">CERCETA\u0218II ROM\u00c2NIEI<\/span><\/a><\/p>\n","protected":false},"featured_media":2032462,"template":"","meta":{"neve_meta_sidebar":"","neve_meta_container":"","neve_meta_enable_content_width":"off","neve_meta_content_width":100,"neve_meta_title_alignment":"","neve_meta_author_avatar":"","neve_post_elements_order":"","neve_meta_disable_header":"","neve_meta_disable_footer":"","neve_meta_disable_title":""},"product_cat":[330,6],"product_tag":[],"_links":{"self":[{"href":"https:\/\/romfilatelia.ro\/magazin\/wp-json\/wp\/v2\/product\/2032456"}],"collection":[{"href":"https:\/\/romfilatelia.ro\/magazin\/wp-json\/wp\/v2\/product"}],"about":[{"href":"https:\/\/romfilatelia.ro\/magazin\/wp-json\/wp\/v2\/types\/product"}],"wp:featuredmedia":[{"embeddable":true,"href":"https:\/\/romfilatelia.ro\/magazin\/wp-json\/wp\/v2\/media\/2032462"}],"wp:attachment":[{"href":"https:\/\/romfilatelia.ro\/magazin\/wp-json\/wp\/v2\/media?parent=2032456"}],"wp:term":[{"taxonomy":"product_cat","embeddable":true,"href":"https:\/\/romfilatelia.ro\/magazin\/wp-json\/wp\/v2\/product_cat?post=2032456"},{"taxonomy":"product_tag","embeddable":true,"href":"https:\/\/romfilatelia.ro\/magazin\/wp-json\/wp\/v2\/product_tag?post=2032456"}],"curies":[{"name":"wp","href":"https:\/\/api.w.org\/{rel}","templated":true}]}}