{"id":2032202,"date":"2023-02-23T16:19:30","date_gmt":"2023-02-23T14:19:30","guid":{"rendered":"https:\/\/romfilatelia.ro\/magazin\/?post_type=product&#038;p=2032202"},"modified":"2023-02-23T16:23:14","modified_gmt":"2023-02-23T14:23:14","slug":"florile-iubirii","status":"publish","type":"product","link":"https:\/\/romfilatelia.ro\/magazin\/produs\/colectii-anuale\/2023\/florile-iubirii\/","title":{"rendered":"FLORILE IUBIRII"},"content":{"rendered":"<p><a href=\"https:\/\/romfilatelia.ro\/magazin\/wp-content\/uploads\/2023\/02\/SITE_serie_Florile-iubirii.jpg\"><img decoding=\"async\" loading=\"lazy\" class=\"wp-image-2032203 size-medium alignleft\" src=\"https:\/\/romfilatelia.ro\/magazin\/wp-content\/uploads\/2023\/02\/SITE_serie_Florile-iubirii-300x179.jpg\" alt=\"\" width=\"300\" height=\"179\" srcset=\"https:\/\/romfilatelia.ro\/magazin\/wp-content\/uploads\/2023\/02\/SITE_serie_Florile-iubirii-300x179.jpg 300w, https:\/\/romfilatelia.ro\/magazin\/wp-content\/uploads\/2023\/02\/SITE_serie_Florile-iubirii-500x298.jpg 500w, https:\/\/romfilatelia.ro\/magazin\/wp-content\/uploads\/2023\/02\/SITE_serie_Florile-iubirii-64x38.jpg 64w, https:\/\/romfilatelia.ro\/magazin\/wp-content\/uploads\/2023\/02\/SITE_serie_Florile-iubirii.jpg 655w\" sizes=\"(max-width: 300px) 100vw, 300px\" \/><\/a>\u00cen zi de <strong>Dragobete, <\/strong><em>vineri, 24 februarie a.c.<\/em>, c\u00e2nd rom\u00e2nii celebreaz\u0103 iubirea, <strong>Romfilatelia<\/strong> veste\u0219te prim\u0103vara, prin delicate buchete de flori ilustrate pe timbrele emisiunii <strong><em>Florile iubirii<\/em><\/strong> cu valorile nominale de <strong>3 lei, 9 lei <\/strong>\u0219i <strong>11 lei<\/strong>.<\/p>\n<p>Lalele, narcise, magnolii, bujori v\u0103 a\u0219teapt\u0103 s\u0103 le descoperi\u021bi \u00een noua emisiune filatelic\u0103 alc\u0103tuit\u0103 din 3 timbre, un plic \u201eprima zi\u201d, 3 minicoli, o map\u0103 filatelic\u0103 \u0219i un set de c\u0103r\u021bi po\u0219tale maxime pentru iubitorii de maximafilie.<\/p>\n<p>Un dar trimis \u00een zi de Dragobete, un dar care ne aminte\u0219te de soare, de cer senin, de prim\u0103var\u0103&#8230; \u201e\u0218i iar s-a luminat pe sus \/ \u0218i r\u00e2de soarele lui marte!\u201d, ne avertiza c\u00e2ndva G. Co\u0219buc, c\u0103ci toat\u0103 bucuria, toat\u0103 lumina, toat\u0103 exuberan\u021ba acestui anotimp se reg\u0103sesc \u00een parfumul florilor, \u00een tandre\u021bea ploii, \u00een eternul dans al inimilor \u00eendr\u0103gostite. O tem\u0103 drag\u0103 filateli\u0219tilor, florile, pe care <strong>Romfilatelia <\/strong>le-a legat cu un fir de m\u0103r\u021bi\u0219or, semn al candorii, al purit\u0103\u021bii, al rena\u0219terii \u0219i al ging\u0103\u0219iei prinse \u00eentr-un buchet de dulci adieri \u00eemb\u0103t\u0103toare\u2026.<\/p>\n<p>Dar iubirea? Cu ce \u0219nur s\u0103 leg\u0103m iubirea? Ca s\u0103 nu mai plece de la noi, a\u0219a cum odinioar\u0103 vechii greci au t\u0103iat aripile zei\u021bei victoriei, pentru a nu-i mai p\u0103r\u0103si vreodat\u0103! Ce flori putem coase pe mantia ei ca, r\u0103sfirat\u0103 peste lume, s\u0103 salveze uria\u0219ul pas al secundei noastre p\u0103m\u00e2ntene? Lalele? Ele exist\u0103 \u00een peste 3000 de variet\u0103\u021bi, spun speciali\u0219tii, dar dac\u0103 am alege-o pe cea numit\u0103 <em>Semper Augustus<\/em>, considerat\u0103 la un moment dat a fi tot ce a creat mai frumos Dumnezeu, colorat\u0103 \u00een alb \u0219i ro\u0219u, am \u00een\u021belege, poate, de ce bulbii se vindeau c\u00e2ndva cu sume enorme la burs\u0103.<\/p>\n<p>Sau poate flori de m\u0103r? \u0218i ele \u00een alb \u0219i ro\u0219u, pe c\u00e2t par de fragile, pe at\u00e2t de viguroase sunt, semn c\u0103 hlamida alb\u0103 a iernii nu va rezista impetuozit\u0103\u021bii soarelui care va face s\u0103 renasc\u0103 totul. \u201eE ceasul c\u00e2nd fo\u0219nesc \u00een cer salc\u00e2mii\u201d, ne asigur\u0103 Radu Gyr, c\u00e2nd m\u00e2na nev\u0103zut\u0103 a marelui creator de forme \u0219i culori a\u0219az\u0103 \u00een fiecare petal\u0103 prospe\u021bime \u0219i candoare.<\/p>\n<p>Dar narcisele at\u00e2t de pre\u021buite de noi to\u021bi? Cultivate \u00een gr\u0103din\u0103 sau a\u0219ezate \u00een glastr\u0103, \u00ee\u0219i r\u0103sp\u00e2ndesc parfumul cu risip\u0103 de generozitate, ad\u0103ug\u00e2nd vie\u021bii noastre bucuria \u0219i farmecul de care avem nevoie. D\u0103ruite \u00een buchete mai mari sau mai mici, \u00eencrustate pe diverse obiecte sau d\u0103ltuite \u00een piatr\u0103, aplicate pe timbre ori c\u00e2ntate de poe\u021bi din cele mai vechi timpuri p\u00e2n\u0103 azi, florile ne fascineaz\u0103, ne cople\u0219esc cu parfumul, cu formele \u0219i culorile lor venind, parc\u0103, s\u0103-i dea omului \u00eent\u00e2lnirea cu cerul \u0219i p\u0103m\u00e2ntul.<\/p>\n<p>C\u0103ci, \u201eE ceasul c\u00e2nd fo\u0219nesc \u00een cer salc\u00e2mii \/ \u0218i c\u00e2nd miroase luna a trifoi\u201d.<\/p>\n<p><strong><em>Mapa filatelic\u0103 <\/em><\/strong><em>este realizat\u0103 \u00een tiraj limitat de <strong>176<\/strong> exemplare \u0219i este echipat\u0103 cu blocul filatelic special de trei timbre nedantelate al emisiunii, cu \u0219tampila \u201eprima zi\u201d tip\u0103rit\u0103 \u0219i cu \u201em\u0103r\u021bi\u0219or\u201d \u00een folio aur. <\/em><em>Blocul filatelic special este numerotat de la <strong>001<\/strong> la <strong>176<\/strong>.<\/em><\/p>\n<p><a href=\"https:\/\/romfilatelia.ro\/magazin\/wp-content\/uploads\/2023\/02\/caract_FLORILE-IUBIRII.jpg\"><img decoding=\"async\" loading=\"lazy\" class=\"aligncenter size-full wp-image-2032204\" src=\"https:\/\/romfilatelia.ro\/magazin\/wp-content\/uploads\/2023\/02\/caract_FLORILE-IUBIRII.jpg\" alt=\"\" width=\"1694\" height=\"1734\" srcset=\"https:\/\/romfilatelia.ro\/magazin\/wp-content\/uploads\/2023\/02\/caract_FLORILE-IUBIRII.jpg 1694w, https:\/\/romfilatelia.ro\/magazin\/wp-content\/uploads\/2023\/02\/caract_FLORILE-IUBIRII-293x300.jpg 293w, https:\/\/romfilatelia.ro\/magazin\/wp-content\/uploads\/2023\/02\/caract_FLORILE-IUBIRII-782x800.jpg 782w, https:\/\/romfilatelia.ro\/magazin\/wp-content\/uploads\/2023\/02\/caract_FLORILE-IUBIRII-768x786.jpg 768w, https:\/\/romfilatelia.ro\/magazin\/wp-content\/uploads\/2023\/02\/caract_FLORILE-IUBIRII-1501x1536.jpg 1501w, https:\/\/romfilatelia.ro\/magazin\/wp-content\/uploads\/2023\/02\/caract_FLORILE-IUBIRII-500x512.jpg 500w, https:\/\/romfilatelia.ro\/magazin\/wp-content\/uploads\/2023\/02\/caract_FLORILE-IUBIRII-64x66.jpg 64w\" sizes=\"(max-width: 1694px) 100vw, 1694px\" \/><\/a><\/p>\n<p>&nbsp;<\/p>\n<p>&nbsp;<\/p>\n","protected":false},"excerpt":{"rendered":"<p>\u00cen zi de Dragobete, vineri, 24 februarie a.c., c\u00e2nd rom\u00e2nii celebreaz\u0103 iubirea, Romfilatelia veste\u0219te prim\u0103vara, prin delicate buchete de flori ilustrate pe timbrele emisiunii Florile iubirii cu valorile nominale de 3 lei, 9 lei \u0219i 11 lei. Lalele, narcise, magnolii, bujori v\u0103 a\u0219teapt\u0103 s\u0103 le descoperi\u021bi \u00een noua emisiune filatelic\u0103 alc\u0103tuit\u0103 din 3 timbre, un&hellip;&nbsp;<a href=\"https:\/\/romfilatelia.ro\/magazin\/produs\/colectii-anuale\/2023\/florile-iubirii\/\" class=\"\" rel=\"bookmark\">Cite\u0219te mai mult &raquo;<span class=\"screen-reader-text\">FLORILE IUBIRII<\/span><\/a><\/p>\n","protected":false},"featured_media":2032203,"template":"","meta":{"neve_meta_sidebar":"","neve_meta_container":"","neve_meta_enable_content_width":"off","neve_meta_content_width":100,"neve_meta_title_alignment":"","neve_meta_author_avatar":"","neve_post_elements_order":"","neve_meta_disable_header":"","neve_meta_disable_footer":"","neve_meta_disable_title":""},"product_cat":[330,6],"product_tag":[],"_links":{"self":[{"href":"https:\/\/romfilatelia.ro\/magazin\/wp-json\/wp\/v2\/product\/2032202"}],"collection":[{"href":"https:\/\/romfilatelia.ro\/magazin\/wp-json\/wp\/v2\/product"}],"about":[{"href":"https:\/\/romfilatelia.ro\/magazin\/wp-json\/wp\/v2\/types\/product"}],"wp:featuredmedia":[{"embeddable":true,"href":"https:\/\/romfilatelia.ro\/magazin\/wp-json\/wp\/v2\/media\/2032203"}],"wp:attachment":[{"href":"https:\/\/romfilatelia.ro\/magazin\/wp-json\/wp\/v2\/media?parent=2032202"}],"wp:term":[{"taxonomy":"product_cat","embeddable":true,"href":"https:\/\/romfilatelia.ro\/magazin\/wp-json\/wp\/v2\/product_cat?post=2032202"},{"taxonomy":"product_tag","embeddable":true,"href":"https:\/\/romfilatelia.ro\/magazin\/wp-json\/wp\/v2\/product_tag?post=2032202"}],"curies":[{"name":"wp","href":"https:\/\/api.w.org\/{rel}","templated":true}]}}