{"id":2032142,"date":"2023-02-16T15:12:38","date_gmt":"2023-02-16T13:12:38","guid":{"rendered":"https:\/\/romfilatelia.ro\/magazin\/?post_type=product&#038;p=2032142"},"modified":"2023-02-16T15:12:38","modified_gmt":"2023-02-16T13:12:38","slug":"timisoara-2023-capitala-europeana-a-culturii-4","status":"publish","type":"product","link":"https:\/\/romfilatelia.ro\/magazin\/produs\/colectii-anuale\/2023\/timisoara-2023-capitala-europeana-a-culturii-4\/","title":{"rendered":"TIMI\u015eOARA 2023, CAPITAL\u0102 EUROPEAN\u0102 A CULTURII"},"content":{"rendered":"<p><strong><a href=\"https:\/\/www.romfilatelia.ro\/wp-content\/uploads\/2023\/02\/SITE_mc_Timisoara-2023-jpg.webp\"><img decoding=\"async\" loading=\"lazy\" class=\"alignleft wp-image-2040594\" src=\"https:\/\/www.romfilatelia.ro\/wp-content\/uploads\/2023\/02\/SITE_mc_Timisoara-2023-jpg.webp\" alt=\"\" width=\"350\" height=\"348\" \/><\/a>Romfilatelia<\/strong> a inclus \u00een planul editorial curent emisiunea de m\u0103rci po\u0219tale <strong><em>Timi\u0219oara 2023, Capital\u0103 European\u0103 a Culturii<\/em><\/strong>, ce va intra \u00een circula\u021bie <em>vineri, 17 februarie a.c<\/em>. Emisiunea este alc\u0103tuit\u0103 din 4 timbre, o coli\u021b\u0103 dantelat\u0103 \u0219i 2 plicuri <em>prima zi.<\/em><\/p>\n<p>Atestat\u0103 documentar \u00een anul 1212, Timi\u015foara a avut o istorie zbuciumat\u0103 afl\u00e2ndu-se, dup\u0103 cum spune cronicarul, \u201esub vremi\u201d. Din anul 1918, dup\u0103 \u00eenf\u0103ptuirea Marii Uniri, s-a \u00eentors acas\u0103, la \u0163ara-mam\u0103, Rom\u00e2nia. Ora\u015f de larg\u0103 respira\u0163ie european\u0103, s-a bucurat de o bun\u0103 dezvoltare pe toate palierele, \u00eenregistr\u00e2nd cele mai multe premiere \u00een domenii de o mare diversitate.<\/p>\n<p>\u00cen anul 2023, ora\u015ful de pe Bega este Capital\u0103 European\u0103 a Culturii. Sloganul \u00eentregii campanii este <strong><em>Lumineaz\u0103 ora\u0219ul prin tine<\/em><\/strong><em>!<\/em> <strong><em>(Shine your light \u2013 Light up your city!)<\/em><\/strong>. C\u0103l\u0103toria transformatoare este v\u0103zut\u0103 ca un proces derulat \u00een jurul a trei teritorii principale: teritoriul oamenilor, teritoriul locurilor \u015fi teritoriul conexiunilor care vor preg\u0103ti ora\u015ful pentru noile experien\u0163e.<\/p>\n<p>Pe timbrele emisiunii sunt redate urm\u0103toarele cl\u0103diri \u2013 monument istoric:<\/p>\n<p>Pe timbrul cu valoarea nominal\u0103 de <strong>1,40 lei<\/strong> este reprezentat\u0103 <strong><em>Catedrala Mitropolitan\u0103 Ortodox\u0103,<\/em> <\/strong>edificiu construit \u00een stil neorom\u00e2nesc ale c\u0103rui clopote au fost armonizate de c\u0103tre compozitorul Sabin Dr\u0103goi. Situat\u0103 pe latura sudic\u0103 a Pie\u021bei Victoriei, este cel mai impozant edificiu religios din Timi\u0219oara, monument istoric de importan\u021b\u0103 na\u021bional\u0103. Construirea catedralei a \u00eenceput \u00een anul 1936, iar t\u00e2rnosirea (sfin\u021birea) l\u0103ca\u0219ului de cult, cu hramul \u201eSfin\u021bilor Trei Ierarhi\u201d, s-a f\u0103cut la 6 octombrie 1946, de c\u0103tre patriarhul Nicodim Munteanu, \u00een prezen\u021ba Regelui Mihai I, \u00een calitate de ctitor.<\/p>\n<p>Timbrul cu valoarea nominal\u0103 de <strong>2,20 lei<\/strong> red\u0103 <strong><em>Domul Romano \u2013 Catolic<\/em><\/strong>. Construit \u00een stil baroc, Domul este situat \u00een <strong>Pia\u0163a Unirii,<\/strong> cea mai frumoas\u0103 pia\u0163\u0103 din ora\u0219, str\u0103juit\u0103 de cl\u0103diri construite \u00eentr-o varietate de stiluri: baroc, clasicist, eclectic istoricist sau al anilor 1900 \u2013 curentul Secession. \u00cen forma actual\u0103, pia\u0163a a fost amenajat\u0103 \u00een anii 1988 \u2013 1989, de arhitectul \u0218erban Sturdza.<\/p>\n<p>Timbrul cu valoarea nominal\u0103 de <strong>11 lei<\/strong> ilustreaz\u0103 <strong><em>Castelul de Ap\u0103 din Iosefin<\/em><\/strong><em>,<\/em> monument industrial situat \u00een imediata apropiere a canalului Bega. A fost construit \u00eentre anii 1913-1914, \u00een stilul anilor 1900, curentul Secession. Ast\u0103zi, turnul este transformat \u00eentr-un centru cultural permanent, devenind unul dintre cele mai importante obiective turistice din cartierul Iosefin.<\/p>\n<p>Pe timbrul cu valoarea nominal\u0103 de <strong>19,50 lei<\/strong> este reprezentat <strong><em>Palatul Culturii,<\/em><\/strong> situat \u00een Pia\u021ba Victoriei. Palatul cuprinde Opera Rom\u00e2n\u0103 Timi\u015foara \u015fi cele trei teatre de stat: Teatrul Na\u0163ional \u201eMihai Eminescu\u201d, Teatrul German de Stat, Teatrul Maghiar \u201eCsiky Gergely\u201d. Ars\u0103 \u0219i reparat\u0103 de mai multe ori, cl\u0103direa a mai suportat o interven\u021bie c\u00e2nd, \u00eentre 1934-1936, fa\u0163ada principal\u0103 a fost modificat\u0103 fundamental, prin construirea unui arc uria\u015f \u00een stil modern.<\/p>\n<p>Coli\u021ba dantelat\u0103 a emisiunii are \u00een compozi\u021bia sa grafic\u0103, al\u0103turi de imaginea <strong><em>Catedralei Mitropolitane Ortodoxe <\/em><\/strong>din marca po\u0219tal\u0103 cu valoarea nominal\u0103 de <strong>34 lei<\/strong>, o vedere panoramic\u0103 a Pie\u021bei Unirii, \u00een timp ce pe cele dou\u0103 plicuri <em>prima zi<\/em> sunt ilustrate Catedrala Mitropolitan\u0103 Ortodox\u0103, respectiv o imagine de ansamblu a Pie\u021bei Unirii.<\/p>\n<p><em>Romfilatelia mul\u021bume\u0219te Prim\u0103riei Timi\u0219oara pentru sprijinul documentar \u0219i fotografic acordat la realizarea acestei emisiuni de m\u0103rci po\u0219tale<\/em>.<\/p>\n<p><a href=\"https:\/\/www.romfilatelia.ro\/wp-content\/uploads\/2023\/02\/caract_Timisoara-jpg.webp\"><img decoding=\"async\" loading=\"lazy\" class=\"aligncenter size-full wp-image-2040581\" src=\"https:\/\/www.romfilatelia.ro\/wp-content\/uploads\/2023\/02\/caract_Timisoara-jpg.webp\" alt=\"\" width=\"1688\" height=\"1195\" \/><\/a><\/p>\n","protected":false},"excerpt":{"rendered":"<p>Romfilatelia a inclus \u00een planul editorial curent emisiunea de m\u0103rci po\u0219tale Timi\u0219oara 2023, Capital\u0103 European\u0103 a Culturii, ce va intra \u00een circula\u021bie vineri, 17 februarie a.c. Emisiunea este alc\u0103tuit\u0103 din 4 timbre, o coli\u021b\u0103 dantelat\u0103 \u0219i 2 plicuri prima zi. Atestat\u0103 documentar \u00een anul 1212, Timi\u015foara a avut o istorie zbuciumat\u0103 afl\u00e2ndu-se, dup\u0103 cum spune&hellip;&nbsp;<a href=\"https:\/\/romfilatelia.ro\/magazin\/produs\/colectii-anuale\/2023\/timisoara-2023-capitala-europeana-a-culturii-4\/\" class=\"\" rel=\"bookmark\">Cite\u0219te mai mult &raquo;<span class=\"screen-reader-text\">TIMI\u015eOARA 2023, CAPITAL\u0102 EUROPEAN\u0102 A CULTURII<\/span><\/a><\/p>\n","protected":false},"featured_media":2032147,"template":"","meta":{"neve_meta_sidebar":"","neve_meta_container":"","neve_meta_enable_content_width":"off","neve_meta_content_width":100,"neve_meta_title_alignment":"","neve_meta_author_avatar":"","neve_post_elements_order":"","neve_meta_disable_header":"","neve_meta_disable_footer":"","neve_meta_disable_title":""},"product_cat":[330,6],"product_tag":[],"_links":{"self":[{"href":"https:\/\/romfilatelia.ro\/magazin\/wp-json\/wp\/v2\/product\/2032142"}],"collection":[{"href":"https:\/\/romfilatelia.ro\/magazin\/wp-json\/wp\/v2\/product"}],"about":[{"href":"https:\/\/romfilatelia.ro\/magazin\/wp-json\/wp\/v2\/types\/product"}],"wp:featuredmedia":[{"embeddable":true,"href":"https:\/\/romfilatelia.ro\/magazin\/wp-json\/wp\/v2\/media\/2032147"}],"wp:attachment":[{"href":"https:\/\/romfilatelia.ro\/magazin\/wp-json\/wp\/v2\/media?parent=2032142"}],"wp:term":[{"taxonomy":"product_cat","embeddable":true,"href":"https:\/\/romfilatelia.ro\/magazin\/wp-json\/wp\/v2\/product_cat?post=2032142"},{"taxonomy":"product_tag","embeddable":true,"href":"https:\/\/romfilatelia.ro\/magazin\/wp-json\/wp\/v2\/product_tag?post=2032142"}],"curies":[{"name":"wp","href":"https:\/\/api.w.org\/{rel}","templated":true}]}}