{"id":2031409,"date":"2022-09-15T09:00:03","date_gmt":"2022-09-15T07:00:03","guid":{"rendered":"https:\/\/romfilatelia.ro\/magazin\/?post_type=product&#038;p=2031409"},"modified":"2022-09-16T09:31:11","modified_gmt":"2022-09-16T07:31:11","slug":"emisiune-comuna-romania-ordinul-suveran-militar-de-malta-90-de-ani-de-relatii-diplomatice-dintre-romania-si-ordinul-suveran-militar-de-malta","status":"publish","type":"product","link":"https:\/\/romfilatelia.ro\/magazin\/produs\/colectii-anuale\/2022\/emisiune-comuna-romania-ordinul-suveran-militar-de-malta-90-de-ani-de-relatii-diplomatice-dintre-romania-si-ordinul-suveran-militar-de-malta\/","title":{"rendered":"Emisiune comun\u0103 ROM\u00c2NIA \u2013 ORDINUL SUVERAN MILITAR DE MALTA 90 DE ANI DE RELA\u021aII DIPLOMATICE DINTRE ROM\u00c2NIA \u0218I ORDINUL SUVERAN MILITAR DE MALTA"},"content":{"rendered":"<p><a href=\"https:\/\/www.romfilatelia.ro\/wp-content\/uploads\/2022\/09\/SITE_Mc_Em-Com-RO-Ord-Suv-Mil-de-Malta.jpg\"><img decoding=\"async\" loading=\"lazy\" class=\"alignleft wp-image-2038564\" src=\"https:\/\/www.romfilatelia.ro\/wp-content\/uploads\/2022\/09\/SITE_Mc_Em-Com-RO-Ord-Suv-Mil-de-Malta.jpg\" alt=\"\" width=\"350\" height=\"680\" \/><\/a>\u00cen 1048, lua fiin\u021b\u0103, la Ierusalim, un spital pentru pelerinii ce veneau \u00een \u021aara Sf\u00e2nt\u0103. Acest spital era administrat de comunitatea Ospitalierilor Sf. Ioan, cea care mai t\u00e2rziu avea s\u0103 devin\u0103 Ordinul Suveran Militar Ospitalier al Sf\u00e2ntului Ioan de Ierusalim, de Rhodos \u0219i de Malta.<\/p>\n<p>Comunitatea Ospitalierilor a fost recunoscut\u0103 drept ordin religios al Bisericii Catolice de Papa Pascal al II-lea, \u00een anul 1113, iar prin bula papal\u0103 Ordinul a primit dreptul de a-\u0219i alege singur conduc\u0103torii, f\u0103r\u0103 interferen\u021be din partea altor autorit\u0103\u021bi laice sau religioase. Membrii Ordinului f\u0103ceau jur\u0103minte de s\u0103r\u0103cie, castitate \u0219i ascultare \u0219i se dedicau s\u0103-i ajute pe cei nevoia\u0219i \u0219i bolnavi.<\/p>\n<p>Ulterior, acest Ordin a devenit \u0219i \u201emilitar\u201d, g\u00e2ndit ca un mijloc de ocrotire \u0219i ap\u0103rare a bolnavilor, pelerinilor, precum \u0219i a teritoriilor cre\u0219tine ale \u021a\u0103rii Sfinte.<\/p>\n<p>De aproape un mileniu, Ordinul s-a aflat, prin ac\u021biunile sale caritabile, al\u0103turi de nevoia\u0219i, bolnavi \u0219i refugia\u021bi, folosind mijloace specifice vremurilor respective. \u00cen baza meritelor sale, Ordinul se manifest\u0103 \u0219i ast\u0103zi ca o prezen\u021b\u0103 suveran\u0103, fiind recunoscut ca subiect de drept interna\u021bional. Ordinul \u00eentre\u021bine rela\u021bii diplomatice cu 112 de state \u0219i Uniunea European\u0103, se bucur\u0103 de statut de observator permanent pe l\u00e2ng\u0103 Organiza\u021bia Na\u021biunilor Unite \u0219i a \u00eencheiat acorduri de cooperare interna\u021bional\u0103 cu peste 50 de state.<\/p>\n<p>Totodat\u0103, prin asocia\u021biile sale locale \u0219i re\u021belele sale de voluntari, Ordinul este prezent \u00een 120 de \u021b\u0103ri ale lumii pentru a putea pune \u00een practic\u0103 misiunea sa caritabil\u0103.<\/p>\n<p>Primele rela\u021bii dintre poporul rom\u00e2n \u0219i Ordinul maltez dateaz\u0103 \u00eenc\u0103 din secolul al XIII-lea c\u00e2nd, prin intermediul Diplomei Cavalerilor Ioani\u021bi, regele Ungariei, Bela al IV-lea, i-a invitat pe ace\u0219tia s\u0103 se stabileasc\u0103 \u00een Banat. Totodat\u0103, istoricii consider\u0103 c\u0103 primul a\u0219ez\u0103m\u00e2nt spitalicesc de pe teritoriul actual al Rom\u00e2niei a fost fondat de ace\u0219tia la Oradea, cu mult \u00eenaintea celui de la Sibiu, a c\u0103rui atestare documentar\u0103 dateaz\u0103 de la anul 1292.<\/p>\n<p>\u00cen urm\u0103 cu 90 de ani, \u00een 1932, s-au pus bazele stabilirii rela\u021biilor diplomatice bilaterale, la nivel de lega\u021bie, iar pe 27 ianuarie 1933, primul reprezentant diplomatic al Ordinului, contele Michel de Pierredon, \u00ee\u0219i prezenta scrisorile de acreditare la Bucure\u0219ti.<\/p>\n<p>Rela\u021biile au \u00eencetat \u00een 1948, f\u0103r\u0103 a fi denun\u021bate explicit, \u00eens\u0103, de c\u0103tre p\u0103r\u021bi, iar \u00een 1962 a luat fiin\u021b\u0103 \u201eAsocia\u021bia Rom\u00e2n\u0103 a membrilor Ordinului Suveran Militar de Malta\u201d care va func\u021biona \u00een exil p\u00e2n\u0103 \u00een anul 1991, an \u00een care sunt reluate rela\u021biile bilaterale, de aceast\u0103 dat\u0103 ridicate la nivel de ambasad\u0103.<\/p>\n<p>Cu ocazia \u00eemplinirii a nou\u0103 decenii de rela\u021bii diplomatice dintre Rom\u00e2nia \u0219i Ordinul Suveran Militar de Malta, <strong>Romfilatelia<\/strong> introduce \u00een circula\u021bie <em>vineri, 16 septembrie a.c.<\/em>, emisiunea comun\u0103 de m\u0103rci po\u0219tale dedicat\u0103 acestui eveniment.<\/p>\n<p>Subiectul ales pentru a ilustra machetele emisiunii comune a avut \u00een vedere colaborarea \u00een domeniul asisten\u021bei umanitare \u0219i numeroase proiecte derulate de Ordinul Suveran \u00een \u021bara noastr\u0103 \u00een domeniul asisten\u021bei medicale, ajutorului la dezastre, sprijinirii persoanelor cu dizabilit\u0103\u021bi, a b\u0103tr\u00e2nilor, a tinerilor, a copiilor de etnie rom\u0103 \u0219i altor categorii de persoane aflate \u00een condi\u021bii de vulnerabilitate. De asemenea, Ordinul Suveran de Malta, prin intermediul Serviciului de Ajutor Maltez \u00een Rom\u00e2nia \u0219i al Asocia\u021biei Rom\u00e2ne a Ordinului de Malta, a acordat sprijin concret Rom\u00e2niei \u00een contextul pandemiei de COVID-19.<\/p>\n<p>Pe timbrul cu valoarea nominal\u0103 de <strong>10 lei<\/strong>, este redat\u0103 o ac\u021biune comun\u0103 a Serviciului de Ajutor Maltez \u00een Rom\u00e2nia \u0219i a pompierilor rom\u00e2ni \u00een timpul unei interven\u021bii urgente de desz\u0103pezire.<\/p>\n<p>Pe timbrul cu valoarea nominal\u0103 de <strong>16 lei<\/strong> sunt prezenta\u021bi voluntari ai Serviciului de Ajutor Maltez \u00een Rom\u00e2nia \u00een timp ce ofer\u0103 asisten\u021b\u0103 refugia\u021bilor ucraineni la grani\u021ba cu Rom\u00e2nia.<\/p>\n<p><em>Romfilatelia mul\u021bume\u0219te reprezentan\u021bilor Administra\u021biei Po\u0219tale a Ordinului Suveran Militar de Malta, Ambasadei Rom\u00e2niei pe l\u00e2ng\u0103 Sf\u00e2ntul Scaun \u0219i Ordinului Suveran de Malta \u00een Rom\u00e2nia pentru sprijinul documentar \u0219i fotografic acordat la realizarea acestei emisiuni comune de m\u0103rci po\u0219tale.<\/em><\/p>\n<p><img decoding=\"async\" loading=\"lazy\" class=\"alignnone size-full wp-image-2038565\" src=\"https:\/\/www.romfilatelia.ro\/wp-content\/uploads\/2022\/09\/caract_EM-COM.-ROM-ORDINUL-SUV.-DE-MALTA.jpg\" alt=\"\" width=\"1101\" height=\"751\" \/><\/p>\n","protected":false},"excerpt":{"rendered":"<p>\u00cen 1048, lua fiin\u021b\u0103, la Ierusalim, un spital pentru pelerinii ce veneau \u00een \u021aara Sf\u00e2nt\u0103. Acest spital era administrat de comunitatea Ospitalierilor Sf. Ioan, cea care mai t\u00e2rziu avea s\u0103 devin\u0103 Ordinul Suveran Militar Ospitalier al Sf\u00e2ntului Ioan de Ierusalim, de Rhodos \u0219i de Malta. Comunitatea Ospitalierilor a fost recunoscut\u0103 drept ordin religios al Bisericii&hellip;&nbsp;<a href=\"https:\/\/romfilatelia.ro\/magazin\/produs\/colectii-anuale\/2022\/emisiune-comuna-romania-ordinul-suveran-militar-de-malta-90-de-ani-de-relatii-diplomatice-dintre-romania-si-ordinul-suveran-militar-de-malta\/\" class=\"\" rel=\"bookmark\">Cite\u0219te mai mult &raquo;<span class=\"screen-reader-text\">Emisiune comun\u0103 ROM\u00c2NIA \u2013 ORDINUL SUVERAN MILITAR DE MALTA 90 DE ANI DE RELA\u021aII DIPLOMATICE DINTRE ROM\u00c2NIA \u0218I ORDINUL SUVERAN MILITAR DE MALTA<\/span><\/a><\/p>\n","protected":false},"featured_media":2031413,"template":"","meta":{"neve_meta_sidebar":"","neve_meta_container":"","neve_meta_enable_content_width":"off","neve_meta_content_width":100,"neve_meta_title_alignment":"","neve_meta_author_avatar":"","neve_post_elements_order":"","neve_meta_disable_header":"","neve_meta_disable_footer":"","neve_meta_disable_title":""},"product_cat":[174,6],"product_tag":[],"_links":{"self":[{"href":"https:\/\/romfilatelia.ro\/magazin\/wp-json\/wp\/v2\/product\/2031409"}],"collection":[{"href":"https:\/\/romfilatelia.ro\/magazin\/wp-json\/wp\/v2\/product"}],"about":[{"href":"https:\/\/romfilatelia.ro\/magazin\/wp-json\/wp\/v2\/types\/product"}],"wp:featuredmedia":[{"embeddable":true,"href":"https:\/\/romfilatelia.ro\/magazin\/wp-json\/wp\/v2\/media\/2031413"}],"wp:attachment":[{"href":"https:\/\/romfilatelia.ro\/magazin\/wp-json\/wp\/v2\/media?parent=2031409"}],"wp:term":[{"taxonomy":"product_cat","embeddable":true,"href":"https:\/\/romfilatelia.ro\/magazin\/wp-json\/wp\/v2\/product_cat?post=2031409"},{"taxonomy":"product_tag","embeddable":true,"href":"https:\/\/romfilatelia.ro\/magazin\/wp-json\/wp\/v2\/product_tag?post=2031409"}],"curies":[{"name":"wp","href":"https:\/\/api.w.org\/{rel}","templated":true}]}}