{"id":2031095,"date":"2022-08-23T09:21:07","date_gmt":"2022-08-23T07:21:07","guid":{"rendered":"https:\/\/romfilatelia.ro\/magazin\/?post_type=product&#038;p=2031095"},"modified":"2022-09-01T14:59:01","modified_gmt":"2022-09-01T12:59:01","slug":"plante-endemice-din-muntii-carpati","status":"publish","type":"product","link":"https:\/\/romfilatelia.ro\/magazin\/produs\/colectii-anuale\/2022\/plante-endemice-din-muntii-carpati\/","title":{"rendered":"PLANTE ENDEMICE DIN MUN\u021aII CARPA\u021aI"},"content":{"rendered":"<p><strong><a href=\"https:\/\/www.romfilatelia.ro\/wp-content\/uploads\/2022\/08\/SITE_Mc_Plante-endemice-din-Muntii-Carpati-compress.jpg\"><img decoding=\"async\" loading=\"lazy\" class=\"alignleft wp-image-2038115 size-full\" src=\"https:\/\/www.romfilatelia.ro\/wp-content\/uploads\/2022\/08\/SITE_Mc_Plante-endemice-din-Muntii-Carpati-compress.jpg\" alt=\"\" width=\"435\" height=\"800\" \/><\/a>Romfilatelia<\/strong> introduce \u00een circula\u021bie <em>miercuri, 24 august a.c<\/em>., o nou\u0103 emisiune de m\u0103rci po\u0219tale cu tematica <em>Flor<\/em><em>\u0103<\/em>, av\u00e2nd ca subiect<em> <strong>Plante endemice din Mun\u021bii Carpa\u021bi.<\/strong><\/em><\/p>\n<p>Plantele endemice, specifice doar unei arii geografice, reprezint\u0103 esen\u021ba autenticit\u0103\u021bii componentei naturale \u0219i a mo\u0219tenirii biologice pe care o regiune o poate avea.<\/p>\n<p>\u00cen cadrul emisiunii, alc\u0103tuite din patru timbre, patru minicoli \u0219i un plic \u201eprima zi\u201d a emisiunii, au fost selectate cele mai reprezentative specii, unele dintre cele mai valoroase mo\u0219teniri biologice pe care Rom\u00e2nia le de\u021bine, \u00eendeosebi prin raritatea lor, toate cele cinci specii av\u00e2nd o distribu\u021bie limitat\u0103 doar la arii montane restr\u00e2nse din Carpa\u021bii Estici (Orientali) \u0219i Sudici (Meridionali) sau din Mun\u021bii Apuseni, neexist\u00e2nd nic\u0103ieri altundeva \u00een lume.<\/p>\n<p><em>Dianthus callizonus<\/em> \u2013 <strong>Garofi\u021ba Pietrei Craiului<\/strong> \u2013 redat\u0103 pe timbrul cu valoarea nominal\u0103 de <strong>3,50<\/strong> <strong>Lei<\/strong>, apar\u021bine familiei Caryophyllaceae \u0219i reprezint\u0103 un simbol al protec\u021biei naturii \u00een Rom\u00e2nia, fiind o specie peren\u0103 emblematic\u0103 pentru Parcul Na\u021bional Piatra Craiului, singurul masiv muntos din Rom\u00e2nia (\u0219i din lume) de unde planta este cunoscut\u0103. A fost descoperit\u0103 \u0219i descris\u0103 la mijlocul secolului XIX pe br\u00e2nele \u00eenierbate \u0219i grohoti\u0219urile calcaroase ale masivului Piatra Craiului. Tulpina ierboas\u0103, neramificat\u0103, de 10-20 cm lungime, cu frunze opuse, se termin\u0103 cel mai adesea cu o singur\u0103 floare cu diametru de p\u00e2n\u0103 la 3 cm de culoare ro\u0219ietic\u0103-purpurie cu un model specific la baza laminei petalelor (partea central\u0103 a florii). Specia poate fi \u00eent\u00e2lnit\u0103 \u00een floare \u00een luna Iulie \u00eendeosebi pe versan\u021bii abrup\u021bi ai sectorului nordic din Piatra Craiului \u00een etajul subalpin (1500-1900 m alt.), fiind o specie strict protejat\u0103 \u00een Rom\u00e2nia.<\/p>\n<p><em>Saxifraga demissa<\/em> \u2013 Specie peren\u0103 ce apar\u021bine familiei Saxifragaceae, este ilustrat\u0103 pe timbrul cu valoarea nominal\u0103 de <strong>6,50<\/strong> <strong>Lei<\/strong>. Este caracterizat\u0103 de prezen\u021ba frunzelor bazale persistente, glabre \u0219i de consisten\u021b\u0103 coriacee (pieloas\u0103) de dimensiuni mari, form\u00e2nd rozete de p\u00e2n\u0103 la 15 cm diametru. Tulpina \u00eenalt\u0103 de p\u00e2n\u0103 la 25 cm \u0219i inflorescen\u021ba sunt acoperite de peri glandulari de\u0219i, iar florile de culoare galben\u0103-sulfurie sunt dispuse pe ramuri, form\u00e2nd un racem compus. Este endemic\u0103 pentru o arie restr\u00e2ns\u0103 din Carpa\u021bii Rom\u00e2ne\u0219ti \u0219i \u00eenflore\u0219te \u00een lunile Iulie-August, put\u00e2nd fi \u00eent\u00e2lnit\u0103 doar \u00een etajul subalpin \u0219i alpin al mun\u021bilor B\u00e2rsei (Piatra Mare, Post\u0103varu, Piatra Craiului), \u00een Mun\u021bii Bucegi \u0219i \u00een Mun\u021bii Ciuca\u0219, pe roci conglomerate sau pe substrat calcaros, \u00eentre 1500 \u0219i 2400 m altitudine.<\/p>\n<p><em>Astragalus roemeri<\/em> \u2013 <strong>Cosacii lui R\u00f6mer<\/strong> \u2013 redat\u0103 pe timbrul cu valoarea nominal\u0103 de <strong>10 Lei<\/strong>, este o specie erbacee peren\u0103 apar\u021bin\u00e2nd familiei Fabaceae, denumit\u0103 \u00een onoarea botanistului transilv\u0103nean Julius R\u00f6mer. A fost descoperit\u0103 pentru prima dat\u0103 la sf\u00e2r\u0219itul secolului XIX la baza st\u00e2ncilor calcaroase \u0219i pe grohoti\u0219urile calcaroase de la Pietrele Ro\u0219ii de l\u00e2ng\u0103 Tulghe\u0219 (<em>locus classicus<\/em>). Planta formeaz\u0103 tufe dense, de 50-70 cm \u00een\u0103l\u021bime, cu tulpini rigide care r\u0103m\u00e2n \u00een tuf\u0103 din anii anteriori, conferindu-i un aspect arbustiv. Frunzele sunt penat-compuse, iar florile liliachii, ce \u00eenfloresc \u00een lunile Iunie-Iulie, sunt adunate \u00een inflorescen\u021be racemoase alungite \u0219i formeaz\u0103 ulterior fructe (p\u0103st\u0103i) persistente peste an. Este o specie endemic\u0103 pentru Rom\u00e2nia, fiind distribuit\u0103 \u00een arii montane restr\u00e2nse din Carpa\u021bii Orientali (Mun\u021bii Bistri\u021bei, Ceahl\u0103u \u0219i H\u0103\u0219ma\u0219) \u0219i Mun\u021bii Apuseni (Rezerva\u021bia Natural\u0103 Sc\u0103ri\u021ba-Belioara din Masivul Gil\u0103u-Muntele Mare), preponderent \u00eentre 700-1300 m altitudine.<\/p>\n<p><em>Silene dinarica<\/em> \u2013 reprezentat\u0103 pe timbrul cu valoarea nominal\u0103 de <strong>10,50 Lei<\/strong>, este o specie erbacee peren\u0103 din familia Caryophyllaceae, cespitoas\u0103, ce formeaza tufe scunde de p\u00e2n\u0103 la 5-6 cm \u00een\u0103l\u021bime cu tulpini florifere t\u00e2r\u00e2toare \u0219i flori adesea solitare pe fiecare ramur\u0103. \u00cenflore\u0219te \u00een lunile Iulie-August \u0219i se dezvolt\u0103 pe roci acide din etajul alpin al Mun\u021bilor F\u0103g\u0103ra\u0219, adesea \u00een fisurile st\u00e2ncilor. Publicat\u0103 ca specie nou\u0103 pentru \u0219tiin\u021b\u0103 \u00een anul 1816, a fost ulterior (1825) descris\u0103 de c\u0103tre botanistul german K. Sprengel pe baza materialului erborizat. Cu toate acestea, \u00een urma unei confuzii de etichetare cel mai probabil, materialul a fost considerat ca provenind din Alpii Dinarici, ceea ce a condus la atribuirea numelui actual, cu adjectivul de indica\u021bie geografic\u0103 eronat (<em>\u201edinarica\u201d<\/em>), \u00een pofida faptului c\u0103 specia este endemic\u0103 pentru Mun\u021bii F\u0103g\u0103ra\u0219 (partea central\u0103 a Carpa\u021bilor Sudici), nemaifiind \u00eent\u00e2lnit\u0103 nic\u0103ieri altundeva \u00een lume.<\/p>\n<p><em>Rosa coziae<\/em> \u2013 <strong>Trandafirul de Cozia<\/strong> \u2013 ilustrat pe plicul \u201eprima zi\u201d a emisiunii, este o specie peren\u0103 lemnoas\u0103 apar\u021bin\u00e2nd familiei Rosaceae \u0219i un simbol al Parcului Na\u021bional Cozia \u0219i a fost descoperit\u0103 pentru prima dat\u0103 \u0219i descris\u0103 la mijlocul secolului XX de c\u0103tre botanistul clujean Erasmus Julius Ny\u00e1r\u00e1dy. Specia \u00eenflore\u0219te de la mijlocul lunii Mai p\u00e2n\u0103 \u00een luna Iunie.<\/p>\n<p><em>Romfilatelia mul\u021bume\u0219te domnului dr. Bogdan-Iuliu Hurdu, din cadrul Institutului de Cercet\u0103ri Biologice Cluj-Napoca, pentru sprijinul documentar \u0219i fotografic acordat la realizarea acestei emisiuni de m\u0103rci po\u0219tale.<\/em><\/p>\n<p><a href=\"https:\/\/www.romfilatelia.ro\/wp-content\/uploads\/2022\/08\/caract_Plante-endemice-din-muntii-Carpati2-compress.jpg\"><img decoding=\"async\" loading=\"lazy\" class=\"aligncenter wp-image-2038116 size-full\" src=\"https:\/\/www.romfilatelia.ro\/wp-content\/uploads\/2022\/08\/caract_Plante-endemice-din-muntii-Carpati2-compress.jpg\" alt=\"\" width=\"800\" height=\"452\" \/><\/a><\/p>\n","protected":false},"excerpt":{"rendered":"<p>Romfilatelia introduce \u00een circula\u021bie miercuri, 24 august a.c., o nou\u0103 emisiune de m\u0103rci po\u0219tale cu tematica Flor\u0103, av\u00e2nd ca subiect Plante endemice din Mun\u021bii Carpa\u021bi. Plantele endemice, specifice doar unei arii geografice, reprezint\u0103 esen\u021ba autenticit\u0103\u021bii componentei naturale \u0219i a mo\u0219tenirii biologice pe care o regiune o poate avea. \u00cen cadrul emisiunii, alc\u0103tuite din patru timbre,&hellip;&nbsp;<a href=\"https:\/\/romfilatelia.ro\/magazin\/produs\/colectii-anuale\/2022\/plante-endemice-din-muntii-carpati\/\" class=\"\" rel=\"bookmark\">Cite\u0219te mai mult &raquo;<span class=\"screen-reader-text\">PLANTE ENDEMICE DIN MUN\u021aII CARPA\u021aI<\/span><\/a><\/p>\n","protected":false},"featured_media":2031168,"template":"","meta":{"neve_meta_sidebar":"","neve_meta_container":"","neve_meta_enable_content_width":"","neve_meta_content_width":0,"neve_meta_title_alignment":"","neve_meta_author_avatar":"","neve_post_elements_order":"","neve_meta_disable_header":"","neve_meta_disable_footer":"","neve_meta_disable_title":""},"product_cat":[174,6],"product_tag":[],"_links":{"self":[{"href":"https:\/\/romfilatelia.ro\/magazin\/wp-json\/wp\/v2\/product\/2031095"}],"collection":[{"href":"https:\/\/romfilatelia.ro\/magazin\/wp-json\/wp\/v2\/product"}],"about":[{"href":"https:\/\/romfilatelia.ro\/magazin\/wp-json\/wp\/v2\/types\/product"}],"wp:featuredmedia":[{"embeddable":true,"href":"https:\/\/romfilatelia.ro\/magazin\/wp-json\/wp\/v2\/media\/2031168"}],"wp:attachment":[{"href":"https:\/\/romfilatelia.ro\/magazin\/wp-json\/wp\/v2\/media?parent=2031095"}],"wp:term":[{"taxonomy":"product_cat","embeddable":true,"href":"https:\/\/romfilatelia.ro\/magazin\/wp-json\/wp\/v2\/product_cat?post=2031095"},{"taxonomy":"product_tag","embeddable":true,"href":"https:\/\/romfilatelia.ro\/magazin\/wp-json\/wp\/v2\/product_tag?post=2031095"}],"curies":[{"name":"wp","href":"https:\/\/api.w.org\/{rel}","templated":true}]}}