{"id":2028443,"date":"2021-07-26T19:25:44","date_gmt":"2021-07-26T17:25:44","guid":{"rendered":"https:\/\/romfilatelia.ro\/magazin\/?post_type=product&#038;p=2028443"},"modified":"2021-07-26T19:30:28","modified_gmt":"2021-07-26T17:30:28","slug":"romania-65-ani-in-unesco-delta-dunarii-30-de-ani-in-patrimoniul-mondial-unesco","status":"publish","type":"product","link":"https:\/\/romfilatelia.ro\/magazin\/produs\/colectii-anuale\/2021\/romania-65-ani-in-unesco-delta-dunarii-30-de-ani-in-patrimoniul-mondial-unesco\/","title":{"rendered":"ROM\u00c2NIA, 65 ANI \u00ceN UNESCO. DELTA DUN\u0102RII, 30 DE ANI \u00ceN PATRIMONIUL MONDIAL UNESCO"},"content":{"rendered":"<p><a href=\"https:\/\/romfilatelia.ro\/magazin\/wp-content\/uploads\/2021\/07\/SITE_mc_UNESCO-60-ani-Delta-30-ani-Patrimoniu.jpg\"><img decoding=\"async\" loading=\"lazy\" class=\"wp-image-2028444 size-medium alignleft\" src=\"https:\/\/romfilatelia.ro\/magazin\/wp-content\/uploads\/2021\/07\/SITE_mc_UNESCO-60-ani-Delta-30-ani-Patrimoniu-300x244.jpg\" alt=\"\" width=\"300\" height=\"244\" srcset=\"https:\/\/romfilatelia.ro\/magazin\/wp-content\/uploads\/2021\/07\/SITE_mc_UNESCO-60-ani-Delta-30-ani-Patrimoniu-300x244.jpg 300w, https:\/\/romfilatelia.ro\/magazin\/wp-content\/uploads\/2021\/07\/SITE_mc_UNESCO-60-ani-Delta-30-ani-Patrimoniu-500x406.jpg 500w, https:\/\/romfilatelia.ro\/magazin\/wp-content\/uploads\/2021\/07\/SITE_mc_UNESCO-60-ani-Delta-30-ani-Patrimoniu-64x52.jpg 64w, https:\/\/romfilatelia.ro\/magazin\/wp-content\/uploads\/2021\/07\/SITE_mc_UNESCO-60-ani-Delta-30-ani-Patrimoniu-800x650.jpg 800w, https:\/\/romfilatelia.ro\/magazin\/wp-content\/uploads\/2021\/07\/SITE_mc_UNESCO-60-ani-Delta-30-ani-Patrimoniu-768x624.jpg 768w, https:\/\/romfilatelia.ro\/magazin\/wp-content\/uploads\/2021\/07\/SITE_mc_UNESCO-60-ani-Delta-30-ani-Patrimoniu-1536x1248.jpg 1536w, https:\/\/romfilatelia.ro\/magazin\/wp-content\/uploads\/2021\/07\/SITE_mc_UNESCO-60-ani-Delta-30-ani-Patrimoniu-2048x1663.jpg 2048w, https:\/\/romfilatelia.ro\/magazin\/wp-content\/uploads\/2021\/07\/SITE_mc_UNESCO-60-ani-Delta-30-ani-Patrimoniu.jpg 2000w\" sizes=\"(max-width: 300px) 100vw, 300px\" \/><\/a><strong>Romfilatelia<\/strong> introduce \u00een circula\u021bie, <em>mar\u021bi, 27 iulie a.c.<\/em>, emisiunea de m\u0103rci po\u0219tale <strong><em>Rom\u00e2nia, 65 de ani \u00een UNESCO. Delta Dun\u0103rii, 30 de ani \u00een Patrimoniul Mondial UNESCO<\/em><\/strong><em>.<\/em><\/p>\n<p>Organiza\u021bia Na\u021biunilor Unite pentru Educa\u021bie, \u0218tiin\u021b\u0103 \u0219i Cultur\u0103 (UNESCO) a fost \u00eenfiin\u021bat\u0103 \u00een anul 1945. Din 27 iulie 1956, printre membrii UNESCO se num\u0103r\u0103 \u0219i Rom\u00e2nia.<\/p>\n<p>Scopul organiza\u021biei vizeaz\u0103 men\u021binerea p\u0103cii \u0219i a securit\u0103\u021bii interna\u021bionale, contribuind, prin educa\u021bie, \u0219tiin\u021b\u0103, cultur\u0103 \u0219i comunicare, la colaborarea \u00eentre na\u021biuni pentru asigurarea respectului universal al justi\u021biei, al legii, al drepturilor omului \u0219i al libert\u0103\u021bilor fundamentale pentru to\u021bi, indiferent de ras\u0103, sex, limb\u0103 \u0219i religie, \u00een conformitate cu Carta Na\u021biunilor Unite.<\/p>\n<p>Una dintre misiunile UNESCO este cea de a selecta \u0219i include pe Lista Patrimoniului Mondial locuri \u0219i monumente relevante din punct de vedere natural sau istoric, salvarea \u0219i conservarea acestora fiind importante pentru comunitatea mondial\u0103.<\/p>\n<p>Delta Dun\u0103rii a intrat \u00een Patrimoniul Mondial UNESCO \u00een 1991. Valoarea ei a fost recunoscut\u0103 prin includerea ei \u00een re\u0163eaua interna\u0163ional\u0103 a rezerva\u0163iilor biosferei (1990), \u00een cadrul Programului \u201cOMUL \u015eI BIOSFERA\u201d (MAB) lansat de UNESCO. De asemenea, situl Delta Dun\u0103rii este protejat prin Conven\u021bia Ramsar ca zon\u0103 umed\u0103 de importan\u021b\u0103 interna\u021bional\u0103, \u00een special ca habitat al p\u0103s\u0103rilor de ap\u0103.<\/p>\n<p>\u00cen Rezerva\u021bia Biosferei Delta Dun\u0103rii cresc aproximativ 3.000 de specii de plante, aici g\u0103sindu-se cea mai \u00eentins\u0103 zon\u0103 compact\u0103 de stuf\u0103ri\u0219 din Europa. Fauna cuprinde peste 4.000 de specii de animale, \u00eentre care circa 3.000 de nevertebrate, peste 130 de specii de pe\u0219ti, peste 300 de specii de p\u0103s\u0103ri \u0219i aproximativ 40 de specii de mamifere.<\/p>\n<p>Data de 16 noiembrie a fost declarat\u0103 Ziua Patrimoniului Mondial UNESCO din Rom\u00e2nia prin Legea nr. 160\/2013, cu scopul de a promova elementele noastre de patrimoniu mondial \u0219i pentru mai buna lor cunoa\u0219tere.<\/p>\n<p>Emisiunea de m\u0103rci po\u0219tale <em>Rom\u00e2nia, 65 de ani \u00een UNESCO. Delta Dun\u0103rii, 30 de ani \u00een Patrimoniul Mondial UNESCO<\/em> este alc\u0103tuit\u0103 din 4 timbre, o coli\u021b\u0103 dantelat\u0103 \u0219i dou\u0103 plicuri \u201eprima zi\u201d.<\/p>\n<p>Cele patru timbre ale emisiunii prezint\u0103 specii de p\u0103s\u0103ri \u0219i mamifere \u00eent\u00e2lnite \u00een Delta Dun\u0103rii. Unele sunt reprezentative pentru aceast\u0103 regiune, \u00een vreme ce altele sunt mai larg r\u0103sp\u00e2ndite, exist\u00e2nd \u0219i \u00een Delt\u0103, ca \u0219i \u00een alte zone ale \u021b\u0103rii noastre. Toate \u00ee\u0219i au importan\u021ba lor \u00een ecologia Deltei Dun\u0103rii, contribuind la biodiversitatea remarcabil\u0103 a acestei regiuni.<\/p>\n<p>Pe timbrul cu valoarea nominal\u0103 de <strong>1,40<\/strong> lei este ilustrat\u0103 <strong><em>barza neagr\u0103<\/em><\/strong> (<em>Ciconia nigra<\/em>). Este o specie rar\u0103, solitar\u0103, ce populeaz\u0103 regiunile din apropierea lacurilor, r\u00e2urilor sau a terenurilor ml\u0103\u0219tinoase. \u00cen Delta Dun\u0103rii este prezent\u0103 \u00een perioada de migra\u021bie.<\/p>\n<p>Pe timbrul cu valoarea nominal\u0103 de <strong>1,50 lei<\/strong> este reprezentat <strong><em>p\u0103n\u021b\u0103ru\u0219ul<\/em><\/strong> (<em>Troglodytes troglodytes<\/em>)<em>.<\/em> De\u0219i peisajele Deltei Dun\u0103rii impresioneaz\u0103 adesea prin prezen\u021ba unor p\u0103s\u0103ri mari, impun\u0103toare, precum pelicanii \u0219i lebedele, \u00een aceast\u0103 zon\u0103 sunt prezente \u0219i numeroase specii de mici dimensiuni, nu mai pu\u021bin importante \u00een ecosisteme \u0219i care contribuie la diversitatea faunistic\u0103 a Deltei. P\u0103n\u021b\u0103ru\u0219ul sau ochiulboului se num\u0103r\u0103 printre cele mai mici specii de p\u0103s\u0103ri europene. Are lungimea de numai 9-10 cm \u0219i c\u00e2nt\u0103re\u0219te 6-12 g. Popula\u021biile din Europa sunt numeroase, majoritatea sedentare (nu migreaz\u0103), specia fiind r\u0103sp\u00e2ndit\u0103 \u00eentr-o varietate de habitate, de la p\u0103duri la stuf\u0103ri\u0219uri.<\/p>\n<p>Pe timbrul cu valoarea nominal\u0103 de <strong>7 lei<\/strong> este \u00eenf\u0103\u021bi\u0219at <strong><em>castorul european<\/em><\/strong> sau <strong><em>brebul<\/em><\/strong> (<em>Castor fiber<\/em>). Este una dintre cele mai mari specii de roz\u0103toare, cu lungimea corpului de 80-100 cm \u0219i o greutate de p\u00e2n\u0103 la 30 kg. Datorit\u0103 v\u00e2n\u0103rii excesive, a disp\u0103rut din \u021bara noastr\u0103 la \u00eenceputul secolului al XIX-lea. \u00cen anii 1998-2003, s-a desf\u0103\u0219urat cu succes un program de reintroducere a acestei specii \u00een Rom\u00e2nia. Elibera\u021bi \u00een natur\u0103 \u00een zone favorabile, pe r\u00e2urile Olt, Mure\u0219 \u0219i Ialomi\u021ba, brebii s-au\u00a0 \u00eenmul\u021bit \u0219i au ocupat noi teritorii, fiind semnala\u021bi \u0219i \u00een Delta Dun\u0103rii.<\/p>\n<p>Pe timbrul cu valoarea nominal\u0103 de <strong>19,50 lei<\/strong> este reprezentat <strong><em>pelicanul cre\u021b<\/em><\/strong> (<em>Pelecanus crispus<\/em>). Este o specie periclitat\u0103 la nivel mondial, fiind inclus\u0103 \u00een categoria \u201evulnerabil\u0103\u201d pe Lista Ro\u0219ie IUCN. Cu o anvergur\u0103 care dep\u0103\u0219e\u0219te 3 metri \u0219i o greutate de 10-12 kg, este una dintre cele mai impresionante p\u0103s\u0103ri ale Europei. \u00cen Rom\u00e2nia, cuib\u0103re\u0219te \u00een pu\u021bine colonii, \u00een Delta Dun\u0103rii \u0219i complexul lagunar Razim-Sinoe. Degradarea zonelor umede \u0219i pierderea teritoriilor de cuib\u0103rit constituie principalele amenin\u021b\u0103ri. \u00cen perioada 2005-2009, Administra\u021bia Rezerva\u021biei Biosferei Delta Dun\u0103rii \u0219i Societatea Ornitologic\u0103 Rom\u00e2n\u0103\/BirdLife Romania au implementat cu succes proiectul \u201eSalva\u021bi <em>Pelecanus crispus<\/em> \u00een Delta Dun\u0103rii\u201d, una dintre metodele utilizate fiind amplasarea \u00een complexul Razim-Sinoe a unor platforme artificiale pe care p\u0103s\u0103rile pot cuib\u0103ri. Obiectivele urm\u0103rite sunt men\u021binerea condi\u021biilor propice \u00een actualul areal de cuib\u0103rit, renaturarea habitatelor degradate sau transformate, crearea de condi\u021bii pentru cre\u0219terea popula\u021biei actuale.<\/p>\n<p>Pe coli\u021ba dantelat\u0103 a emisiunii sunt reprezentate, \u00eentr-o grafic\u0103 modern\u0103, animale \u0219i plante din Delta Dun\u0103rii, ilustra\u021biile fiind realizate de apreciatul artist Mircea Cantor, originar din Rom\u00e2nia.<\/p>\n<p>Mircea Cantor s-a n\u0103scut \u00een 1977 la Oradea, iar \u00een prezent locuie\u0219te \u00een Fran\u021ba. Este pictor, sculptor, desenator, regizor, un reprezentant al avangardei conceptuale \u0219i un creator ce-\u0219i comunic\u0103 mesajele printr-o gam\u0103 variat\u0103 de mijloace de expresie artistic\u0103. Este pentru prima dat\u0103 c\u00e2nd artistul colaboreaz\u0103 la realizarea unei emisiuni de m\u0103rci po\u0219tale rom\u00e2ne\u0219ti.<\/p>\n<p>\u201eAm vrut sa redau, prin linia desenului meu, prezen\u021ba \u0219i bog\u0103\u021bia biodiversit\u0103\u021bii din Delt\u0103: \u00een ap\u0103 (pe\u0219tii), pe uscat (mamiferele) \u0219i \u00een aer (p\u0103s\u0103rile). Practic, trilogia elementelor definitorii ale Deltei Dun\u0103rii: Apa, P\u0103m\u00e2ntul, Aerul.\u201d Viziunea artistului reflect\u0103 \u0219i \u201etrimiterea, tot prin desen, la alte trei elemente ce le completeaz\u0103 pe cele enumerate anterior, \u0219i anume: regnul vegetal (nuf\u0103rul, stuful), regnul animal (p\u0103s\u0103ri, pe\u0219ti) \u0219i mediul uman (pescarii \u0219i comunit\u0103\u021bile de oameni cu tradi\u021bii \u0219i stil de via\u021b\u0103 legate de aria Deltei Dun\u0103rii). De sute \u0219i chiar mii de ani, omul a \u0219tiut s\u0103 coabiteze \u00een armonie cu acest mediu al Deltei, adapt\u00e2ndu-\u0219i via\u021ba \u0219i valorific\u00e2nd resursele Deltei; tr\u0103ie\u0219te, am putea spune, \u00een termenii a ceea ce azi numim <em>economie circular\u0103<\/em>.\u201d<\/p>\n<p>Pe cele dou\u0103 plicuri \u201eprima zi\u201d a emisiunii este reprezentat un peisaj specific Deltei Dun\u0103rii, ce evoc\u0103 prezen\u021ba uman\u0103 \u00een regiune \u0219i o \u00eendeletnicire tradi\u021bional\u0103 a localnicilor \u2013 pescuitul.<\/p>\n<p><em>Romfilatelia mul\u021bume\u0219te domnului Mircea Cantor, Administra\u021biei Rezerva\u021biei Biosferei Delta Dun\u0103rii, Delega\u0163iei permanente a Rom\u00e2niei pe l\u00e2ng\u0103 UNESCO <\/em><em>\u0219<\/em><em>i Muzeului Na\u021bional de Istorie Natural\u0103 \u201eGrigore Antipa\u201d pentru sprijinul oferit la realizarea acestei emisiuni de m\u0103rci po\u0219tale.<\/em><\/p>\n<p><strong><em> Mapa filatelic\u0103, realizat\u0103 \u00eentr-un tiraj limitat de 246 exemplare, este echipat\u0103 cu blocul special de 5 timbre dantelate (4 timbre din serie + timbrul coli\u021bei). Produsele sunt numerotate de la 001 la 246. <\/em><\/strong><\/p>\n<p><a href=\"https:\/\/romfilatelia.ro\/magazin\/wp-content\/uploads\/2021\/07\/caract_pliant_delta-unesco.jpg\"><img decoding=\"async\" loading=\"lazy\" class=\"aligncenter size-full wp-image-2028445\" src=\"https:\/\/romfilatelia.ro\/magazin\/wp-content\/uploads\/2021\/07\/caract_pliant_delta-unesco.jpg\" alt=\"\" width=\"1131\" height=\"1148\" srcset=\"https:\/\/romfilatelia.ro\/magazin\/wp-content\/uploads\/2021\/07\/caract_pliant_delta-unesco.jpg 1131w, https:\/\/romfilatelia.ro\/magazin\/wp-content\/uploads\/2021\/07\/caract_pliant_delta-unesco-500x508.jpg 500w, https:\/\/romfilatelia.ro\/magazin\/wp-content\/uploads\/2021\/07\/caract_pliant_delta-unesco-64x65.jpg 64w, https:\/\/romfilatelia.ro\/magazin\/wp-content\/uploads\/2021\/07\/caract_pliant_delta-unesco-296x300.jpg 296w, https:\/\/romfilatelia.ro\/magazin\/wp-content\/uploads\/2021\/07\/caract_pliant_delta-unesco-788x800.jpg 788w, https:\/\/romfilatelia.ro\/magazin\/wp-content\/uploads\/2021\/07\/caract_pliant_delta-unesco-768x780.jpg 768w, https:\/\/romfilatelia.ro\/magazin\/wp-content\/uploads\/2021\/07\/caract_pliant_delta-unesco-53x53.jpg 53w, https:\/\/romfilatelia.ro\/magazin\/wp-content\/uploads\/2021\/07\/caract_pliant_delta-unesco-85x85.jpg 85w\" sizes=\"(max-width: 1131px) 100vw, 1131px\" \/><\/a><\/p>\n<p>&nbsp;<\/p>\n","protected":false},"excerpt":{"rendered":"<p>Romfilatelia introduce \u00een circula\u021bie, mar\u021bi, 27 iulie a.c., emisiunea de m\u0103rci po\u0219tale Rom\u00e2nia, 65 de ani \u00een UNESCO. Delta Dun\u0103rii, 30 de ani \u00een Patrimoniul Mondial UNESCO. Organiza\u021bia Na\u021biunilor Unite pentru Educa\u021bie, \u0218tiin\u021b\u0103 \u0219i Cultur\u0103 (UNESCO) a fost \u00eenfiin\u021bat\u0103 \u00een anul 1945. Din 27 iulie 1956, printre membrii UNESCO se num\u0103r\u0103 \u0219i Rom\u00e2nia. Scopul organiza\u021biei&hellip;&nbsp;<a href=\"https:\/\/romfilatelia.ro\/magazin\/produs\/colectii-anuale\/2021\/romania-65-ani-in-unesco-delta-dunarii-30-de-ani-in-patrimoniul-mondial-unesco\/\" class=\"\" rel=\"bookmark\">Cite\u0219te mai mult &raquo;<span class=\"screen-reader-text\">ROM\u00c2NIA, 65 ANI \u00ceN UNESCO. DELTA DUN\u0102RII, 30 DE ANI \u00ceN PATRIMONIUL MONDIAL UNESCO<\/span><\/a><\/p>\n","protected":false},"featured_media":2028446,"template":"","meta":{"neve_meta_sidebar":"","neve_meta_container":"","neve_meta_enable_content_width":"","neve_meta_content_width":0,"neve_meta_title_alignment":"","neve_meta_author_avatar":"","neve_post_elements_order":"","neve_meta_disable_header":"","neve_meta_disable_footer":"","neve_meta_disable_title":""},"product_cat":[169,6],"product_tag":[],"_links":{"self":[{"href":"https:\/\/romfilatelia.ro\/magazin\/wp-json\/wp\/v2\/product\/2028443"}],"collection":[{"href":"https:\/\/romfilatelia.ro\/magazin\/wp-json\/wp\/v2\/product"}],"about":[{"href":"https:\/\/romfilatelia.ro\/magazin\/wp-json\/wp\/v2\/types\/product"}],"wp:featuredmedia":[{"embeddable":true,"href":"https:\/\/romfilatelia.ro\/magazin\/wp-json\/wp\/v2\/media\/2028446"}],"wp:attachment":[{"href":"https:\/\/romfilatelia.ro\/magazin\/wp-json\/wp\/v2\/media?parent=2028443"}],"wp:term":[{"taxonomy":"product_cat","embeddable":true,"href":"https:\/\/romfilatelia.ro\/magazin\/wp-json\/wp\/v2\/product_cat?post=2028443"},{"taxonomy":"product_tag","embeddable":true,"href":"https:\/\/romfilatelia.ro\/magazin\/wp-json\/wp\/v2\/product_tag?post=2028443"}],"curies":[{"name":"wp","href":"https:\/\/api.w.org\/{rel}","templated":true}]}}