{"id":2027228,"date":"2021-01-14T17:38:40","date_gmt":"2021-01-14T15:38:40","guid":{"rendered":"https:\/\/romfilatelia.ro\/magazin\/?post_type=product&#038;p=2027228"},"modified":"2021-01-14T17:46:20","modified_gmt":"2021-01-14T15:46:20","slug":"ziua-culturii-nationale-150-de-ani-de-la-prima-serbare-a-romanilor-de-pretutindeni","status":"publish","type":"product","link":"https:\/\/romfilatelia.ro\/magazin\/produs\/colectii-anuale\/2021\/ziua-culturii-nationale-150-de-ani-de-la-prima-serbare-a-romanilor-de-pretutindeni\/","title":{"rendered":"ZIUA CULTURII NA\u021aIONALE. 150 DE ANI DE LA PRIMA SERBARE A ROM\u00c2NILOR DE PRETUTINDENI"},"content":{"rendered":"<p><a href=\"https:\/\/romfilatelia.ro\/magazin\/wp-content\/uploads\/2021\/01\/SITE_mc_Ziua-culturii-nat.jpg\"><img decoding=\"async\" loading=\"lazy\" class=\"alignleft wp-image-2027229 size-medium\" src=\"https:\/\/romfilatelia.ro\/magazin\/wp-content\/uploads\/2021\/01\/SITE_mc_Ziua-culturii-nat-283x300.jpg\" alt=\"\" width=\"283\" height=\"300\" srcset=\"https:\/\/romfilatelia.ro\/magazin\/wp-content\/uploads\/2021\/01\/SITE_mc_Ziua-culturii-nat-283x300.jpg 283w, https:\/\/romfilatelia.ro\/magazin\/wp-content\/uploads\/2021\/01\/SITE_mc_Ziua-culturii-nat-500x531.jpg 500w, https:\/\/romfilatelia.ro\/magazin\/wp-content\/uploads\/2021\/01\/SITE_mc_Ziua-culturii-nat-64x68.jpg 64w, https:\/\/romfilatelia.ro\/magazin\/wp-content\/uploads\/2021\/01\/SITE_mc_Ziua-culturii-nat-768x815.jpg 768w, https:\/\/romfilatelia.ro\/magazin\/wp-content\/uploads\/2021\/01\/SITE_mc_Ziua-culturii-nat-754x800.jpg 754w, https:\/\/romfilatelia.ro\/magazin\/wp-content\/uploads\/2021\/01\/SITE_mc_Ziua-culturii-nat.jpg 1818w\" sizes=\"(max-width: 283px) 100vw, 283px\" \/><\/a>Ca \u00een fiecare an, pe 15 ianuarie, timbrul rom\u00e2nesc marcheaz\u0103 <em>Ziua Culturii Na\u021bionale<\/em>.<\/p>\n<p>Pentru a eviden\u021bia o tematic\u0103 abordat\u0103 \u00een premier\u0103, <strong>Romfilatelia<\/strong> introduce \u00een circula\u021bie emisiunea de m\u0103rci po\u0219tale <strong><em>\u201e150 de ani de la prima serbare a rom\u00e2nilor de pretutindeni\u201d<\/em><\/strong>, eveniment care a avut loc la M\u0103n\u0103stirea Putna, \u00een anul 1871.<\/p>\n<p>\u00cen urm\u0103 cu 150 de ani, Bucovina se afla sub st\u0103p\u00e2nirea Austro-Ungariei, fiind anexat\u0103 acesteia \u00een anul 1775. Popula\u021bia rom\u00e2neasc\u0103 din Bucovina lupta pentru p\u0103strarea identit\u0103\u021bii sale etnice \u0219i cultiva idealul unirii tuturor teritoriilor rom\u00e2ne\u0219ti, aliniindu-se astfel mi\u0219c\u0103rii mondiale de afirmare a dreptului popoarelor la autodeterminare \u015fi de formare a statelor na\u0163ionale, mi\u0219care care a avut o amploare deosebit\u0103 \u00een secolul al XIX-lea.<\/p>\n<p>Cu ocazia \u00eemplinirii a 400 de ani de la sfin\u021birea M\u0103n\u0103stirii Putna, \u00een anul 1870, studen\u021bii rom\u00e2ni reuni\u021bi la Viena au decis s\u0103 transforme evenimentul \u00eentr-o mare serbare na\u021bional\u0103. Izbucnirea r\u0103zboiului franco-prusac, la care s-au al\u0103turat m\u0103surile represive dispuse de autorit\u0103\u021bile austro-ungare, a determinat am\u00e2narea serb\u0103rii pentru anul urm\u0103tor. Studen\u021bii de la Viena<br \/>\nau ales Comitetul de organizare a Serb\u0103rii de la Putna, format din Ioan Slavici, pre\u0219edinte, Mihai Eminescu, secretar, \u0219i al\u021bi reprezentan\u021bi ai studen\u021bimii bucovinene. Al\u0103turi de ace\u0219tia se reg\u0103sesc Nicolae Teclu \u0219i A.D. Xenopol.<\/p>\n<p>Pe 15 august 1871, diminea\u021ba, peste 3.000 de rom\u00e2ni de pretutindeni au participat la Sf\u00e2nta Liturghie de la M\u0103n\u0103stirea Putna. \u00cen seara precedent\u0103, serbarea fusese deschis\u0103 cu 21 de salve de tun, trase de pe culmile dealurilor din apropiere, urmate de o slujb\u0103 religioas\u0103.<\/p>\n<p>Dup\u0103 Sf\u00e2nta Liturghie, A.D. Xenopol a \u021binut o prelegere despre \u0218tefan cel Mare, ca exponent al \u00eentregului spa\u021biu rom\u00e2nesc.<\/p>\n<p>Dup\u0103-amiaza, vioara t\u00e2n\u0103rului Ciprian Porumbescu, \u00een v\u00e2rst\u0103 de numai 17 ani, a emo\u021bionat cu acordurile ei \u00eentreaga adunare. \u00cembr\u0103\u021bi\u0219\u00e2ndu-\u0219i tat\u0103l, Ciprian Porumbescu roste\u0219te cuvintele, devenite celebre: \u201eTat\u0103, am c\u00e2ntat Daciei \u00eentregi\u201d.<\/p>\n<p>Printre darurile aduse de participan\u021bi \u0219i sfin\u021bite \u00een cadrul unei slujbe s-a aflat \u0219i o urn\u0103 omagial\u0103 de argint, care con\u021binea p\u0103m\u00e2nt adus din toate provinciile rom\u00e2ne\u0219ti. Depus\u0103 pe morm\u00e2ntul lui \u0218tefan cel Mare, urna a fost \u00eenso\u021bit\u0103 de ruga: \u201eA\u0219a cum s-a unit acest p\u0103m\u00e2nt aici, mijloce\u0219te Dumnezeule s\u0103 se uneasc\u0103 \u0219i locurile de unde el s-a luat!\u201d.<\/p>\n<p>Pe urn\u0103 este \u00eenscris\u0103 o dedica\u021bie care define\u0219te un portret al marelui voievod: \u201eEroului, \u00eenving\u0103toriului, aperatoriului esistin\u021biei rom\u00e2ne, scutului cre\u0219tin\u0103t\u0103\u021bii, lui \u0218tefanu celu Mare, Junimea Rom\u00e2n\u0103 Academic\u0103, MDCCCLXX!\u201d.<\/p>\n<p>De men\u021bionat c\u0103 o parte din p\u0103m\u00e2ntul con\u021binut \u00een urna depus\u0103 pe morm\u00e2ntul Voievodului \u0218tefan a fost pres\u0103rat pe c\u00e2mpurile de lupt\u0103 care au f\u0103cut posibil\u0103 Marea Unire.<\/p>\n<p>Cele trei m\u0103rci po\u0219tale ale emisiunii reproduc, \u00eentr-o asociere grafic\u0103 sugestiv\u0103, al\u0103turi de edificiul bisericii unde este \u00eenmorm\u00e2ntat \u0218tefan cel Mare, portretele poetului <strong><em>Mihai Eminescu<\/em><\/strong> (pe timbrul cu valoarea nominal\u0103 de <strong>2,70 lei<\/strong>), scriitorului <strong><em>Ioan Slavici<\/em><\/strong> (pe timbrul cu valoarea nominal\u0103 de <strong>8,50 lei<\/strong>) \u0219i t\u00e2n\u0103rului compozitor \u0219i interpret <strong><em>Ciprian Porumbescu<\/em><\/strong> (pe timbrul cu valoarea nominal\u0103 de <strong>10,50 lei<\/strong>).<\/p>\n<p>Blocul cu cele trei timbre dantelate al\u0103tur\u0103 imaginii bisericii M\u0103n\u0103stirii Putna portretele personalit\u0103\u021bilor amintite \u0219i fotografia urnei omagiale, aflate \u00een prezent \u00een Muzeul M\u0103n\u0103stirii Putna.<\/p>\n<p><em>Romfilatelia mul\u021bume\u0219te M\u0103n\u0103stirii Putna, Muzeului Na\u021bional al Bucovinei, Muzeului Na\u021bional al Literaturii Rom\u00e2ne, Muzeului Na\u021bional de Istorie a Rom\u00e2niei \u0219i Bibliotecii Academiei Rom\u00e2ne pentru sprijinul documentar \u0219i fotografic acordat la realizarea acestei emisiuni de m\u0103rci po\u0219tale. <\/em><\/p>\n<p><strong><em>Mapa filatelic\u0103<\/em><\/strong><em> este realizat\u0103 \u00een tiraj limitat de <strong>248<\/strong> exemplare \u0219i este echipat\u0103 cu blocul special nedantelat al emisiunii numerotat de la <strong>001<\/strong> la <strong>248<\/strong>, precum \u0219i cu reproducerea pe h\u00e2rtie special\u0103 a facsimilului unei scrisori semnate de Ioan Slavici \u0219i Mihai Eminescu. <\/em><\/p>\n<p><a href=\"https:\/\/romfilatelia.ro\/magazin\/wp-content\/uploads\/2021\/01\/caract_Ziua-culturii-nationale2.jpg\"><img decoding=\"async\" loading=\"lazy\" class=\"aligncenter size-full wp-image-2027230\" src=\"https:\/\/romfilatelia.ro\/magazin\/wp-content\/uploads\/2021\/01\/caract_Ziua-culturii-nationale2.jpg\" alt=\"\" width=\"1167\" height=\"966\" srcset=\"https:\/\/romfilatelia.ro\/magazin\/wp-content\/uploads\/2021\/01\/caract_Ziua-culturii-nationale2.jpg 1167w, https:\/\/romfilatelia.ro\/magazin\/wp-content\/uploads\/2021\/01\/caract_Ziua-culturii-nationale2-500x414.jpg 500w, https:\/\/romfilatelia.ro\/magazin\/wp-content\/uploads\/2021\/01\/caract_Ziua-culturii-nationale2-64x53.jpg 64w, https:\/\/romfilatelia.ro\/magazin\/wp-content\/uploads\/2021\/01\/caract_Ziua-culturii-nationale2-300x248.jpg 300w, https:\/\/romfilatelia.ro\/magazin\/wp-content\/uploads\/2021\/01\/caract_Ziua-culturii-nationale2-768x636.jpg 768w, https:\/\/romfilatelia.ro\/magazin\/wp-content\/uploads\/2021\/01\/caract_Ziua-culturii-nationale2-800x662.jpg 800w\" sizes=\"(max-width: 1167px) 100vw, 1167px\" \/><\/a><\/p>\n","protected":false},"excerpt":{"rendered":"<p>Ca \u00een fiecare an, pe 15 ianuarie, timbrul rom\u00e2nesc marcheaz\u0103 Ziua Culturii Na\u021bionale. Pentru a eviden\u021bia o tematic\u0103 abordat\u0103 \u00een premier\u0103, Romfilatelia introduce \u00een circula\u021bie emisiunea de m\u0103rci po\u0219tale \u201e150 de ani de la prima serbare a rom\u00e2nilor de pretutindeni\u201d, eveniment care a avut loc la M\u0103n\u0103stirea Putna, \u00een anul 1871. \u00cen urm\u0103 cu 150&hellip;&nbsp;<a href=\"https:\/\/romfilatelia.ro\/magazin\/produs\/colectii-anuale\/2021\/ziua-culturii-nationale-150-de-ani-de-la-prima-serbare-a-romanilor-de-pretutindeni\/\" class=\"\" rel=\"bookmark\">Cite\u0219te mai mult &raquo;<span class=\"screen-reader-text\">ZIUA CULTURII NA\u021aIONALE. 150 DE ANI DE LA PRIMA SERBARE A ROM\u00c2NILOR DE PRETUTINDENI<\/span><\/a><\/p>\n","protected":false},"featured_media":2027231,"template":"","meta":{"neve_meta_sidebar":"","neve_meta_container":"","neve_meta_enable_content_width":"","neve_meta_content_width":0,"neve_meta_title_alignment":"","neve_meta_author_avatar":"","neve_post_elements_order":"","neve_meta_disable_header":"","neve_meta_disable_footer":"","neve_meta_disable_title":""},"product_cat":[169,6],"product_tag":[],"_links":{"self":[{"href":"https:\/\/romfilatelia.ro\/magazin\/wp-json\/wp\/v2\/product\/2027228"}],"collection":[{"href":"https:\/\/romfilatelia.ro\/magazin\/wp-json\/wp\/v2\/product"}],"about":[{"href":"https:\/\/romfilatelia.ro\/magazin\/wp-json\/wp\/v2\/types\/product"}],"wp:featuredmedia":[{"embeddable":true,"href":"https:\/\/romfilatelia.ro\/magazin\/wp-json\/wp\/v2\/media\/2027231"}],"wp:attachment":[{"href":"https:\/\/romfilatelia.ro\/magazin\/wp-json\/wp\/v2\/media?parent=2027228"}],"wp:term":[{"taxonomy":"product_cat","embeddable":true,"href":"https:\/\/romfilatelia.ro\/magazin\/wp-json\/wp\/v2\/product_cat?post=2027228"},{"taxonomy":"product_tag","embeddable":true,"href":"https:\/\/romfilatelia.ro\/magazin\/wp-json\/wp\/v2\/product_tag?post=2027228"}],"curies":[{"name":"wp","href":"https:\/\/api.w.org\/{rel}","templated":true}]}}