{"id":2027194,"date":"2021-01-08T08:36:00","date_gmt":"2021-01-08T06:36:00","guid":{"rendered":"https:\/\/romfilatelia.ro\/magazin\/?post_type=product&#038;p=2027194"},"modified":"2021-01-08T08:38:43","modified_gmt":"2021-01-08T06:38:43","slug":"colectiile-muzeelor-disparute","status":"publish","type":"product","link":"https:\/\/romfilatelia.ro\/magazin\/produs\/colectii-anuale\/2021\/colectiile-muzeelor-disparute\/","title":{"rendered":"COLEC\u021aIILE MUZEELOR DISP\u0102RUTE"},"content":{"rendered":"<p><a href=\"https:\/\/romfilatelia.ro\/magazin\/wp-content\/uploads\/2021\/01\/SITE_mc_Colectiile-muzeelor-disparute.jpg\"><img decoding=\"async\" loading=\"lazy\" class=\"alignleft wp-image-2027195 size-medium\" src=\"https:\/\/romfilatelia.ro\/magazin\/wp-content\/uploads\/2021\/01\/SITE_mc_Colectiile-muzeelor-disparute-220x300.jpg\" alt=\"\" width=\"220\" height=\"300\" srcset=\"https:\/\/romfilatelia.ro\/magazin\/wp-content\/uploads\/2021\/01\/SITE_mc_Colectiile-muzeelor-disparute-220x300.jpg 220w, https:\/\/romfilatelia.ro\/magazin\/wp-content\/uploads\/2021\/01\/SITE_mc_Colectiile-muzeelor-disparute-scaled-scaled-500x681.jpg 500w, https:\/\/romfilatelia.ro\/magazin\/wp-content\/uploads\/2021\/01\/SITE_mc_Colectiile-muzeelor-disparute-scaled-scaled-64x87.jpg 64w, https:\/\/romfilatelia.ro\/magazin\/wp-content\/uploads\/2021\/01\/SITE_mc_Colectiile-muzeelor-disparute-768x1046.jpg 768w, https:\/\/romfilatelia.ro\/magazin\/wp-content\/uploads\/2021\/01\/SITE_mc_Colectiile-muzeelor-disparute-587x800.jpg 587w, https:\/\/romfilatelia.ro\/magazin\/wp-content\/uploads\/2021\/01\/SITE_mc_Colectiile-muzeelor-disparute-scaled-scaled.jpg 1468w\" sizes=\"(max-width: 220px) 100vw, 220px\" \/><\/a><strong>Romfilatelia<\/strong> continu\u0103 seria de tematici dedicate artei \u0219i colec\u021bionarilor, introduc\u00e2nd \u00een circula\u021bie o emisiune de m\u0103rci po\u0219tale cu o tematic\u0103 inedit\u0103, <strong><em>Colec\u021biile muzeelor disp\u0103rute<\/em><\/strong>, dedicat\u0103 recuper\u0103rii memoriei unui muzeu odinioar\u0103 foarte cunoscut \u0219i apreciat \u00een Bucure\u0219ti: Muzeul Simu.<\/p>\n<p>Atunci c\u00e2nd muzeul a fost inaugurat, la 21 mai 1910, patrimoniul s\u0103u era alc\u0103tuit din 624 de lucr\u0103ri de pictur\u0103, sculptur\u0103, grafic\u0103 \u0219i arte decorative. \u00cenfiin\u021bat de colec\u021bionarii Anastase \u0219i Elena Simu, Muzeul Simu a asigurat o conexiune a mediului artistic rom\u00e2nesc cu lumea occidental\u0103, iar cei doi colec\u021bionari au sprijinit crea\u021bia contemporan\u0103 oferind premii anuale tinerilor arti\u0219ti.<\/p>\n<p>Fiecare dintre cele patru timbre ale seriei de m\u0103rci po\u0219tale prezint\u0103 cl\u0103direa Muzeului Simu, imortalizat\u0103 de un cunoscut fotograf al timpului, Hr. Duratzo, al\u0103turi de c\u00e2te o oper\u0103 de art\u0103 din colec\u021bia muzeului. Cl\u0103direa are forma unui templu grecesc, inspirat\u0103 de templul Erehteion din Atena, \u0219i a fost construit\u0103 special pentru a ad\u0103posti bogata colec\u021bie de art\u0103 a so\u021bilor Anastase \u0219i Elena Simu.<\/p>\n<p>\u00cen 1927, colec\u021bia, care cuprindea deja aproximativ 1.200 de piese, a fost donat\u0103 statului rom\u00e2n. Sub conducerea pictorului Marius Bunescu, Muzeul Simu a func\u021bionat \u00een aceast\u0103 cl\u0103dire p\u00e2n\u0103 \u00een anul 1960, c\u00e2nd edificiul a fost d\u0103r\u00e2mat de autorit\u0103\u021bile comuniste. O parte din colec\u021bie se afl\u0103 ast\u0103zi la Muzeul Na\u021bional de Art\u0103 al Rom\u00e2niei, iar o alta \u00een colec\u021bia Simu de la Pinacoteca Bucure\u0219ti, aflat\u0103 \u00een administrarea Muzeului Municipiului Bucure\u0219ti.<\/p>\n<p>Cele patru opere de art\u0103 reprezentate pe timbre sunt: <em>Anastase Simu, <\/em>bust sculptat de Frederick Storck; o natur\u0103 static\u0103 pictat\u0103 de Marius Bunescu: <em>Pere; <\/em>o <em>Marin\u0103<\/em> de Eugen Voinescu; <em>Vene\u021bia<\/em>, oper\u0103 a pictorului \u0218tefan Popescu.<\/p>\n<p>Imaginea de pe primul timbru al seriei, cu valoarea nominal\u0103 de <strong>3,30<\/strong> <strong>lei<\/strong>, reprezint\u0103 lucrarea <strong><em>Anastase Simu. <\/em><\/strong>Bustul din marmur\u0103, realizat de sculptorul Frederic Storck \u00een 1901, se afla la loc de cinste, \u00een cea de-a doua sal\u0103 a Muzeului. Ulterior, a ajuns \u00een colec\u021bia Muzeului Frederic Storck \u0219i Cecilia Cu\u021bescu-Storck.<\/p>\n<p>Pe cel de-al doilea timbru al emisiunii, av\u00e2nd valoarea nominal\u0103 de <strong>5 lei<\/strong>, este reprodus\u0103 lucrarea<strong> <em>Pere<\/em><\/strong>, semnat\u0103 de Marius Bunescu, fostul director al Muzeului Simu. Lucrarea a fost donat\u0103 chiar de c\u0103tre pictor \u00een 1932 \u0219i expus\u0103 \u00een cadrul Muzeului. Se afl\u0103 ast\u0103zi \u00een colec\u021bia Pinacotecii Bucure\u0219tiului.<\/p>\n<p>Pe cel de-al treilea timbru al seriei, cu valoarea nominal\u0103 de <strong>8,50<\/strong> <strong>lei<\/strong>, este redat tabloul<strong><em> Marin\u0103 <\/em><\/strong>al lui <strong>Eugen Voinescu,<\/strong> un pictor cu studii efectuate la Paris \u00een preajma lui Gustave Courbet, ce a excelat \u00een pictura de acest gen. Lucrarea a fost realizat\u0103 \u00een anul 1900 \u0219i achizi\u021bionat\u0103 de la artist un an mai t\u00e2rziu. \u00cen prezent se afl\u0103 \u00een colec\u021bia Pinacotecii Bucure\u0219tiului.<\/p>\n<p><strong><em>Vene\u021bia<\/em><\/strong> lui<strong> \u0218tefan Popescu<\/strong>, reprezentat\u0103 pe cel de-al patrulea timbru, cu valoarea nominal\u0103 de <strong>10,50 lei<\/strong>, a fost pictat\u0103 de artist \u00een 1923 \u0219i a fost expus\u0103 de-a lungul timpului \u00een diverse expozi\u0163ii, cel mai recent \u00een anul 2020, \u00een cadrul expozi\u021biei deschise la Palatul Su\u021bu \u2013 <em>Muzeul Simu \u0219i Pinacoteca Bucure\u0219ti<\/em>.<\/p>\n<p>Pe plicul \u201eprima zi\u201d a emisiunii, o fotografie de epoc\u0103, realizat\u0103 de acela\u0219i Hr. Duratzo, \u00eel surprinde pe colec\u021bionarul Anastase Simu \u00een cea de-a treia sal\u0103 a Muzeului, st\u00e2nd \u00een fotoliu chiar \u00een fa\u021ba portretului s\u0103u, realizat \u00een anul 1909 de artistul francez Pierre Gourdault.<\/p>\n<p><em>Romfilatelia mul\u021bume\u0219te Muzeului Municipiului Bucure\u0219ti pentru sprijinul documentar \u0219i fotografic acordat la realizarea acestei emisiuni de m\u0103rci po\u0219tale. <\/em><\/p>\n<p><a href=\"https:\/\/romfilatelia.ro\/magazin\/wp-content\/uploads\/2021\/01\/caract_Colectiile-Muzeelor-Disparute.jpg\"><img decoding=\"async\" loading=\"lazy\" class=\"aligncenter size-full wp-image-2027196\" src=\"https:\/\/romfilatelia.ro\/magazin\/wp-content\/uploads\/2021\/01\/caract_Colectiile-Muzeelor-Disparute.jpg\" alt=\"\" width=\"1649\" height=\"915\" srcset=\"https:\/\/romfilatelia.ro\/magazin\/wp-content\/uploads\/2021\/01\/caract_Colectiile-Muzeelor-Disparute.jpg 1649w, https:\/\/romfilatelia.ro\/magazin\/wp-content\/uploads\/2021\/01\/caract_Colectiile-Muzeelor-Disparute-500x277.jpg 500w, https:\/\/romfilatelia.ro\/magazin\/wp-content\/uploads\/2021\/01\/caract_Colectiile-Muzeelor-Disparute-64x36.jpg 64w, https:\/\/romfilatelia.ro\/magazin\/wp-content\/uploads\/2021\/01\/caract_Colectiile-Muzeelor-Disparute-300x166.jpg 300w, https:\/\/romfilatelia.ro\/magazin\/wp-content\/uploads\/2021\/01\/caract_Colectiile-Muzeelor-Disparute-768x426.jpg 768w, https:\/\/romfilatelia.ro\/magazin\/wp-content\/uploads\/2021\/01\/caract_Colectiile-Muzeelor-Disparute-800x444.jpg 800w\" sizes=\"(max-width: 1649px) 100vw, 1649px\" \/><\/a><\/p>\n","protected":false},"excerpt":{"rendered":"<p>Romfilatelia continu\u0103 seria de tematici dedicate artei \u0219i colec\u021bionarilor, introduc\u00e2nd \u00een circula\u021bie o emisiune de m\u0103rci po\u0219tale cu o tematic\u0103 inedit\u0103, Colec\u021biile muzeelor disp\u0103rute, dedicat\u0103 recuper\u0103rii memoriei unui muzeu odinioar\u0103 foarte cunoscut \u0219i apreciat \u00een Bucure\u0219ti: Muzeul Simu. Atunci c\u00e2nd muzeul a fost inaugurat, la 21 mai 1910, patrimoniul s\u0103u era alc\u0103tuit din 624 de&hellip;&nbsp;<a href=\"https:\/\/romfilatelia.ro\/magazin\/produs\/colectii-anuale\/2021\/colectiile-muzeelor-disparute\/\" class=\"\" rel=\"bookmark\">Cite\u0219te mai mult &raquo;<span class=\"screen-reader-text\">COLEC\u021aIILE MUZEELOR DISP\u0102RUTE<\/span><\/a><\/p>\n","protected":false},"featured_media":2027197,"template":"","meta":{"neve_meta_sidebar":"","neve_meta_container":"","neve_meta_enable_content_width":"","neve_meta_content_width":0,"neve_meta_title_alignment":"","neve_meta_author_avatar":"","neve_post_elements_order":"","neve_meta_disable_header":"","neve_meta_disable_footer":"","neve_meta_disable_title":""},"product_cat":[169,6],"product_tag":[],"_links":{"self":[{"href":"https:\/\/romfilatelia.ro\/magazin\/wp-json\/wp\/v2\/product\/2027194"}],"collection":[{"href":"https:\/\/romfilatelia.ro\/magazin\/wp-json\/wp\/v2\/product"}],"about":[{"href":"https:\/\/romfilatelia.ro\/magazin\/wp-json\/wp\/v2\/types\/product"}],"wp:featuredmedia":[{"embeddable":true,"href":"https:\/\/romfilatelia.ro\/magazin\/wp-json\/wp\/v2\/media\/2027197"}],"wp:attachment":[{"href":"https:\/\/romfilatelia.ro\/magazin\/wp-json\/wp\/v2\/media?parent=2027194"}],"wp:term":[{"taxonomy":"product_cat","embeddable":true,"href":"https:\/\/romfilatelia.ro\/magazin\/wp-json\/wp\/v2\/product_cat?post=2027194"},{"taxonomy":"product_tag","embeddable":true,"href":"https:\/\/romfilatelia.ro\/magazin\/wp-json\/wp\/v2\/product_tag?post=2027194"}],"curies":[{"name":"wp","href":"https:\/\/api.w.org\/{rel}","templated":true}]}}