{"id":2026480,"date":"2020-09-15T06:29:06","date_gmt":"2020-09-15T04:29:06","guid":{"rendered":"https:\/\/romfilatelia.ro\/magazin\/?post_type=product&#038;p=2026480"},"modified":"2020-09-15T06:32:55","modified_gmt":"2020-09-15T04:32:55","slug":"uniformele-regalitatii-iii-reginele-romaniei","status":"publish","type":"product","link":"https:\/\/romfilatelia.ro\/magazin\/produs\/colectii-anuale\/2020\/uniformele-regalitatii-iii-reginele-romaniei\/","title":{"rendered":"UNIFORMELE REGALIT\u0102\u021aII (III) Reginele Rom\u00e2niei"},"content":{"rendered":"<p><a href=\"https:\/\/romfilatelia.ro\/magazin\/wp-content\/uploads\/2020\/09\/SITE_mc-unif-regalitatii-rom3.jpg\"><img decoding=\"async\" loading=\"lazy\" class=\"alignleft wp-image-2026481 size-medium\" src=\"https:\/\/romfilatelia.ro\/magazin\/wp-content\/uploads\/2020\/09\/SITE_mc-unif-regalitatii-rom3-227x300.jpg\" alt=\"\" width=\"227\" height=\"300\" srcset=\"https:\/\/romfilatelia.ro\/magazin\/wp-content\/uploads\/2020\/09\/SITE_mc-unif-regalitatii-rom3-227x300.jpg 227w, https:\/\/romfilatelia.ro\/magazin\/wp-content\/uploads\/2020\/09\/SITE_mc-unif-regalitatii-rom3-scaled-500x662.jpg 500w, https:\/\/romfilatelia.ro\/magazin\/wp-content\/uploads\/2020\/09\/SITE_mc-unif-regalitatii-rom3-scaled-64x85.jpg 64w, https:\/\/romfilatelia.ro\/magazin\/wp-content\/uploads\/2020\/09\/SITE_mc-unif-regalitatii-rom3-768x1017.jpg 768w, https:\/\/romfilatelia.ro\/magazin\/wp-content\/uploads\/2020\/09\/SITE_mc-unif-regalitatii-rom3-604x800.jpg 604w, https:\/\/romfilatelia.ro\/magazin\/wp-content\/uploads\/2020\/09\/SITE_mc-unif-regalitatii-rom3-scaled.jpg 1510w\" sizes=\"(max-width: 227px) 100vw, 227px\" \/><\/a>Piesele de vestimenta\u021bie regal\u0103 au pasionat dintotdeauna at\u00e2t publicul, c\u00e2t \u0219i colec\u021bionarii. <strong>Romfilatelia<\/strong> continu\u0103 seria m\u0103rcilor po\u0219tale dedicate acestei tematici, prin emisiunea <strong><em>Uniformele regalit\u0103\u021bii (III).<\/em><\/strong> <em>Reginele Rom\u00e2niei<\/em>, care va intra \u00een circula\u021bie mar\u021bi, 15 septembrie 2020.<\/p>\n<p>Regulile vestimentare pentru capetele \u00eencoronate sunt foarte stricte, iar la realizarea lor sunt folosite materiale variate, care trebuie s\u0103 se \u00eencadreze \u00een standardele decen\u021bei. Totu\u0219i, unele regine ale Rom\u00e2niei au ie\u0219it c\u00e2teodat\u0103 din normele epocii, remarc\u00e2ndu-se vizibil cu moda abordat\u0103 \u00een afara \u021b\u0103rii.<\/p>\n<p><strong>Regina Elisabeta<\/strong> (1843-1916) spunea c\u0103: \u201eToaleta pe care o por\u021bi nu este un lucru f\u0103r\u0103 importan\u021b\u0103. Ea \u00ee\u021bi d\u0103 via\u021b\u0103!\u201d. Adesea \u00eembr\u0103c\u0103mintea Reginei a fost considerat\u0103 de c\u0103tre apropia\u021bi, sau de c\u0103tre oaspe\u021bi, ca adev\u0103rate \u00eendr\u0103zneli de vedet\u0103. Rochiile-tunic\u0103 albe erau acoperite de bijuterii nu tocmai regale, ci fantezii cu dimensiuni mari, precum \u0219i tot felul de danteluri \u0219i broderii nea\u0219teptate. Sub o bogat\u0103 hain\u0103 de blan\u0103, Regina purta c\u00e2te un ve\u0219m\u00e2nt amplu din catifea ro\u0219ie foarte \u00eenchis, ce sem\u0103na mai degrab\u0103 cu un halat de cas\u0103, \u00eempodobit cu broderii pestri\u021be, \u00een talie cu c\u00e2te un cordon din m\u0103tase fin\u0103, ce sem\u0103na mai degrab\u0103 cu o sforicic\u0103. Purta p\u0103l\u0103rii cu boruri mici, cu o voalet\u0103 de care-\u0219i fixa <em>pince-nez<\/em>-ul.<\/p>\n<p>Regina Elisabeta a epatat prin \u021binutele la mod\u0103 din Occident \u0219i prin portul tradi\u021bional rom\u00e2nesc. S-a l\u0103sat fotografiat\u0103 \u00een ii, f\u0103c\u00e2nd publicitate, cu imaginea ei, Regatului Rom\u00e2niei.<\/p>\n<p><strong>Regina Maria<\/strong> (1875-1938) a reu\u0219it s\u0103 impun\u0103 un stil vestimentar propriu, iar \u00een multe dintre fotografii o vedem \u00een \u021binute ce par mult mai lejere dec\u00e2t ale altor suverane ale timpului, dar \u0219i mai avangardiste, care abordeaz\u0103 moda ilustrat\u0103 a anilor 1880-1918, lucru datorat firesc vizitelor numeroase pe care ea le f\u0103cea la Paris. Pentru realizarea toaletelor, Regina Maria, precum \u0219i fiicele sale, apelau la renumi\u021bii creatori de mod\u0103 francezi: Jean Patou, Paul Poiret, Redfern, Cheruite \u0219i nu \u00een ultimul r\u00e2nd Gabrielle Chanel.<\/p>\n<p>Costumele tradi\u021bionale au fost apreciate de asemenea de Regin\u0103, \u00eens\u0103 erau stilizate \u0219i modernizate, f\u0103r\u0103 a le strica farmecul sau specificul acestora. Bijuteria preferat\u0103 a Reginei Maria era colierul din perle, asortat inclusiv la costumul popular.<\/p>\n<p>Regina Maria s-a afi\u0219at adesea \u0219i \u00een uniforme militare, dar \u0219i \u00een uniform\u0103 de sor\u0103 medical\u0103, \u00een anii Primului R\u0103zboi Mondial.<\/p>\n<p><strong>Regina Elena<\/strong> (1896-1982), descendent\u0103 a familiei regale a Greciei, a fost \u00eenc\u00e2ntat\u0103 s\u0103 promoveze tradi\u021biile autentice rom\u00e2ne\u0219ti, fiind celebre \u00een epoc\u0103 fotografiile sale \u00een costume populare. Dup\u0103 proclamarea lui Mihai ca rege, \u00een 1927 \u0219i 1940, a avut calitate de Regin\u0103-Mam\u0103, \u00eenso\u021bindu-\u0219i fiul \u00een \u021binute elegante, dup\u0103 moda epocii. Diadema cu motive grece\u0219ti a Reginei Elena a reprezentat un accesoriu remarcabil, fiind purtat\u0103 cu onoare la ocazii speciale de Regina Ana \u0219i de Majestatea Sa Margareta, Custodele Coroanei.<\/p>\n<p><strong>Regina Ana<\/strong> (1923-2016) a fost discret\u0103 at\u00e2t \u00een via\u021ba public\u0103, c\u00e2t \u0219i prin vestimenta\u021bie. Aten\u021bia mai redus\u0103 a Reginei Ana la adresa modei \u0219i \u021binutelor de gal\u0103 a fost mo\u0219tenit\u0103 de la mama sa, prin\u021besa Margaret a Danemarcei, care obi\u0219nuia s\u0103 spun\u0103: \u201eEu nu m\u0103 \u00eembrac, eu m\u0103 acop\u0103r\u201d. \u00centr-un interviu din anul 2008, Regina Ana spunea c\u0103 a preferat s\u0103 se ocupe de cas\u0103, iar ideea de protocol nu-i spunea nimic. Modestia este \u00eens\u0103 motivul pentru care Regina Ana omite s\u0103 aminteasc\u0103 de o perioad\u0103 din cel de-Al Doilea R\u0103zboi Mondial, c\u00e2nd a purtat cu m\u00e2ndrie \u0219i respect uniforma for\u021belor militare franceze libere, fiind decorat\u0103 cu Crucea de R\u0103zboi a Fran\u021bei.<\/p>\n<p>Pe cele patru timbre ale emisiunii sunt ilustrate Reginele Elisabeta <strong>(1,90 lei)<\/strong>, Maria <strong>(3,30 lei)<\/strong>, Elena <strong>(5 lei) <\/strong>\u0219i Ana <strong>(19 lei)<\/strong>, \u00eembr\u0103cate \u00een vestimenta\u021bie de ceremonial, cu podoabe \u0219i diademe.<\/p>\n<p>&nbsp;<\/p>\n<p><em>Romfilatelia mul\u021bume\u0219te Casei Majest\u0103\u021bii Sale Custodele Coroanei \u0219i Muzeului Na\u021bional Pele\u0219 pentru sprijinul documentar \u0219i fotografic acordat la realizarea acestei emisiuni de m\u0103rci po\u0219tale. <\/em><\/p>\n<p><strong><em>Album filatelic<\/em><\/strong><em> este realizat \u00een tiraj limitat de <strong>275<\/strong> exemplare \u0219i este echipat cu un bloc special de 4 timbre dantelate + 4 nedantelate ale emisiunii, precum \u0219i setul de dou\u0103 plicuri \u201eprima zi\u201d av\u00e2nd \u0219tampila aplicat\u0103 \u00een clar cu folio aur. Ambele produse sunt numerotate de la <strong>001<\/strong> la <strong>275.<\/strong><\/em><\/p>\n<p><a href=\"https:\/\/romfilatelia.ro\/magazin\/wp-content\/uploads\/2020\/09\/caract_-Uniformele-regalitatii-romanesti-III_Reginele_tript.jpg\"><img decoding=\"async\" loading=\"lazy\" class=\"aligncenter size-full wp-image-2026482\" src=\"https:\/\/romfilatelia.ro\/magazin\/wp-content\/uploads\/2020\/09\/caract_-Uniformele-regalitatii-romanesti-III_Reginele_tript.jpg\" alt=\"\" width=\"1685\" height=\"1737\" srcset=\"https:\/\/romfilatelia.ro\/magazin\/wp-content\/uploads\/2020\/09\/caract_-Uniformele-regalitatii-romanesti-III_Reginele_tript.jpg 1685w, https:\/\/romfilatelia.ro\/magazin\/wp-content\/uploads\/2020\/09\/caract_-Uniformele-regalitatii-romanesti-III_Reginele_tript-500x515.jpg 500w, https:\/\/romfilatelia.ro\/magazin\/wp-content\/uploads\/2020\/09\/caract_-Uniformele-regalitatii-romanesti-III_Reginele_tript-64x66.jpg 64w, https:\/\/romfilatelia.ro\/magazin\/wp-content\/uploads\/2020\/09\/caract_-Uniformele-regalitatii-romanesti-III_Reginele_tript-291x300.jpg 291w, https:\/\/romfilatelia.ro\/magazin\/wp-content\/uploads\/2020\/09\/caract_-Uniformele-regalitatii-romanesti-III_Reginele_tript-768x792.jpg 768w, https:\/\/romfilatelia.ro\/magazin\/wp-content\/uploads\/2020\/09\/caract_-Uniformele-regalitatii-romanesti-III_Reginele_tript-776x800.jpg 776w\" sizes=\"(max-width: 1685px) 100vw, 1685px\" \/><\/a><\/p>\n","protected":false},"excerpt":{"rendered":"<p>Piesele de vestimenta\u021bie regal\u0103 au pasionat dintotdeauna at\u00e2t publicul, c\u00e2t \u0219i colec\u021bionarii. Romfilatelia continu\u0103 seria m\u0103rcilor po\u0219tale dedicate acestei tematici, prin emisiunea Uniformele regalit\u0103\u021bii (III). Reginele Rom\u00e2niei, care va intra \u00een circula\u021bie mar\u021bi, 15 septembrie 2020. Regulile vestimentare pentru capetele \u00eencoronate sunt foarte stricte, iar la realizarea lor sunt folosite materiale variate, care trebuie s\u0103&hellip;&nbsp;<a href=\"https:\/\/romfilatelia.ro\/magazin\/produs\/colectii-anuale\/2020\/uniformele-regalitatii-iii-reginele-romaniei\/\" class=\"\" rel=\"bookmark\">Cite\u0219te mai mult &raquo;<span class=\"screen-reader-text\">UNIFORMELE REGALIT\u0102\u021aII (III) Reginele Rom\u00e2niei<\/span><\/a><\/p>\n","protected":false},"featured_media":2026483,"template":"","meta":{"neve_meta_sidebar":"","neve_meta_container":"","neve_meta_enable_content_width":"","neve_meta_content_width":0,"neve_meta_title_alignment":"","neve_meta_author_avatar":"","neve_post_elements_order":"","neve_meta_disable_header":"","neve_meta_disable_footer":"","neve_meta_disable_title":""},"product_cat":[165,6],"product_tag":[],"_links":{"self":[{"href":"https:\/\/romfilatelia.ro\/magazin\/wp-json\/wp\/v2\/product\/2026480"}],"collection":[{"href":"https:\/\/romfilatelia.ro\/magazin\/wp-json\/wp\/v2\/product"}],"about":[{"href":"https:\/\/romfilatelia.ro\/magazin\/wp-json\/wp\/v2\/types\/product"}],"wp:featuredmedia":[{"embeddable":true,"href":"https:\/\/romfilatelia.ro\/magazin\/wp-json\/wp\/v2\/media\/2026483"}],"wp:attachment":[{"href":"https:\/\/romfilatelia.ro\/magazin\/wp-json\/wp\/v2\/media?parent=2026480"}],"wp:term":[{"taxonomy":"product_cat","embeddable":true,"href":"https:\/\/romfilatelia.ro\/magazin\/wp-json\/wp\/v2\/product_cat?post=2026480"},{"taxonomy":"product_tag","embeddable":true,"href":"https:\/\/romfilatelia.ro\/magazin\/wp-json\/wp\/v2\/product_tag?post=2026480"}],"curies":[{"name":"wp","href":"https:\/\/api.w.org\/{rel}","templated":true}]}}