{"id":2026269,"date":"2020-08-06T12:25:20","date_gmt":"2020-08-06T10:25:20","guid":{"rendered":"https:\/\/romfilatelia.ro\/magazin\/?post_type=product&#038;p=2026269"},"modified":"2021-01-19T13:57:23","modified_gmt":"2021-01-19T11:57:23","slug":"orhidee","status":"publish","type":"product","link":"https:\/\/romfilatelia.ro\/magazin\/produs\/colectii-anuale\/2020\/orhidee\/","title":{"rendered":"ORHIDEE"},"content":{"rendered":"<p><img decoding=\"async\" loading=\"lazy\" class=\"size-medium wp-image-2026270 alignleft\" src=\"https:\/\/romfilatelia.ro\/magazin\/wp-content\/uploads\/2020\/08\/SITE_mc_Orhidee-1-224x300.jpg\" alt=\"\" width=\"224\" height=\"300\" srcset=\"https:\/\/romfilatelia.ro\/magazin\/wp-content\/uploads\/2020\/08\/SITE_mc_Orhidee-1-224x300.jpg 224w, https:\/\/romfilatelia.ro\/magazin\/wp-content\/uploads\/2020\/08\/SITE_mc_Orhidee-1-500x670.jpg 500w, https:\/\/romfilatelia.ro\/magazin\/wp-content\/uploads\/2020\/08\/SITE_mc_Orhidee-1-64x86.jpg 64w, https:\/\/romfilatelia.ro\/magazin\/wp-content\/uploads\/2020\/08\/SITE_mc_Orhidee-1-768x1029.jpg 768w, https:\/\/romfilatelia.ro\/magazin\/wp-content\/uploads\/2020\/08\/SITE_mc_Orhidee-1-597x800.jpg 597w, https:\/\/romfilatelia.ro\/magazin\/wp-content\/uploads\/2020\/08\/SITE_mc_Orhidee-1.jpg 1099w\" sizes=\"(max-width: 224px) 100vw, 224px\" \/><\/p>\n<p><strong>Romfilatelia<\/strong> continu\u0103 seria tematicilor dedicate <em>Florei<\/em>, prin emisiunea de m\u0103rci po\u0219tale <strong><em>Orhidee<\/em><\/strong><em>,<\/em> care va intra \u00een circula\u021bie <em>joi, 6 august 2020<\/em>.<\/p>\n<p>Forme gra\u021bioase \u0219i culori superbe, prezen\u021be exotice, la asta ne duce g\u00e2ndul atunci c\u00e2nd auzim de orhidee. Speciile prezentate \u00een aceast\u0103 emisiune filatelic\u0103 se g\u0103sesc pe teritoriul Rom\u00e2niei.<\/p>\n<p>Pe timbrul cu valoarea nominal\u0103 de <strong>3,30 lei<\/strong> este ilustrat\u0103 <em>Neotinea ustulata<\/em> var. <em>aestivalis<\/em> (Ku\u0308mpel) Tali, M.F. Fay &amp; R.M. Bateman &#8211; denumit\u0103 popular <strong>Poroinic<\/strong>.<\/p>\n<p>Numele generic<em>, Neotinea<\/em>, se reg\u0103se\u0219te \u00een cuv\u00e2ntul grecesc antic <em>n\u00e9os <\/em>(nou) \u0219i cuv\u00e2ntul <em>tinea,<\/em> provenit de la numele botanistului Vincenzo Tineo (1791-1856), numele vernacular fiind Orhideea Nou\u0103 a lui Tineo.<\/p>\n<p><em>Epitetul specific<\/em>, <em>ustulata<\/em>, \u00ee\u0219i are originile \u00een cuv\u00e2ntul vechi latin <em>ustul\u0101ta<\/em> (ars, carbonizat), <em>literalmente<\/em> \u00eensemn\u00e2nd <em>ars<\/em>, aceasta fiind o referire la culoarea v\u00e2rfului inflorescen\u021bei care variaz\u0103 de la ro\u0219u-\u00eenchis p\u00e2n\u0103 la brun-\u00eenchis, p\u0103r\u00e2nd <em>ars<\/em>, <em>\u00eennegrit de fum<\/em>, de unde \u0219i numele sale vernaculare, Orhideea Ars\u0103 sau Orhideea cu V\u00e2rful Ars. <em>Epitetul infraspecific<\/em> (<em>epitetul variet\u0103\u021bii<\/em>), <em>aestivalis<\/em>, provine de la cuv\u00e2ntul latin <em>aest\u012bv\u0101lis<\/em> (var\u0103), \u00eensemn\u00e2nd <em>de var\u0103 <\/em>sau <em>legat de var\u0103<\/em>, o referire la <em>perioada de \u00eenflorire t\u00e2rzie<\/em>, \u00een jurul lunilor iulie-august. Aceast\u0103 varietate iese \u00een eviden\u021b\u0103 \u0219i prin \u00een\u0103l\u021bimea sa, de p\u00e2n\u0103 la 30-80 cm \u0219i inflorescen\u021ba bogat\u0103 \u0219i lax\u0103 ce poate con\u021bine p\u00e2n\u0103 la 140 de flori.<\/p>\n<p>Florile au un puternic parfum asem\u0103n\u0103tor cu mierea sau cu vanilia.<\/p>\n<p>Prefer\u0103 paji\u0219tile umede, p\u0103\u0219unile, marginile de p\u0103dure, cresc\u00e2nd pe soluri s\u0103race \u00een elemente nutritive, umede sau uscate, p\u00e2n\u0103 la 1.800 m altitudine.<\/p>\n<p>Se crede c\u0103 perioada de via\u021b\u0103 subteran\u0103 a orhideei <em>Neotinea ustulata<\/em> poate fi de 10-15 ani, \u00eenainte s\u0103 apar\u0103 prima tulpin\u0103 suprateran\u0103.<\/p>\n<p><em>Cephalanthera rubra<\/em> (L.) Rich., denumit\u0103 popular <strong>C\u0103p\u0219unic\u0103<\/strong>, este reprezentat\u0103 pe timbrul cu valoarea nominal\u0103 <strong>de 5 lei. <\/strong><\/p>\n<p>Numele generic, <em>Cephalanthera<\/em>, este un termen compus cu originea \u00een cuvintele grece\u0219ti vechi <em>kephal\u00e9 <\/em>(cap) \u0219i<em> anth\u0113r (\u00f3s) (floare), <\/em>care \u00eenseamn\u0103<em> cu antere \u00een form\u0103 de cap<\/em>, o referire la capul anterei de form\u0103 globular\u0103.<\/p>\n<p><em>Epitetul specific<\/em>, <em>rubra<\/em>, \u00ee\u0219i are originea \u00een cuv\u00e2ntul latin <em>rubr\u0101<\/em> (ro\u0219u), care \u00eenseamn\u0103 <em>colorat \u00een ro\u0219u str\u0103lucitor<\/em>. Aceast\u0103 culoare se refer\u0103 la florile ro\u0219ii-purpurii ale acestei specii, de unde \u0219i numele populare, Helleborina Ro\u0219ie sau Helleborina Regal\u0103.<\/p>\n<p><em>Cephalanthera rubra<\/em> \u00eenflore\u0219te \u00een iunie-iulie \u0219i cre\u0219te \u00een zone umbroase, \u00een p\u0103duri de foioase sau mixte, pe soluri calcaroase \u0219i nu numai, p\u00e2n\u0103 la altitudinea de 1.700 m. Este o plant\u0103 \u00eenalt\u0103 \u0219i zvelt\u0103, care poate ajunge p\u00e2n\u0103 la 50-60 cm, cu inflorescen\u021be mari cu flori purpurii. Florile au parfum de miere sau vanilie.<\/p>\n<p>Ea cre\u0219te de obicei \u00een vecin\u0103tatea florilor purpurii-albastre ale speciilor <em>Campanula<\/em>, cunoscute sub numele de Clopo\u021bei alba\u0219tri, c\u0103rora le imit\u0103 forma \u0219i culoarea.<\/p>\n<p><em>Cephalanthera rubra<\/em> are nevoie de aproximativ 6 luni de la germinare p\u00e2n\u0103 la apari\u021bia primelor frunze deasupra solului. \u00cenflorirea are loc atunci c\u00e2nd planta are v\u00e2rsta de aproximativ 10 ani.<\/p>\n<p>Pe timbrul cu valoarea nominal\u0103 de <strong>8,50 lei<\/strong> este reprodus\u0103 <em>Anacamptis pyramidalis<\/em> (L.) Rich., cunoscut\u0103 popular cu denumirea <strong>Bujor<\/strong>.<\/p>\n<p><em>Epitetul specific, pyramidalis<\/em> \u00ee\u0219i are originea \u00een latina veche, \u00een cuv\u00e2ntul <em>pyramid\u0101lis<\/em> (\u00een form\u0103 de piramid\u0103), o referire la <em>forma piramidal\u0103 a inflorescen\u021bei<\/em>, de unde \u0219i numele s\u0103u vernacular, Orhideea Piramidal\u0103.<\/p>\n<p>Acest tip de inflorescen\u021b\u0103 piramidal\u0103, care poate con\u021bine 100-180 de flori minunat colorate, se g\u0103se\u0219te doar la plantele tinere, aflate la \u00eenceputul perioadei de \u00eenflorire. Mai t\u00e2rziu, inflorescen\u021ba matur\u0103 devine cilindric\u0103. Este o plant\u0103 foarte zvelt\u0103 care poate atinge 25-100 cm \u00een\u0103l\u021bime. \u00cenflore\u0219te \u00een luna mai \u0219i apare pe paji\u0219ti, liziere \u0219i p\u0103duri luminoase, pe substraturi calcaroase, la o altitudine de p\u00e2n\u0103 la 1.800 m.<\/p>\n<p><em>Nigritella miniata<\/em> (Crantz) Janch., cunoscut\u0103 popular cu denumirea <strong>S\u00e2ngele voinicului<\/strong> este ilustrat\u0103 pe timbrul cu valoarea nominal\u0103 de <strong>10,50 lei<\/strong>.<\/p>\n<p>Numele generic, <em>Nigritella<\/em>, provine din cuv\u00e2ntul latin vechi <em>nigri<\/em> (negru, \u00eentunecat) \u0219i &#8211; <em>ella<\/em> (sufix diminutiv: mic), care \u00eenseamn\u0103 <em>cele mici \u0219i \u00eentunecate<\/em> sau <em>cele mici \u0219i negre<\/em>, o aluzie sugestiv\u0103 la culoarea inflorescen\u021belor conice \u0219i mici cu culori care variaz\u0103 de la ro\u0219u \u00eenchis, \u00een unele cazuri aproape negru, caracteristice genului <em>Nigritella<\/em>. Datorit\u0103 remarcabilului lor parfum de vanilie, ele sunt cunoscute \u0219i ca Orhideele de Vanilie Europene, sau, pur \u0219i simplu, Orhideele de Vanilie.<\/p>\n<p><em>Epitetul specific<\/em>, <em>miniata<\/em>, provine din cuv\u00e2ntul latin <em>mini\u0101ta<\/em> (vermilion sau purpuriu, ro\u0219u-aprins, ro\u0219u-s\u00e2nge), \u00eensemn\u00e2nd <em>cel ro\u0219u<\/em> sau <em>ro\u0219u-s\u00e2ngeriu<\/em>, referitor la culoarea <em>ro\u0219u-luminos a inflorescen\u021bei<\/em>, de unde \u0219i numele s\u0103u vernacular Orhideea Ro\u0219ie de Vanilie.<\/p>\n<p>Este o plant\u0103 mic\u0103, delicat\u0103, de aproximativ 10-15 cm. Cre\u0219te \u00een locurile \u00eensorite, \u00eempr\u0103\u0219tiat pe paji\u0219tile alpine. \u00cenflore\u0219te la \u00eenceputul lunii iunie.<\/p>\n<p>Pe setul de dou\u0103 plicuri \u201eprima zi\u201d sunt reprezentate specia <em>Himantoglossum calcaratum<\/em> subsp. <em>jankae<\/em> (Somlyay, Kreutz &amp; O\u0301va\u0301ri) R.M. Bateman, Molnar &amp; Sramko\u0301 &#8211; cunoscut\u0103 popular ca <em>Ou\u0103le popii<\/em> \u0219i specia <em>Anacamptis papilionacea<\/em> (L.) R.M. Bateman,Pridgeon &amp; M.W. Chase &#8211; denumit\u0103 popular <em>Gem\u0103nari\u021b\u0103<\/em>.<\/p>\n<p>&nbsp;<\/p>\n<p><em>Romfilatelia mul\u021bume\u0219te doamnei Nora de Angelli \u0219i Gr\u0103dinii Botanice \u201eDimitrie Brandza\u201d a Universit\u0103\u021bii din Bucure\u0219ti pentru sprijinul documentar \u0219i fotografic acordat la realizarea acestei emisiuni de m\u0103rci po\u0219tale.<\/em><\/p>\n<p><img decoding=\"async\" loading=\"lazy\" class=\"aligncenter wp-image-2026271 size-full\" src=\"https:\/\/romfilatelia.ro\/magazin\/wp-content\/uploads\/2020\/08\/caract-Orhidee_tript.jpg\" alt=\"\" width=\"1672\" height=\"1653\" srcset=\"https:\/\/romfilatelia.ro\/magazin\/wp-content\/uploads\/2020\/08\/caract-Orhidee_tript.jpg 1672w, https:\/\/romfilatelia.ro\/magazin\/wp-content\/uploads\/2020\/08\/caract-Orhidee_tript-100x100.jpg 100w, https:\/\/romfilatelia.ro\/magazin\/wp-content\/uploads\/2020\/08\/caract-Orhidee_tript-500x494.jpg 500w, https:\/\/romfilatelia.ro\/magazin\/wp-content\/uploads\/2020\/08\/caract-Orhidee_tript-64x63.jpg 64w, https:\/\/romfilatelia.ro\/magazin\/wp-content\/uploads\/2020\/08\/caract-Orhidee_tript-300x297.jpg 300w, https:\/\/romfilatelia.ro\/magazin\/wp-content\/uploads\/2020\/08\/caract-Orhidee_tript-768x759.jpg 768w, https:\/\/romfilatelia.ro\/magazin\/wp-content\/uploads\/2020\/08\/caract-Orhidee_tript-800x791.jpg 800w, https:\/\/romfilatelia.ro\/magazin\/wp-content\/uploads\/2020\/08\/caract-Orhidee_tript-53x53.jpg 53w, https:\/\/romfilatelia.ro\/magazin\/wp-content\/uploads\/2020\/08\/caract-Orhidee_tript-85x85.jpg 85w\" sizes=\"(max-width: 1672px) 100vw, 1672px\" \/><\/p>\n<p>&nbsp;<\/p>\n","protected":false},"excerpt":{"rendered":"<p>Romfilatelia continu\u0103 seria tematicilor dedicate Florei, prin emisiunea de m\u0103rci po\u0219tale Orhidee, care va intra \u00een circula\u021bie joi, 6 august 2020. Forme gra\u021bioase \u0219i culori superbe, prezen\u021be exotice, la asta ne duce g\u00e2ndul atunci c\u00e2nd auzim de orhidee. Speciile prezentate \u00een aceast\u0103 emisiune filatelic\u0103 se g\u0103sesc pe teritoriul Rom\u00e2niei. Pe timbrul cu valoarea nominal\u0103 de&hellip;&nbsp;<a href=\"https:\/\/romfilatelia.ro\/magazin\/produs\/colectii-anuale\/2020\/orhidee\/\" class=\"\" rel=\"bookmark\">Cite\u0219te mai mult &raquo;<span class=\"screen-reader-text\">ORHIDEE<\/span><\/a><\/p>\n","protected":false},"featured_media":2026273,"template":"","meta":{"neve_meta_sidebar":"","neve_meta_container":"","neve_meta_enable_content_width":"","neve_meta_content_width":0,"neve_meta_title_alignment":"","neve_meta_author_avatar":"","neve_post_elements_order":"","neve_meta_disable_header":"","neve_meta_disable_footer":"","neve_meta_disable_title":""},"product_cat":[165,6],"product_tag":[],"_links":{"self":[{"href":"https:\/\/romfilatelia.ro\/magazin\/wp-json\/wp\/v2\/product\/2026269"}],"collection":[{"href":"https:\/\/romfilatelia.ro\/magazin\/wp-json\/wp\/v2\/product"}],"about":[{"href":"https:\/\/romfilatelia.ro\/magazin\/wp-json\/wp\/v2\/types\/product"}],"wp:featuredmedia":[{"embeddable":true,"href":"https:\/\/romfilatelia.ro\/magazin\/wp-json\/wp\/v2\/media\/2026273"}],"wp:attachment":[{"href":"https:\/\/romfilatelia.ro\/magazin\/wp-json\/wp\/v2\/media?parent=2026269"}],"wp:term":[{"taxonomy":"product_cat","embeddable":true,"href":"https:\/\/romfilatelia.ro\/magazin\/wp-json\/wp\/v2\/product_cat?post=2026269"},{"taxonomy":"product_tag","embeddable":true,"href":"https:\/\/romfilatelia.ro\/magazin\/wp-json\/wp\/v2\/product_tag?post=2026269"}],"curies":[{"name":"wp","href":"https:\/\/api.w.org\/{rel}","templated":true}]}}