{"id":2024687,"date":"2020-01-23T09:26:52","date_gmt":"2020-01-23T07:26:52","guid":{"rendered":"https:\/\/romfilatelia.ro\/magazin\/?post_type=product&#038;p=2024687"},"modified":"2020-01-23T15:42:44","modified_gmt":"2020-01-23T13:42:44","slug":"zodiacul-chinezesc-anul-sobolanului-de-metal","status":"publish","type":"product","link":"https:\/\/romfilatelia.ro\/magazin\/produs\/colectii-anuale\/2020\/zodiacul-chinezesc-anul-sobolanului-de-metal\/","title":{"rendered":"ZODIACUL CHINEZESC.  ANUL \u0218OBOLANULUI DE METAL"},"content":{"rendered":"<p><a href=\"https:\/\/romfilatelia.ro\/magazin\/wp-content\/uploads\/2020\/01\/Mc_Zodiacul-chinezesc.Anul-sobolanului-1.jpg\"><img decoding=\"async\" loading=\"lazy\" class=\"alignleft wp-image-2024702 size-medium\" src=\"https:\/\/romfilatelia.ro\/magazin\/wp-content\/uploads\/2020\/01\/Mc_Zodiacul-chinezesc.Anul-sobolanului-1-300x204.jpg\" alt=\"\" width=\"300\" height=\"204\" \/><\/a><strong>Romfilatelia<\/strong> introduce \u00een premier\u0103 <em>joi, 23 ianuarie, anul curent<\/em>, emisiunea de m\u0103rci po\u0219tale <strong><em>Zodiacul Chinezesc. Anul \u0219obolanului de metal<\/em><\/strong><em>,<\/em> o tematic\u0103 filatelic\u0103 \u00eendr\u0103git\u0103 de colec\u021bionarii de pretutindeni.<\/p>\n<p>Fiec\u0103rui An Nou Chinezesc \u00eei este desemnat unul dintre cele 12 animale ale Zodiacului Chinezesc. 2020 este <em>Anul \u0219obolanului de metal<\/em>. Al\u021bi ani ai zodiei \u0219obolan au fost \u0219i vor fi 1912, 1924, 1936, 1948, 1960, 1972, 1984, 1996, 2008, 2020, 2032. \u0218obolanul, ilustrat pe timbrul cu valoarea nominal\u0103 de <strong>8,50 lei<\/strong>, este prima zodie din ciclul de 12 ani al zodiacului chinez. Dup\u0103 acest an lunar, urm\u0103torul este <em>Anul boului<\/em>.<\/p>\n<p>Horoscoapele au fost dezvoltate \u00een str\u00e2ns\u0103 leg\u0103tur\u0103 cu semnele de animale pentru a prezice tr\u0103s\u0103turile \u0219i destinul personalit\u0103\u021bii. Se \u0219tie c\u0103 fiecare animal are anumite caracteristici pe care le-ar demonstra o persoan\u0103 n\u0103scut\u0103 sub acel semn. Anul \u00een care se na\u0219te o persoan\u0103 determin\u0103 semnul zodiacal. De exemplu, semnul animal al unei persoane este \u0219obolan dac\u0103 s-a n\u0103scut \u00een unul din anii \u0219obolanului.<\/p>\n<p>Spre deosebire de calendarul liniar occidental, calendarul chinez are o metod\u0103 de datare ciclic\u0103 care se repet\u0103 la fiecare 60 de ani. Calendarul se bazeaz\u0103 pe dou\u0103 cicluri care interac\u021bioneaz\u0103 \u00eentre ele &#8211; zodiacul chinezesc, care este \u00eemp\u0103r\u021bit \u00een 12 p\u0103r\u021bi \u0219i cinci elemente.<\/p>\n<p>O mare parte din filozofia chinez\u0103 este elaborat\u0103 \u00een str\u00e2ns\u0103 leg\u0103tur\u0103 cu cinci elemente \u0219i credin\u021ba c\u0103 acestea interac\u021bioneaz\u0103 cu fenomenele naturale. Cele cinci elemente care includ metalul, apa, lemnul, focul \u0219i p\u0103m\u00e2ntul, exist\u0103 \u00een cultura chinez\u0103 de mii de ani \u0219i definesc <em>Zodiacul chinezesc<\/em>. Fiecare element are tr\u0103s\u0103turi diferite. Caracteristicile celor cinci elemente sunt atribuite celor 12 semne animale, cre\u00e2nd 60 de combina\u021bii caracteristice posibile. Conceptul de Yin \u0219i Yang afecteaz\u0103, de asemenea, <em>Zodiacul chinezesc<\/em>, aloc\u00e2nd for\u021be opuse fiec\u0103rui semn animal &#8211; anii impari sunt ani Yin \u0219i anii pari sunt ani Yang. Yinul este perceput ca p\u0103m\u00e2nt, feminin, \u00eentunecat \u0219i pasiv. Yang este perceput ca b\u0103rbat, cer, lumin\u0103 \u0219i activ.<\/p>\n<p>\u0218obolanul este, de asemenea, asociat cu ramura p\u0103m\u00e2nteasc\u0103 <em>Zi<\/em> \u0219i orele de la miezul nop\u021bii. \u00cen termenii <em>yin<\/em> \u0219i <em>yang<\/em>, \u0218obolanul este <em>yang <\/em>\u0219i reprezint\u0103 \u00eenceputul unei noi zile \u0219i, de asemenea, un semn de ap\u0103. Cel mai apropiat semn corespondent occidental este S\u0103get\u0103torul.<\/p>\n<p>Conform calendarului luni-solar chinezesc, <em>Anul Nou Chinezesc 2020<\/em> <em>sau Festivalul de Prim\u0103var\u0103<\/em> \u00eencepe s\u00e2mb\u0103t\u0103, 25 ianuarie \u0219i de peste 1000 de ani a fost cel mai important \u0219i s\u0103rb\u0103torit eveniment chinezesc pe scar\u0103 larg\u0103 \u00een lume. Asociat cu multe legende \u0219i obiceiuri fascinante, este un timp pentru onorarea zeit\u0103\u021bilor \u0219i str\u0103mo\u0219ilor, plin de rug\u0103ciuni, ofrande \u0219i alte acte de devotament.<\/p>\n<p>Data festivalului fluctueaz\u0103, dar cade \u00een ianuarie sau februarie. Anul chinez 4716 \u00eencepe pe 25 ianuarie 2020 \u0219i este anul <em>\u0218obolanului de Metal Yang <\/em>(<em>Geng Zi<\/em>). Anul Nou Chinezesc este denumit \u0219i \u201eFestivalul de prim\u0103var\u0103\u201d \u0219i \u201eAnul nou lunar\u201d, deoarece se \u00eencadreaz\u0103 \u00een prim\u0103var\u0103 \u0219i este datat pe baza calendarului lunar chinezesc.<\/p>\n<p>Conform unui mit, \u00eemp\u0103ratul de jad a spus c\u0103 ordinea va fi decis\u0103 prin ordinea \u00een care au sosit animalele la petrecerea sa. \u0218obolanul l-a p\u0103c\u0103lit pe Bou s\u0103 \u00eel care pe spate p\u00e2n\u0103 la locul petrecerii. Apoi, exact c\u00e2nd au ajuns la linia de sosire, \u0218obolanul a s\u0103rit \u0219i a ocupat locul \u00eent\u00e2i \u00eenaintea Boului.<\/p>\n<p>\u00cen cultura chinez\u0103, \u0219obolanii erau v\u0103zu\u021bi ca un semn de bog\u0103\u021bie \u0219i excedent. Din cauza ratei de reproducere a acestui animal, cuplurile c\u0103s\u0103torite s-au rugat \u0219i \u00eenchinat lui pentru fertilitate.<\/p>\n<p>Pe coli\u021ba nedantelat\u0103 a emisiunii, cu valoarea nominal\u0103 de <strong>28,50 lei<\/strong>, sunt ilustrate sub forma unor simboluri grafice toate animalele zodiacului chinezesc \u00eempreun\u0103 cu \u0219obolanul, redat pe marca po\u0219tal\u0103, toate elementele fiind realizate \u00een culori speciale (galben UV).<\/p>\n<p><a href=\"https:\/\/romfilatelia.ro\/magazin\/wp-content\/uploads\/2020\/01\/caract_Zodiacul-chinezesc.jpg\"><img decoding=\"async\" loading=\"lazy\" class=\"aligncenter size-full wp-image-2024689\" src=\"https:\/\/romfilatelia.ro\/magazin\/wp-content\/uploads\/2020\/01\/caract_Zodiacul-chinezesc.jpg\" alt=\"\" width=\"1685\" height=\"1039\" srcset=\"https:\/\/romfilatelia.ro\/magazin\/wp-content\/uploads\/2020\/01\/caract_Zodiacul-chinezesc.jpg 1685w, https:\/\/romfilatelia.ro\/magazin\/wp-content\/uploads\/2020\/01\/caract_Zodiacul-chinezesc-500x308.jpg 500w, https:\/\/romfilatelia.ro\/magazin\/wp-content\/uploads\/2020\/01\/caract_Zodiacul-chinezesc-64x39.jpg 64w, https:\/\/romfilatelia.ro\/magazin\/wp-content\/uploads\/2020\/01\/caract_Zodiacul-chinezesc-300x185.jpg 300w, https:\/\/romfilatelia.ro\/magazin\/wp-content\/uploads\/2020\/01\/caract_Zodiacul-chinezesc-768x474.jpg 768w, https:\/\/romfilatelia.ro\/magazin\/wp-content\/uploads\/2020\/01\/caract_Zodiacul-chinezesc-800x493.jpg 800w\" sizes=\"(max-width: 1685px) 100vw, 1685px\" \/><\/a><\/p>\n","protected":false},"excerpt":{"rendered":"<p>Romfilatelia introduce \u00een premier\u0103 joi, 23 ianuarie, anul curent, emisiunea de m\u0103rci po\u0219tale Zodiacul Chinezesc. Anul \u0219obolanului de metal, o tematic\u0103 filatelic\u0103 \u00eendr\u0103git\u0103 de colec\u021bionarii de pretutindeni. Fiec\u0103rui An Nou Chinezesc \u00eei este desemnat unul dintre cele 12 animale ale Zodiacului Chinezesc. 2020 este Anul \u0219obolanului de metal. Al\u021bi ani ai zodiei \u0219obolan au fost&hellip;&nbsp;<a href=\"https:\/\/romfilatelia.ro\/magazin\/produs\/colectii-anuale\/2020\/zodiacul-chinezesc-anul-sobolanului-de-metal\/\" class=\"\" rel=\"bookmark\">Cite\u0219te mai mult &raquo;<span class=\"screen-reader-text\">ZODIACUL CHINEZESC.  ANUL \u0218OBOLANULUI DE METAL<\/span><\/a><\/p>\n","protected":false},"featured_media":2024702,"template":"","meta":{"neve_meta_sidebar":"","neve_meta_container":"","neve_meta_enable_content_width":"","neve_meta_content_width":0,"neve_meta_title_alignment":"","neve_meta_author_avatar":"","neve_post_elements_order":"","neve_meta_disable_header":"","neve_meta_disable_footer":"","neve_meta_disable_title":""},"product_cat":[165,6],"product_tag":[],"_links":{"self":[{"href":"https:\/\/romfilatelia.ro\/magazin\/wp-json\/wp\/v2\/product\/2024687"}],"collection":[{"href":"https:\/\/romfilatelia.ro\/magazin\/wp-json\/wp\/v2\/product"}],"about":[{"href":"https:\/\/romfilatelia.ro\/magazin\/wp-json\/wp\/v2\/types\/product"}],"wp:featuredmedia":[{"embeddable":true,"href":"https:\/\/romfilatelia.ro\/magazin\/wp-json\/wp\/v2\/media\/2024702"}],"wp:attachment":[{"href":"https:\/\/romfilatelia.ro\/magazin\/wp-json\/wp\/v2\/media?parent=2024687"}],"wp:term":[{"taxonomy":"product_cat","embeddable":true,"href":"https:\/\/romfilatelia.ro\/magazin\/wp-json\/wp\/v2\/product_cat?post=2024687"},{"taxonomy":"product_tag","embeddable":true,"href":"https:\/\/romfilatelia.ro\/magazin\/wp-json\/wp\/v2\/product_tag?post=2024687"}],"curies":[{"name":"wp","href":"https:\/\/api.w.org\/{rel}","templated":true}]}}