{"id":2024445,"date":"2019-12-11T09:37:31","date_gmt":"2019-12-11T07:37:31","guid":{"rendered":"https:\/\/romfilatelia.ro\/magazin\/?post_type=product&#038;p=2024445"},"modified":"2019-12-20T13:28:39","modified_gmt":"2019-12-20T11:28:39","slug":"design-50","status":"publish","type":"product","link":"https:\/\/romfilatelia.ro\/magazin\/produs\/colectii-anuale\/2019\/design-50\/","title":{"rendered":"DESIGN 50"},"content":{"rendered":"<p><a href=\"https:\/\/romfilatelia.ro\/magazin\/wp-content\/uploads\/2019\/12\/colita_Design-50.jpg\"><img decoding=\"async\" loading=\"lazy\" class=\"alignleft wp-image-2024446 size-medium\" src=\"https:\/\/romfilatelia.ro\/magazin\/wp-content\/uploads\/2019\/12\/colita_Design-50-300x232.jpg\" alt=\"\" width=\"300\" height=\"232\" \/><\/a><strong>Romfilatelia<\/strong> introduce \u00een circula\u021bie <em>miercuri<\/em>, <em>11 decembrie a.c.<\/em>, emisiunea de m\u0103rci po\u0219tale <strong><em>Design 50<\/em><\/strong>, pentru a marca jubileul \u00eenfiin\u021b\u0103rii sistemului de \u00eenv\u0103\u021b\u0103m\u00e2nt superior de design \u00een Rom\u00e2nia.<\/p>\n<p><em>\u201eDesignul a devenit cel mai puternic mijloc prin care omul \u00ee\u0219i formeaz\u0103 instrumentele \u0219i mediul<br \/>\n(\u0219i prin extensie, societatea \u0219i pe el \u00eensu\u0219i)\u201d. <\/em><\/p>\n<p><strong>Victor Papanek \u2013 \u201eDesign pentru lumea real\u0103\u201d<\/strong><strong>\u00a0<\/strong><\/p>\n<p>\u00cen anul 1969, se \u00eenfiin\u021beaz\u0103 la Institutul de Arte Plastice \u201eNicolae Grigorescu\u201d din Bucure\u0219ti sec\u021bia de <em>FORME INDUSTRIALE<\/em>, sau <em>ESTETICA FORMELOR INDUSTRIALE<\/em>, care preg\u0103tea speciali\u0219ti \u00een domeniul designului, ca suport pentru o strategie economic\u0103, ce presupunea crearea \u0219i implementarea pe pia\u021ba intern\u0103 \u0219i interna\u021bional\u0103 a unei viziuni noi &#8211; la acea vreme: produsul original integrat. Acest lucru devenea imperativ pentru tranzi\u021bia dinspre \u201eproduc\u021bia sub licen\u021b\u0103\u201d, c\u0103tre cea de produse proprii, noi, originale \u0219i inovative.<\/p>\n<p>Primii profesori, care au fondat structura \u0219i con\u021binutul acestui nou tip de \u00eenv\u0103\u021b\u0103m\u00e2nt, formare \u0219i educare profesional\u0103 au fost: arh. Paul Bortnovski \u0219i arti\u0219tii Ion Bitzan \u0219i Vladimir \u0218etran, seconda\u021bi de speciali\u0219ti \u00een domeniile ergonomiei, al tehnicii \u0219i tehnologiilor, al marketingului \u0219i al strategiilor de pia\u021b\u0103.<\/p>\n<p>De atunci, au fost formate 46 de genera\u021bii de creativi \u00een domeniul designului, dintre care mul\u021bi au devenit profesioni\u0219ti de elit\u0103, recunoscu\u021bi at\u00e2t \u00een mediul rom\u00e2nesc c\u00e2t \u0219i \u00een cel interna\u021bional, prin carierele de presta\u021bie excep\u021bional\u0103, prin premiile ob\u021binute la prestigioase concursuri de design sau inova\u021bie, sau prin recunoa\u0219terea institu\u021bional\u0103 a meritelor deosebite \u00een dezvoltarea modelelor noilor paradigme, prin\u00a0 <em>DESIGN<\/em>.<\/p>\n<p>\u00cen afara elitelor, designul rom\u00e2nesc s-a remarcat prin inova\u021bie, creativitate \u0219i viziune de perspectiv\u0103, \u00een planul performan\u021belor profesionale prin realizarea de produse competitive pe pie\u021bele globalizate.<\/p>\n<p>Conceptul coli\u021bei dantelate, cu valoarea nominal\u0103 de <strong>28,50 lei<\/strong> se bazeaz\u0103 pe eviden\u021bierea formelor geometrice primare care compun logo-ul <strong><em>DESIGN 50<\/em><\/strong>. Este o viziune care integreaz\u0103 elemente plastice folosite \u00een toate ramurile designului. Culorile folosite, exprim\u0103 bucuria prilejuit\u0103 de aniversarea a 50 de ani de \u00eenv\u0103\u021b\u0103m\u00e2nt de design rom\u00e2nesc. Elementele grafice ce \u00eencadreaz\u0103 timbrul, sunt specifice unor teme de basic design.<\/p>\n<p><a href=\"https:\/\/romfilatelia.ro\/magazin\/wp-content\/uploads\/2019\/12\/caracteristici_Design-50.jpg\"><img decoding=\"async\" loading=\"lazy\" class=\"aligncenter wp-image-2024513 size-full\" src=\"https:\/\/romfilatelia.ro\/magazin\/wp-content\/uploads\/2019\/12\/caracteristici_Design-50.jpg\" alt=\"\" width=\"1684\" height=\"996\" srcset=\"https:\/\/romfilatelia.ro\/magazin\/wp-content\/uploads\/2019\/12\/caracteristici_Design-50.jpg 1684w, https:\/\/romfilatelia.ro\/magazin\/wp-content\/uploads\/2019\/12\/caracteristici_Design-50-500x296.jpg 500w, https:\/\/romfilatelia.ro\/magazin\/wp-content\/uploads\/2019\/12\/caracteristici_Design-50-64x38.jpg 64w, https:\/\/romfilatelia.ro\/magazin\/wp-content\/uploads\/2019\/12\/caracteristici_Design-50-300x177.jpg 300w, https:\/\/romfilatelia.ro\/magazin\/wp-content\/uploads\/2019\/12\/caracteristici_Design-50-768x454.jpg 768w, https:\/\/romfilatelia.ro\/magazin\/wp-content\/uploads\/2019\/12\/caracteristici_Design-50-800x473.jpg 800w\" sizes=\"(max-width: 1684px) 100vw, 1684px\" \/><\/a><\/p>\n","protected":false},"excerpt":{"rendered":"<p>Romfilatelia introduce \u00een circula\u021bie miercuri, 11 decembrie a.c., emisiunea de m\u0103rci po\u0219tale Design 50, pentru a marca jubileul \u00eenfiin\u021b\u0103rii sistemului de \u00eenv\u0103\u021b\u0103m\u00e2nt superior de design \u00een Rom\u00e2nia. \u201eDesignul a devenit cel mai puternic mijloc prin care omul \u00ee\u0219i formeaz\u0103 instrumentele \u0219i mediul (\u0219i prin extensie, societatea \u0219i pe el \u00eensu\u0219i)\u201d. Victor Papanek \u2013 \u201eDesign pentru&hellip;&nbsp;<a href=\"https:\/\/romfilatelia.ro\/magazin\/produs\/colectii-anuale\/2019\/design-50\/\" class=\"\" rel=\"bookmark\">Cite\u0219te mai mult &raquo;<span class=\"screen-reader-text\">DESIGN 50<\/span><\/a><\/p>\n","protected":false},"featured_media":2024446,"template":"","meta":{"neve_meta_sidebar":"","neve_meta_container":"","neve_meta_enable_content_width":"","neve_meta_content_width":0,"neve_meta_title_alignment":"","neve_meta_author_avatar":"","neve_post_elements_order":"","neve_meta_disable_header":"","neve_meta_disable_footer":"","neve_meta_disable_title":""},"product_cat":[162,6],"product_tag":[],"_links":{"self":[{"href":"https:\/\/romfilatelia.ro\/magazin\/wp-json\/wp\/v2\/product\/2024445"}],"collection":[{"href":"https:\/\/romfilatelia.ro\/magazin\/wp-json\/wp\/v2\/product"}],"about":[{"href":"https:\/\/romfilatelia.ro\/magazin\/wp-json\/wp\/v2\/types\/product"}],"wp:featuredmedia":[{"embeddable":true,"href":"https:\/\/romfilatelia.ro\/magazin\/wp-json\/wp\/v2\/media\/2024446"}],"wp:attachment":[{"href":"https:\/\/romfilatelia.ro\/magazin\/wp-json\/wp\/v2\/media?parent=2024445"}],"wp:term":[{"taxonomy":"product_cat","embeddable":true,"href":"https:\/\/romfilatelia.ro\/magazin\/wp-json\/wp\/v2\/product_cat?post=2024445"},{"taxonomy":"product_tag","embeddable":true,"href":"https:\/\/romfilatelia.ro\/magazin\/wp-json\/wp\/v2\/product_tag?post=2024445"}],"curies":[{"name":"wp","href":"https:\/\/api.w.org\/{rel}","templated":true}]}}