{"id":2024224,"date":"2019-11-15T07:29:25","date_gmt":"2019-11-15T05:29:25","guid":{"rendered":"https:\/\/romfilatelia.ro\/magazin\/?post_type=product&#038;p=2024224"},"modified":"2019-11-18T16:11:09","modified_gmt":"2019-11-18T14:11:09","slug":"craciun-2019","status":"publish","type":"product","link":"https:\/\/romfilatelia.ro\/magazin\/produs\/colectii-anuale\/2019\/craciun-2019\/","title":{"rendered":"CR\u0102CIUN 2019"},"content":{"rendered":"<p><a href=\"https:\/\/romfilatelia.ro\/magazin\/wp-content\/uploads\/2019\/11\/mc_Craciun-2019.jpg\"><img decoding=\"async\" loading=\"lazy\" class=\"alignleft wp-image-2024225 size-medium\" src=\"https:\/\/romfilatelia.ro\/magazin\/wp-content\/uploads\/2019\/11\/mc_Craciun-2019-300x215.jpg\" alt=\"\" width=\"300\" height=\"215\" \/><\/a>Cu ocazia Sfintei S\u0103rb\u0103tori a Na\u0219terii Domnului Isus Hristos, <strong>Romfilatelia<\/strong> marcheaz\u0103 acest eveniment important pentru cre\u0219tin\u0103tate prin introducerea \u00een circula\u021bie a emisiunii de m\u0103rci po\u0219tale <em><strong>Cr\u0103ciun 2019<\/strong><\/em>.<\/p>\n<p>Pe cele dou\u0103 timbre ale emisiunii de m\u0103rci po\u0219tale, ambele cu valoarea nominal\u0103 de <strong>1,70 lei<\/strong>, sunt ilustrate imagini din manuscrisul <em>Imnul Acatist al Maicii Domnului<\/em> din colec\u021bia Bibliotecii Academiei Rom\u00e2ne, reprezent\u00e2nd miniaturile <em>\u201eNa\u0219terea Domnului\u201d<\/em> \u0219i <em>\u201eSteaua Magilor\u201d<\/em>.<\/p>\n<p>Din acela\u0219i manuscris s-au reprodus miniaturile <em>\u201eAdora\u021bia Magilor\u201d<\/em> pe plicul \u201ePrima zi\u201d al emisiunii, precum \u0219i <em>\u201eFecioara cu Pruncul\u201d<\/em> pe coli\u021ba dantelat\u0103 a emisiunii, cu valoarea nominal\u0103 de <strong>28,50 lei<\/strong>.<\/p>\n<p>Cr\u0103ciunul, marcheaz\u0103 o mare s\u0103rb\u0103toare a cre\u0219tin\u0103t\u0103\u021bii care are la origine cuv\u00e2ntul latin <em>creatione<\/em> (se pronun\u021b\u0103 <em>creacione<\/em>). Din <em>creacione<\/em> a devenit <em>creacion<\/em>, apoi <em>creaciun<\/em> \u0219i \u00een sf\u00e2r\u0219it, <em>Cr\u0103ciun<\/em>.<\/p>\n<p>\u00cen ziua de Cr\u0103ciun s-a n\u0103scut Iisus Hristos, \u00eemplinind speran\u021ba neamului omenesc care a\u0219tepta apari\u021bia lui <em>Mesia<\/em> (<em>Cel<\/em> <em>Uns,<\/em> care avea s\u0103 devin\u0103 M\u00e2ntuitorul neamurilor).<\/p>\n<p>Ora\u0219ul Bethleem (<strong><em>beth<\/em><\/strong>-cas\u0103, <strong><em>lehem<\/em><\/strong>-p\u00e2ine), aflat la 8 km sud de Ierusalim, a fost ales de Dumnezeu pentru na\u0219terea lui Iisus.<\/p>\n<p>P\u0103rin\u021bii lui Iisus au fost obliga\u021bi s\u0103 ajung\u0103 \u00een acest ora\u0219 pentru a fi recenza\u021bi la locul din care se tr\u0103geau str\u0103mo\u0219ii cei mai \u00eendep\u0103rta\u021bi. Cum Maria \u0219i Iosif se tr\u0103geau din neamul lui David, s-au dus la locul unde fusese locuin\u021ba lui Ieseu \u0219i a fiului s\u0103u David.<\/p>\n<p>Dup\u0103 ce suferise vicisitudinile secolelor trecute, \u00eentre zidurile ei de piatr\u0103, se amenajeaz\u0103 un han pentru s\u0103raci, unde Maria nu a mai g\u0103sit nici un loc liber, fiind obligat\u0103 s\u0103 coboare \u00een pe\u0219tera de sub han.<\/p>\n<p>Deasupra acestei pe\u0219teri s-a ridicat o monumental\u0103 biseric\u0103 pe cheltuiala regelui Eduard al IV-lea. Pe\u0219tera ar fi complet \u00eentunecat\u0103 dac\u0103 nu ar fi iluminat\u0103 feeric de mii de candele \u0219i lum\u00e2n\u0103ri care nu se sting niciodat\u0103. Pe podea se afl\u0103 un disc de argint, montat pe o plac\u0103 de marmur\u0103, pe care este gravat\u0103 inscrip\u021bia: <strong><em>Hic de Virgine Maria Iesus Christus natus est<\/em><\/strong> (Aici, din Fecioara Maria s-a n\u0103scut Iisus Hristos).<\/p>\n<p>Magii despre care pomenesc Evangheliile, veni\u021bi din Orient ca s\u0103 se \u00eenchine M\u00e2ntuitorului, simbolizeaz\u0103 \u00eenchinarea tuturor p\u0103m\u00e2ntenilor. Tradi\u021bia le-a p\u0103strat \u0219i numele: Melchior, cel b\u0103tr\u00e2n, care d\u0103ruie\u0219te aurul, Gaspar, cel t\u00e2n\u0103r, care aduce t\u0103m\u00e2ie \u0219i Baltazar, cel b\u0103rbos, care ofer\u0103 smirn\u0103.<\/p>\n<p>\u00cen c\u0103l\u0103toria lor, magii nu au descoperit o stea apar\u021bin\u00e2nd sistemului astral, ci o stea care marca semnul vizibil al unei puteri cere\u0219ti. Aparent era doar o stea, \u00eens\u0103 mersul ei pe bolta cereasc\u0103 ap\u0103rea ca un semn supranatural, menit s\u0103-i conduc\u0103 la locul na\u0219terii M\u00e2ntuitorului lumii.<\/p>\n<p>Darurile aduse Pruncului Iisus la Bethleem aveau semnifica\u021bii bine definite. Aurul a fost adus ca unui \u00cemp\u0103rat cu o domnie f\u0103r\u0103 sf\u00e2r\u0219it, \u00eentr-o \u00eemp\u0103r\u0103\u021bie cu o ve\u0219nic\u0103 str\u0103lucire. Smirna i-a fost adus\u0103 ca unui om, simbol al patimilor \u0219i al unei mor\u021bi crude. T\u0103m\u00e2ia a fost oferit\u0103 ca unui Dumnezeu. Aurul este adora\u021bia \u0219i iubirea, t\u0103m\u00e2ia este rug\u0103ciunea, smirna define\u0219te abnega\u021bia \u0219i mortificarea p\u0103catelor. Aurul era adus din Ofir, t\u0103m\u00e2ia avea ca surs\u0103 Arabia iar smirna Etiopia.<\/p>\n<p>Magii, care au depus l\u00e2ng\u0103 ieslea \u00een care se afla Pruncul Iisus coroanele lor de aur, simbolizeaz\u0103 \u0219tiin\u021ba care se \u00eenchin\u0103 credin\u021bei.<\/p>\n<p>Steaua c\u0103l\u0103uzitoare, existen\u021ba magilor, prezen\u021ba lor la locul na\u0219terii lui Iisus, definesc emo\u021bionant ceea ce s\u0103rb\u0103toresc cre\u0219tinii: Cr\u0103ciunul, ziua na\u0219terii M\u00e2ntuitorului lumii.<\/p>\n<p>Cu ocazia s\u0103rb\u0103torilor de Cr\u0103ciun, echipa Romfilatelia v\u0103 colind\u0103 din toat\u0103 inima \u0219i v\u0103 ureaz\u0103 S\u0103rb\u0103tori Fericite al\u0103turi de cei dragi!<\/p>\n<p><em>Romfilatelia mul\u021bume\u0219te Bibliotecii Academiei Rom\u00e2ne pentru sprijinul documentar \u0219i fotografic acordat la realizarea acestei emisiuni de m\u0103rci po\u0219tale. <\/em><\/p>\n<p><em><strong>Albumul filatelic<\/strong> este realizat \u00een tiraj limitat de <strong>367<\/strong> de exemplare \u0219i este echipat cu blocul special al emisiunii (con\u021bin\u00e2nd dou\u0103 timbre + coli\u021b\u0103 nedantelat\u0103), cu elemente grafice cu folio aur, precum \u0219i plicul \u201eprima zi\u201d av\u00e2nd \u0219tampila \u201eprima zi\u201d aplicat\u0103 \u00een clar, \u00een folio aur, ambele produse fiind numerotate de la <strong>001<\/strong> la <strong>367<\/strong>. <\/em><\/p>\n<p><em><strong>Produs special, cu timbru de argint, <\/strong>reune\u0219te \u00eentr-o prezentare original\u0103 un bloc filatelic de colec\u021bie (con\u021bin\u00e2nd dou\u0103 timbre nedantelate), realizat \u00een tiraj limitat de 319 exemplare, replica modelat\u0103 \u00een argint a m\u0103rcii po\u0219tale care ilustreaz\u0103 miniatura Na\u0219terea Domnului \u0219i Certificatul de Autenticitate eliberat de Monet\u0103ria Statului, \u00eenseriate de la<strong> 001<\/strong> la <strong>319<\/strong>)<\/em>.<\/p>\n<p><em>\u00a0<a href=\"https:\/\/www.romfilatelia.ro\/wp-content\/uploads\/2019\/11\/pliant-Craciu-2019_triptic.jpg\"><img decoding=\"async\" loading=\"lazy\" class=\"size-full wp-image-2022696 aligncenter\" src=\"https:\/\/www.romfilatelia.ro\/wp-content\/uploads\/2019\/11\/pliant-Craciu-2019_triptic.jpg\" alt=\"\" width=\"1680\" height=\"1800\" \/><\/a><\/em><\/p>\n","protected":false},"excerpt":{"rendered":"<p>Cu ocazia Sfintei S\u0103rb\u0103tori a Na\u0219terii Domnului Isus Hristos, Romfilatelia marcheaz\u0103 acest eveniment important pentru cre\u0219tin\u0103tate prin introducerea \u00een circula\u021bie a emisiunii de m\u0103rci po\u0219tale Cr\u0103ciun 2019. Pe cele dou\u0103 timbre ale emisiunii de m\u0103rci po\u0219tale, ambele cu valoarea nominal\u0103 de 1,70 lei, sunt ilustrate imagini din manuscrisul Imnul Acatist al Maicii Domnului din colec\u021bia&hellip;&nbsp;<a href=\"https:\/\/romfilatelia.ro\/magazin\/produs\/colectii-anuale\/2019\/craciun-2019\/\" class=\"\" rel=\"bookmark\">Cite\u0219te mai mult &raquo;<span class=\"screen-reader-text\">CR\u0102CIUN 2019<\/span><\/a><\/p>\n","protected":false},"featured_media":2024225,"template":"","meta":{"neve_meta_sidebar":"","neve_meta_container":"","neve_meta_enable_content_width":"","neve_meta_content_width":0,"neve_meta_title_alignment":"","neve_meta_author_avatar":"","neve_post_elements_order":"","neve_meta_disable_header":"","neve_meta_disable_footer":"","neve_meta_disable_title":""},"product_cat":[162,6],"product_tag":[],"_links":{"self":[{"href":"https:\/\/romfilatelia.ro\/magazin\/wp-json\/wp\/v2\/product\/2024224"}],"collection":[{"href":"https:\/\/romfilatelia.ro\/magazin\/wp-json\/wp\/v2\/product"}],"about":[{"href":"https:\/\/romfilatelia.ro\/magazin\/wp-json\/wp\/v2\/types\/product"}],"wp:featuredmedia":[{"embeddable":true,"href":"https:\/\/romfilatelia.ro\/magazin\/wp-json\/wp\/v2\/media\/2024225"}],"wp:attachment":[{"href":"https:\/\/romfilatelia.ro\/magazin\/wp-json\/wp\/v2\/media?parent=2024224"}],"wp:term":[{"taxonomy":"product_cat","embeddable":true,"href":"https:\/\/romfilatelia.ro\/magazin\/wp-json\/wp\/v2\/product_cat?post=2024224"},{"taxonomy":"product_tag","embeddable":true,"href":"https:\/\/romfilatelia.ro\/magazin\/wp-json\/wp\/v2\/product_tag?post=2024224"}],"curies":[{"name":"wp","href":"https:\/\/api.w.org\/{rel}","templated":true}]}}