{"id":2023052,"date":"2019-06-14T15:47:34","date_gmt":"2019-06-14T13:47:34","guid":{"rendered":"https:\/\/romfilatelia.ro\/magazin\/?post_type=product&#038;p=2023052"},"modified":"2019-06-14T15:51:10","modified_gmt":"2019-06-14T13:51:10","slug":"universitatea-politehnica-din-bucuresti-doua-secole-de-educatie-si-inovatie","status":"publish","type":"product","link":"https:\/\/romfilatelia.ro\/magazin\/produs\/colectii-anuale\/2019\/universitatea-politehnica-din-bucuresti-doua-secole-de-educatie-si-inovatie\/","title":{"rendered":"Universitatea POLITEHNICA din Bucure\u0219ti, dou\u0103 secole de educa\u021bie \u0219i inova\u021bie"},"content":{"rendered":"<p><a href=\"https:\/\/romfilatelia.ro\/magazin\/wp-content\/uploads\/2019\/06\/colita_Politehnica.jpg\"><img decoding=\"async\" loading=\"lazy\" class=\"wp-image-2023053 size-medium alignleft\" src=\"https:\/\/romfilatelia.ro\/magazin\/wp-content\/uploads\/2019\/06\/colita_Politehnica-300x271.jpg\" alt=\"\" width=\"300\" height=\"271\" \/><\/a><strong>Romfilatelia<\/strong> vine \u00een \u00eent\u00e2mpinarea pasiona\u0163ilor de \u0219tiin\u021b\u0103, prin introducerea \u00een circula\u0163ie, mar\u021bi, <strong>18 iunie a.c.<\/strong> a emisiunii de m\u0103rci po\u0219tale <em><strong>Universitatea POLITEHNICA din Bucure\u0219ti, dou\u0103 secole de educa\u021bie \u0219i inova\u021bie.<\/strong> <\/em><\/p>\n<p>Emisiunea con\u021bine o coli\u021b\u0103 dantelat\u0103 al c\u0103rei timbru, cu valoarea nominal\u0103 de <strong>28,50 lei, <\/strong>ilustreaz\u0103 bustul statuii lui Gheorghe Laz\u0103r, \u00eentemeietorul primei \u0219coli de \u00eenv\u0103\u021b\u0103m\u00e2nt tehnic rom\u00e2nesc. Statuia marelui c\u0103rturar este opera lui Ion Georgescu, realizat\u0103 \u00een anul 1886. Elementele grafice care \u00eentregesc compozi\u021bia coli\u021bei au ca subiect facsimile ale unor documente care atest\u0103 \u00eenfiin\u021barea \u0219i evolu\u021bia \u0219colii devenit\u0103 ast\u0103zi Universitatea POLITEHNICA din Bucure\u0219ti, proiectul de arhitectur\u0103 al primului sediu (arhitec\u021bi Andr\u00e9 Lecomte du No\u00fcy \u0219i Cassien Bernard), edificiul modern central al complexului studen\u021besc actual (architect Octav Doicescu) \u0219i sigla institu\u021biei.<\/p>\n<p>Universitatea POLITEHNICA din Bucure\u0219ti este cea mai prestigioas\u0103 \u0219coal\u0103 de ingineri din Rom\u00e2nia, cu o recunoscut\u0103 tradi\u021bie \u00een formarea elitelor din domeniul tehnic rom\u00e2nesc. Prin d\u0103ruirea \u0219i eforturile sus\u021binute ale dasc\u0103lilor \u0219i ale studen\u021bilor, s-a scris istoria unei \u0219coli care a evoluat \u00een ultimele dou\u0103 secole odat\u0103 cu modernizarea Rom\u00e2niei, o istorie reg\u0103sit\u0103 \u00een construc\u021bia de drumuri, poduri, c\u0103i ferate, obiective industriale de \u00eenalt\u0103 performan\u021b\u0103, rod al perfec\u021bion\u0103rii inginerilor specializa\u021bi \u00een domenii industriale diferite, care au \u00eenscris cultura tehnic\u0103 autohton\u0103 \u00een topul realiz\u0103rilor de excep\u021bie.<\/p>\n<p>\u00cen anul 1818, Gheorghe Laz\u0103r introducea primele cursuri \u00een limba rom\u00e2n\u0103 pentru formarea inginerilor hotarnici la \u201e<em>\u0218coala Academiceasc\u0103 pentru \u0218tiin\u021bele Filosofice\u0219ti \u0219i Matematice\u0219ti de la M\u00e2n\u0103stirea Sf\u00e2ntul Sava din Bucure\u0219ti\u201d <\/em>\u0219i \u00eei \u00eendemna pe tineri la studiu spun\u00e2nd: <em>\u201eVeni\u021bi to\u021bi, de toate p\u0103r\u021bile \u0219i de toat\u0103 starea, veni\u021bi la izvorul t\u0103m\u0103duirii! La muzeul \u00eenfloririi!\u201d.<\/em><\/p>\n<p>Constantin B\u0103l\u0103ceanu a fost unul dintre boierii <em>efori ai \u0219colii<\/em> care \u00eencuraja eforturile lui Gheorghe Laz\u0103r de a stabili \u0219i \u00een Rom\u00e2nia un for de educa\u021bie tehnic\u0103, sus\u021bin\u00e2nd <em>\u201einginerie vrem noi, dasc\u0103le, s\u0103 ne m\u0103soare b\u0103ie\u021bii mo\u0219iile, \u0219i de inginerie apuc\u0103-te s\u0103-i \u00eenve\u021bi, c\u0103ci socoteala o \u00eenva\u021b\u0103 ei \u00een toate b\u0103c\u0103niile!\u201d.<\/em><\/p>\n<p>La 1 februarie 1832, Petrache Poenaru este numit director al \u0218colilor Publice, iar de la 5 mai 1832 este numit profesor de geometrie \u0219i algebr\u0103 la Colegiul de la Sf. Sava, urm\u00e2nd ca din septembrie 1832 s\u0103 devin\u0103 \u0219i membru al <em>Eforiei \u0218colilor Na\u021bionale<\/em>. \u00cen calitatea sa de profesor \u0219i director, Petrache Poenaru a intervenit \u00een planul organiz\u0103rii \u0219i orient\u0103rii procesului didactic pentru apropierea de modelele avansate ale Europei Occidentale.<\/p>\n<p>La 1 octombrie 1864, prin decretul domnitorului Alexandru Ioan Cuza, avea s\u0103 fie \u00eenfiin\u021bat\u0103 <em>\u201e\u0218coala de Pon\u021bi \u0219i \u0218osele, Mine \u0219i Arhitectur\u0103\u201d<\/em>, devenit\u0103 <em>\u201e\u0218coala de Poduri, \u0218osele \u0219i Mine\u201d<\/em> la data de 30 octombrie 1867, prin decretul Regelui Carol I.<\/p>\n<p>Data de 10 iunie 1920 reprezint\u0103 ziua \u00een care a fost \u00eenfiin\u021bat\u0103, prin Decretul Regelui Ferdinand I, <em>\u201e\u0218coala Politehnica din Bucure\u0219ti\u201d<\/em>, prin transformarea \u0218colii Na\u021bionale de Poduri \u0219i \u0218osele. \u0218coala Politehnic\u0103 din Bucure\u0219ti avea patru sec\u021biuni: Sec\u021biunea de mecanic\u0103 \u0219i electricitate, Sec\u021biunea de construc\u021bii, Sec\u021biunea de mine \u0219i Sec\u021biunea industrial\u0103. \u00cen luna noiembrie a aceluia\u0219i an, titulatura a fost schimbat\u0103 din nou, \u00een \u201ePolitehnica din Bucure\u0219ti\u201d.<\/p>\n<p>\u00cen anul 1948, printr-o serie de acte normative (decrete, decizii ministeriale), au fost luate m\u0103suri privind organizarea \u00eenv\u0103\u021b\u0103m\u00e2ntului de toate gradele. Politehnica din Bucure\u0219ti s-a transformat \u00een Institutul Politehnic din Bucure\u0219ti.<\/p>\n<p>\u00cencep\u00e2nd cu luna noiembrie 1992, Institutul Politehnic din Bucure\u0219ti a devenit Universitatea POLITEHNICA din Bucure\u0219ti, denumire pe care o poart\u0103 \u0219i \u00een prezent \u0219i care are \u00een structura sa 15 facult\u0103\u021bi \u0219i peste 30.000 de studen\u021bi, fiind cea mai mare \u0219i mai prestigioas\u0103 universitate de \u00eenv\u0103\u021b\u0103m\u00e2nt tehnic superior din Rom\u00e2nia.<\/p>\n<p>Ca o recunoa\u0219tere a p\u0103str\u0103rii valorilor comunit\u0103\u021bii academice de aproape dou\u0103 secole, continu\u00e2nd misiunea de a reuni sub un singur acoperi\u0219 educa\u021bia, formarea profesional\u0103 \u0219i cercetarea, \u00een anul 2013, Universitatea POLITEHNICA din Bucure\u0219ti a fost r\u0103spl\u0103tit\u0103 pentru eforturile sale de c\u0103tre Casa Regal\u0103 a Rom\u00e2niei cu Ordinul \u201eNihil Sine Deo\u201d \u0219i de c\u0103tre Pre\u0219edintele Rom\u00e2niei cu Ordinul Na\u0163ional \u201ePentru Merit\u201d \u00een grad de Cavaler, \u00een anul 2018.<\/p>\n<p>La dou\u0103 secole de la \u00eenfiin\u021bare, Universitatea POLITEHNICA din Bucure\u0219ti (UPB) continu\u0103 s\u0103 se situeze \u00een elita \u00eenv\u0103\u021b\u0103m\u00e2ntului rom\u00e2nesc, continu\u00e2nd tradi\u021bia form\u0103rii, dezvolt\u0103rii \u0219i perfec\u021bion\u0103rii genera\u021biilor care au construit Rom\u00e2nia, aliniindu-se exigen\u021belor \u0219i standardelor societ\u0103\u021bii moderne, at\u00e2t pe plan european, c\u00e2t \u0219i pe plan interna\u021bional. O dovad\u0103 a acestui lucru este faptul c\u0103 universitatea are parteneri \u00een peste 100 de \u021b\u0103ri ale lumii.<\/p>\n<p>&nbsp;<\/p>\n<p><em>Romfilatelia mul\u0163ume\u015fte Universit\u0103\u021bii POLITEHNICA din Bucure\u0219ti, pentru sprijinul documentar \u0219i fotografic acordat la realizarea acestei emisiuni de m\u0103rci po\u0219tale. <\/em><\/p>\n<p><a href=\"https:\/\/romfilatelia.ro\/magazin\/wp-content\/uploads\/2019\/06\/colita_Politehnica.jpg\"><img decoding=\"async\" loading=\"lazy\" class=\"aligncenter wp-image-2023054 size-full\" src=\"https:\/\/romfilatelia.ro\/magazin\/wp-content\/uploads\/2019\/06\/caract_pliant_Politehnica-200-ani.jpg\" alt=\"\" width=\"1117\" height=\"559\" srcset=\"https:\/\/romfilatelia.ro\/magazin\/wp-content\/uploads\/2019\/06\/caract_pliant_Politehnica-200-ani.jpg 1117w, https:\/\/romfilatelia.ro\/magazin\/wp-content\/uploads\/2019\/06\/caract_pliant_Politehnica-200-ani-500x250.jpg 500w, https:\/\/romfilatelia.ro\/magazin\/wp-content\/uploads\/2019\/06\/caract_pliant_Politehnica-200-ani-64x32.jpg 64w, https:\/\/romfilatelia.ro\/magazin\/wp-content\/uploads\/2019\/06\/caract_pliant_Politehnica-200-ani-300x150.jpg 300w, https:\/\/romfilatelia.ro\/magazin\/wp-content\/uploads\/2019\/06\/caract_pliant_Politehnica-200-ani-768x384.jpg 768w, https:\/\/romfilatelia.ro\/magazin\/wp-content\/uploads\/2019\/06\/caract_pliant_Politehnica-200-ani-800x400.jpg 800w, https:\/\/romfilatelia.ro\/magazin\/wp-content\/uploads\/2019\/06\/caract_pliant_Politehnica-200-ani-570x285.jpg 570w\" sizes=\"(max-width: 1117px) 100vw, 1117px\" \/><\/a><\/p>\n","protected":false},"excerpt":{"rendered":"<p>Romfilatelia vine \u00een \u00eent\u00e2mpinarea pasiona\u0163ilor de \u0219tiin\u021b\u0103, prin introducerea \u00een circula\u0163ie, mar\u021bi, 18 iunie a.c. a emisiunii de m\u0103rci po\u0219tale Universitatea POLITEHNICA din Bucure\u0219ti, dou\u0103 secole de educa\u021bie \u0219i inova\u021bie. Emisiunea con\u021bine o coli\u021b\u0103 dantelat\u0103 al c\u0103rei timbru, cu valoarea nominal\u0103 de 28,50 lei, ilustreaz\u0103 bustul statuii lui Gheorghe Laz\u0103r, \u00eentemeietorul primei \u0219coli de \u00eenv\u0103\u021b\u0103m\u00e2nt&hellip;&nbsp;<a href=\"https:\/\/romfilatelia.ro\/magazin\/produs\/colectii-anuale\/2019\/universitatea-politehnica-din-bucuresti-doua-secole-de-educatie-si-inovatie\/\" class=\"\" rel=\"bookmark\">Cite\u0219te mai mult &raquo;<span class=\"screen-reader-text\">Universitatea POLITEHNICA din Bucure\u0219ti, dou\u0103 secole de educa\u021bie \u0219i inova\u021bie<\/span><\/a><\/p>\n","protected":false},"featured_media":2023053,"template":"","meta":{"neve_meta_sidebar":"","neve_meta_container":"","neve_meta_enable_content_width":"","neve_meta_content_width":0,"neve_meta_title_alignment":"","neve_meta_author_avatar":"","neve_post_elements_order":"","neve_meta_disable_header":"","neve_meta_disable_footer":"","neve_meta_disable_title":""},"product_cat":[162,6],"product_tag":[],"_links":{"self":[{"href":"https:\/\/romfilatelia.ro\/magazin\/wp-json\/wp\/v2\/product\/2023052"}],"collection":[{"href":"https:\/\/romfilatelia.ro\/magazin\/wp-json\/wp\/v2\/product"}],"about":[{"href":"https:\/\/romfilatelia.ro\/magazin\/wp-json\/wp\/v2\/types\/product"}],"wp:featuredmedia":[{"embeddable":true,"href":"https:\/\/romfilatelia.ro\/magazin\/wp-json\/wp\/v2\/media\/2023053"}],"wp:attachment":[{"href":"https:\/\/romfilatelia.ro\/magazin\/wp-json\/wp\/v2\/media?parent=2023052"}],"wp:term":[{"taxonomy":"product_cat","embeddable":true,"href":"https:\/\/romfilatelia.ro\/magazin\/wp-json\/wp\/v2\/product_cat?post=2023052"},{"taxonomy":"product_tag","embeddable":true,"href":"https:\/\/romfilatelia.ro\/magazin\/wp-json\/wp\/v2\/product_tag?post=2023052"}],"curies":[{"name":"wp","href":"https:\/\/api.w.org\/{rel}","templated":true}]}}