{"id":2022500,"date":"2019-03-28T06:41:45","date_gmt":"2019-03-28T04:41:45","guid":{"rendered":"https:\/\/romfilatelia.ro\/magazin\/?post_type=product&#038;p=2022500"},"modified":"2019-03-28T06:53:41","modified_gmt":"2019-03-28T04:53:41","slug":"colectii-romanesti-platouri-suporturi-ii","status":"publish","type":"product","link":"https:\/\/romfilatelia.ro\/magazin\/produs\/colectii-anuale\/2019\/colectii-romanesti-platouri-suporturi-ii\/","title":{"rendered":"Colec\u021bii rom\u00e2ne\u0219ti PLATOURI \/ SUPORTURI (II)"},"content":{"rendered":"<p><a href=\"https:\/\/romfilatelia.ro\/magazin\/wp-content\/uploads\/2019\/03\/int-pliant_Platouri_Suporturi-2.jpg\"><img decoding=\"async\" loading=\"lazy\" class=\"alignleft wp-image-2022501 size-medium\" src=\"https:\/\/romfilatelia.ro\/magazin\/wp-content\/uploads\/2019\/03\/int-pliant_Platouri_Suporturi-2-211x300.jpg\" alt=\"\" width=\"211\" height=\"300\" \/><\/a><strong>Romfilatelia <\/strong>continu\u0103 seria emisiunilor de m\u0103rci po\u0219tale <em>Colec\u021bii rom\u00e2ne\u0219ti<\/em>, de aceast\u0103 dat\u0103 cu tematica <strong><em>Platouri \/ Suporturi (II)<\/em><\/strong>. Emisiunea este alc\u0103tuit\u0103 din \u0219ase timbre \u0219i o coli\u021b\u0103 nedantelat\u0103, pe care sunt reprezentate <em>trivete<\/em>, denumire generic\u0103 pentru a desemna suporturile cu mai mult de trei picioare, precum \u0219i pe cele cu un picior \u0219i cu o baz\u0103, din secolele XIX-XX. Exponatele apar\u021bin unei renumite colec\u021bii din Bucure\u0219ti, cea mai mare din lume, certificat\u0103 de <em>Guiness World Records<\/em>, \u00een 2016.<\/p>\n<p>Pe timbrul cu valoarea nominal\u0103 de <strong>1,40 lei <\/strong>este reprodus un<strong> <em>platou Saint Valentine.<\/em><\/strong><\/p>\n<p><strong><em>Suportul cu simboluri muzicale<\/em><\/strong> este ilustrat pe timbrul cu valoarea nominal\u0103 de <strong>1,60 lei<\/strong>.<\/p>\n<p>Pe timbrul cu valoarea nominal\u0103 de <strong>1,70<\/strong> <strong>lei<\/strong> este reprezentat<strong> <em>platoul cu struguri<\/em><\/strong><em>.<\/em><\/p>\n<p>Timbrul cu valoarea nominal\u0103 de <strong>7 lei <\/strong>ilustreaz\u0103 <strong><em>platoul \u00eenalt<\/em><\/strong>.<\/p>\n<p>Timbrul cu valoarea nominal\u0103 de <strong>8,50 lei<\/strong> reproduce imaginea unui<strong><em> suport artistic<\/em><\/strong><em>.<\/em><\/p>\n<p><strong><em>Suportul potcoav\u0103 <\/em><\/strong>este reprezentat pe timbrul cu valoarea nominal\u0103 de <strong>12,00<\/strong> <strong>lei <\/strong>\u0219i pe timbrul coli\u021bei nedantelate a emisiunii de m\u0103rci po\u0219tale, cu valoarea nominal\u0103 de <strong>19,00<\/strong> <strong>lei<\/strong>.<\/p>\n<p>Trivetele au reprezentat acele obiecte al c\u0103ror poten\u021bial artistic a fost descoperit cu adev\u0103rat dup\u0103 Primul R\u0103zboi Mondial. \u00centr-o perioad\u0103 \u00een care Art Deco-ul era \u00eenc\u0103 \u00een plin elan, iar arta \u00ee\u0219i f\u0103cea din ce \u00een ce mai mult sim\u021bit\u0103 prezen\u021ba \u00een via\u021ba de zi cu zi a oamenilor, design-ul interesant al trivetelor \u0219i m\u0103iestria conceperii lor a \u00eenceput s\u0103 captiveze, iar trivetele au fost utilizate \u0219i pentru rolul lor decorativ, nu doar pentru cel protectiv.<\/p>\n<p>Astfel, trivetele au \u00eenceput s\u0103 aib\u0103 dou\u0103 \u00eentrebuin\u021b\u0103ri: de a proteja suprafe\u021bele de c\u0103ldura, \u00een principal a fierului de c\u0103lcat, sau a altor suprafe\u021be \u00eencinse, dar \u0219i de a fi un obiect pl\u0103cut\u00a0 din punct de vedere vizual, \u00eendeplinind \u0219i o func\u021bie estetic\u0103.<\/p>\n<p>Pere\u021bii buc\u0103t\u0103riilor \u0219i ai caselor au \u00eenceput s\u0103 fie decora\u021bi cu aceste obiecte foarte frumos lucrate de c\u0103tre me\u0219te\u0219ugari. Diversitatea modelelor este uimitoare. Multe trivete au un model decupat pentru a crea diferite forme de plante, flori, obiecte, animale, siluete umane, sau chiar texte.<\/p>\n<p>Utilitatea trivetelor pentru protejarea suprafe\u021belor a ajuns, la un moment dat, \u00een declin, \u00eens\u0103 ele au supravie\u021buit prin diversitatea modelelor \u0219i ingeniozitatea produc\u0103torilor care au \u00een\u021beles c\u0103 un obiect nu trebuie s\u0103 fie o simpl\u0103 unealt\u0103, el put\u00e2nd fi \u00een acela\u0219i timp \u0219i un obiect artistic.<\/p>\n<p><strong><em>Platoul Saint Valentine <\/em><\/strong>dateaz\u0103 din secolul al XIX-lea. Triveta este format\u0103 din \u0219ase inimi care con\u021bin, la r\u00e2ndul lor, alte \u0219ase inimi. Centrul trivetei, prin unirea inimilor, formeaz\u0103 o stea cu \u0219ase col\u021buri \u00een interiorul c\u0103reia se afl\u0103 un cerc. Cele \u0219ase inimi mari con\u021bin \u0219i alte decupaje stilizate, f\u0103cute pentru a crea un obiect artistic, dar \u0219i \u00een scop practic, pentru a prelua c\u00e2t mai pu\u021bin\u0103 c\u0103ldur\u0103 de la obiectul plasat pe trivet\u0103. Piesa este realizat\u0103 din fier turnat \u0219i are trei picioare mici.<\/p>\n<p><strong><em>Suportul cu simboluri muzicale <\/em><\/strong>este o trivet\u0103 ce dateaz\u0103 din secolul al XIX-lea. Este o pies\u0103 din alam\u0103, cu patru picioare scurte, reprezent\u00e2nd o lir\u0103.<\/p>\n<p>Modelul const\u0103 \u00eentr-un decupaj care asigur\u0103 o form\u0103 pl\u0103cut\u0103, dar \u0219i pu\u021bin material care s\u0103 preia din c\u0103ldura obiectului \u00eencins.<\/p>\n<p><strong><em>Platoul cu struguri<\/em><\/strong>, trivet\u0103 din secolul XX, este o pies\u0103 decorativ\u0103, f\u0103r\u0103 picioare, cu form\u0103 rotund\u0103, reprezent\u00e2nd struguri, vi\u021b\u0103 de vie \u0219i frunzele acesteia. Piesa este realizat\u0103 din fier turnat.<\/p>\n<p><strong><em>Platoul \u00eenalt<\/em><\/strong>, trivet\u0103 din secolul XIX cu motive florale, care ilustreaz\u0103 frunze \u0219i modele stilizate, este un stand cu trei picioare \u00eenalte realizate din alam\u0103. \u00cen schimb, suprafa\u021ba care intr\u0103 \u00een contact cu obiectul \u00eenc\u0103lzit este f\u0103cut\u0103 din cupru. Prin \u00een\u0103l\u021bimea piesei \u0219i materialele folosite se asigur\u0103 o bun\u0103 protec\u021bie a mobilierului.<\/p>\n<p><strong><em>Suportul artistic<\/em><\/strong>, o alt\u0103 pies\u0103 din secolul XX, este o trivet\u0103 cu motive Art Nouveau, realizat\u0103 din fier turnat. Decupajul trivetei creeaz\u0103 liniile curbe specifice stilului artistic c\u0103ruia \u00eei apar\u021bine \u0219i subiectul ales pentru reprezentare: plantele.<\/p>\n<p>Triveta este special construit\u0103 pentru a fi utilizat\u0103 cu fiare de c\u0103lcat. Forma sa este triunghiular\u0103 pentru a se potrivi cu forma fiarelor, iar marginile sunt pu\u021bin ridicate pentru a preveni pozi\u021bionarea gre\u0219it\u0103 a fierului \u00eencins pe trivet\u0103.<\/p>\n<p><strong><em>Suportul potcoav\u0103<\/em><\/strong>, o pies\u0103 din secolul al XIX-lea, este o trivet\u0103 din alam\u0103, f\u0103r\u0103 picioare, ce ilustreaz\u0103 mai multe simboluri, precum potcoava de cal \u0219i \u00eensemnele masonice reprezentate de compas, vinclu \u0219i litera din centrul piesei.<\/p>\n<p><strong><em>Albumul filatelic<\/em><\/strong><em> este realizat \u00een tiraj limitat de <strong>210<\/strong> exemplare \u015fi este echipat cu coli\u0163a nedantelat\u0103 a emisiunii, av\u00e2nd ata\u015fat\u0103 o man\u015fet\u0103 ilustrat\u0103 cu texte reproduse \u00een folio aur \u015fi setul de dou\u0103 plicuri \u201eprima zi\u201d, av\u00e2nd \u015ftampila \u201eprima zi\u201d aplicat\u0103 \u00een clar, \u00een folio aur. Fiecare produs filatelic inclus \u00een acest album este numerotat de la 001 la 210.<\/em><\/p>\n<p><a href=\"https:\/\/romfilatelia.ro\/magazin\/wp-content\/uploads\/2019\/03\/caract-Colectii-romanesti-2.jpg\"><img decoding=\"async\" loading=\"lazy\" class=\"aligncenter size-full wp-image-2022502\" src=\"https:\/\/romfilatelia.ro\/magazin\/wp-content\/uploads\/2019\/03\/caract-Colectii-romanesti-2.jpg\" alt=\"\" width=\"1702\" height=\"1638\" srcset=\"https:\/\/romfilatelia.ro\/magazin\/wp-content\/uploads\/2019\/03\/caract-Colectii-romanesti-2.jpg 1702w, https:\/\/romfilatelia.ro\/magazin\/wp-content\/uploads\/2019\/03\/caract-Colectii-romanesti-2-500x481.jpg 500w, https:\/\/romfilatelia.ro\/magazin\/wp-content\/uploads\/2019\/03\/caract-Colectii-romanesti-2-64x62.jpg 64w, https:\/\/romfilatelia.ro\/magazin\/wp-content\/uploads\/2019\/03\/caract-Colectii-romanesti-2-300x289.jpg 300w, https:\/\/romfilatelia.ro\/magazin\/wp-content\/uploads\/2019\/03\/caract-Colectii-romanesti-2-768x739.jpg 768w, https:\/\/romfilatelia.ro\/magazin\/wp-content\/uploads\/2019\/03\/caract-Colectii-romanesti-2-800x770.jpg 800w\" sizes=\"(max-width: 1702px) 100vw, 1702px\" \/><\/a><\/p>\n","protected":false},"excerpt":{"rendered":"<p>Romfilatelia continu\u0103 seria emisiunilor de m\u0103rci po\u0219tale Colec\u021bii rom\u00e2ne\u0219ti, de aceast\u0103 dat\u0103 cu tematica Platouri \/ Suporturi (II). Emisiunea este alc\u0103tuit\u0103 din \u0219ase timbre \u0219i o coli\u021b\u0103 nedantelat\u0103, pe care sunt reprezentate trivete, denumire generic\u0103 pentru a desemna suporturile cu mai mult de trei picioare, precum \u0219i pe cele cu un picior \u0219i cu o&hellip;&nbsp;<a href=\"https:\/\/romfilatelia.ro\/magazin\/produs\/colectii-anuale\/2019\/colectii-romanesti-platouri-suporturi-ii\/\" class=\"\" rel=\"bookmark\">Cite\u0219te mai mult &raquo;<span class=\"screen-reader-text\">Colec\u021bii rom\u00e2ne\u0219ti PLATOURI \/ SUPORTURI (II)<\/span><\/a><\/p>\n","protected":false},"featured_media":2022501,"template":"","meta":{"neve_meta_sidebar":"","neve_meta_container":"","neve_meta_enable_content_width":"","neve_meta_content_width":0,"neve_meta_title_alignment":"","neve_meta_author_avatar":"","neve_post_elements_order":"","neve_meta_disable_header":"","neve_meta_disable_footer":"","neve_meta_disable_title":""},"product_cat":[162,6],"product_tag":[],"_links":{"self":[{"href":"https:\/\/romfilatelia.ro\/magazin\/wp-json\/wp\/v2\/product\/2022500"}],"collection":[{"href":"https:\/\/romfilatelia.ro\/magazin\/wp-json\/wp\/v2\/product"}],"about":[{"href":"https:\/\/romfilatelia.ro\/magazin\/wp-json\/wp\/v2\/types\/product"}],"wp:featuredmedia":[{"embeddable":true,"href":"https:\/\/romfilatelia.ro\/magazin\/wp-json\/wp\/v2\/media\/2022501"}],"wp:attachment":[{"href":"https:\/\/romfilatelia.ro\/magazin\/wp-json\/wp\/v2\/media?parent=2022500"}],"wp:term":[{"taxonomy":"product_cat","embeddable":true,"href":"https:\/\/romfilatelia.ro\/magazin\/wp-json\/wp\/v2\/product_cat?post=2022500"},{"taxonomy":"product_tag","embeddable":true,"href":"https:\/\/romfilatelia.ro\/magazin\/wp-json\/wp\/v2\/product_tag?post=2022500"}],"curies":[{"name":"wp","href":"https:\/\/api.w.org\/{rel}","templated":true}]}}