{"id":2020386,"date":"2018-05-07T11:39:18","date_gmt":"2018-05-07T09:39:18","guid":{"rendered":"https:\/\/romfilatelia.ro\/magazin\/?post_type=product&#038;p=2020386"},"modified":"2018-05-07T11:43:06","modified_gmt":"2018-05-07T09:43:06","slug":"medaliile-si-decoratiile-razboiului-de-intregire","status":"publish","type":"product","link":"https:\/\/romfilatelia.ro\/magazin\/produs\/colectii-anuale\/2018\/medaliile-si-decoratiile-razboiului-de-intregire\/","title":{"rendered":"MEDALIILE \u0218I DECORA\u021aIILE R\u0102ZBOIULUI DE \u00ceNTREGIRE"},"content":{"rendered":"<p><a href=\"https:\/\/romfilatelia.ro\/magazin\/wp-content\/uploads\/2018\/05\/medalii_decoratii_emis.jpg\"><img decoding=\"async\" loading=\"lazy\" class=\"wp-image-2020387 size-medium alignleft\" src=\"https:\/\/romfilatelia.ro\/magazin\/wp-content\/uploads\/2018\/05\/medalii_decoratii_emis-300x157.jpg\" alt=\"\" width=\"300\" height=\"157\" srcset=\"https:\/\/romfilatelia.ro\/magazin\/wp-content\/uploads\/2018\/05\/medalii_decoratii_emis-300x157.jpg 300w, https:\/\/romfilatelia.ro\/magazin\/wp-content\/uploads\/2018\/05\/medalii_decoratii_emis-500x262.jpg 500w, https:\/\/romfilatelia.ro\/magazin\/wp-content\/uploads\/2018\/05\/medalii_decoratii_emis-64x34.jpg 64w, https:\/\/romfilatelia.ro\/magazin\/wp-content\/uploads\/2018\/05\/medalii_decoratii_emis-768x402.jpg 768w, https:\/\/romfilatelia.ro\/magazin\/wp-content\/uploads\/2018\/05\/medalii_decoratii_emis-800x419.jpg 800w, https:\/\/romfilatelia.ro\/magazin\/wp-content\/uploads\/2018\/05\/medalii_decoratii_emis.jpg 1600w\" sizes=\"(max-width: 300px) 100vw, 300px\" \/><\/a>\u00cen anul Centenar al Marii Uniri din 1918, <strong>Romfilatelia<\/strong> \u00eei omagiaz\u0103 pe osta\u0219ii care au luptat pentru idealul na\u021bional \u00een Primul R\u0103zboi Mondial, prin emisiunea de m\u0103rci po\u0219tale <strong><em>Medaliile \u0219i decora\u021biile R\u0103zboiului de \u00centregire<\/em><\/strong>. Emisiunea este alc\u0103tuit\u0103 din patru timbre, care ilustreaz\u0103 cele mai importante distinc\u021bii conferite combatan\u021bilor din Primul R\u0103zboi Mondial: <em>Ordinul na\u021bional Steaua Rom\u00e2niei<\/em>, pe timbrul cu valoarea nominal\u0103 de <strong>2,90 lei<\/strong>, <em>Ordinul na\u021bional Coroana Rom\u00e2niei<\/em>, pe timbrul cu valoarea nominal\u0103 de <strong>3,00 lei<\/strong>, <em>Medalia Virtute Militar\u0103<\/em>, pe timbrul cu valoarea nominal\u0103 de <strong>4,50 lei<\/strong> \u0219i <em>Medalia Crucea Comemorativ\u0103 a R\u0103zboiului 1916-1918<\/em>, pe timbrul cu valoarea nominal\u0103 de <strong>16,00 lei<\/strong>.<\/p>\n<p><strong><em>Ordinul na\u021bional Steaua Rom\u00e2niei<\/em><\/strong> a fost instituit la 10 mai 1877, av\u00e2nd cinci grade: cavaler, ofi\u021ber (cu orozet\u0103 pe panglic\u0103), comandor, mare ofi\u021ber \u0219i mare cruce. Se acorda \u0219i cu \u00eensemne de r\u0103zboi, reprezent\u00e2nd dou\u0103 spade \u00eencruci\u0219ate, cu v\u00e2rful \u00een sus, \u00eentre bra\u021bele crucii. Panglica era din moar ro\u0219u, cu c\u00e2te dou\u0103 benzi albastre la margini. Primele dou\u0103 grade se purtau pe pieptul st\u00e2ng, cel de comandor la g\u00e2t, gradul de mare ofi\u021ber la g\u00e2t \u0219i pe piept, iar marea cruce \u00een bandulier\u0103, peste um\u0103rul st\u00e2ng \u0219i la piept. \u00cencep\u00e2nd din 9 aprilie 1918, pentru fapte deosebite, gradele de comandor, ofi\u021ber \u0219i cavaler puteau fi purtate \u0219i cu panglica medaliei <em>Virtute Militar\u0103<\/em>, care avea culoarea ro\u0219ie, cu c\u00e2te o singur\u0103 band\u0103 albastr\u0103 pe margini. Ordinul <em>Steaua Rom\u00e2niei<\/em> se acorda doar ofi\u021berilor.<\/p>\n<p><strong><em>Ordinul na\u021bional Coroana Rom\u00e2niei<\/em><\/strong> a fost instituit la 10 mai 1881, av\u00e2nd acelea\u0219i grade ca \u0219i <em>Steaua Rom\u00e2niei<\/em>. Ordinul nu avea \u00eensemne de r\u0103zboi, iar panglica era din moar albastru \u00eenchis, cu c\u00e2te o band\u0103 de culoarea o\u021belului, pe margini. Gradele ordinului <em>Coroana Rom\u00e2nei<\/em> aveau acela\u0219i regim de purtare ca \u0219i cele ale ordinului <em>Steaua Rom\u00e2niei<\/em>. \u00cen 1916, Ordinul <em>Coroana Rom\u00e2niei<\/em> a primit \u00eensemne de r\u0103zboi, reprezent\u00e2nd dou\u0103 spade \u00eencruci\u0219ate, cu v\u00e2rful \u00een sus, \u00eentre bra\u021bele crucii. Din 9 aprilie 1918, acest ordin se purta \u0219i cu panglica medaliei <em>Virtute Militar\u0103<\/em>.<\/p>\n<p>Cea mai important\u0103 <strong>medalie<\/strong> acordat\u0103 \u00een perioada Primului R\u0103zboi Mondial a fost cea cu deviza<strong> Virtute\u00a0 Militar\u0103, <\/strong>\u00eenfiin\u021bat\u0103 \u00een 1880. Aceasta avea dou\u0103 clase: a I-a, de aur \u0219i a II-a, de argint. Se purta cu panglic\u0103 din moar de culoare albastr\u0103, cu c\u00e2te o band\u0103 ro\u0219ie la margini. Ambele clase se a\u0219ezau pe pieptul st\u00e2ng. Aceast\u0103 medalie avea \u00eent\u00e2ietate \u00een categoria sa de decora\u021bii, iar din 1916 se acorda numai gradelor inferioare (subofi\u021beri \u0219i trup\u0103). Medalia <em>Virtute Militar\u0103<\/em> a fost acordat\u0103 \u0219i femeilor, care o puteau purta \u0219i cu panglica sub form\u0103 de fund\u0103. Din 9 aprilie 1918, panglica medaliei se putea ata\u0219a gradelor de cavaler, ofi\u021ber \u0219i comandor ale ordinelor na\u021bionale <em>Steaua <\/em>\u0219i <em>Coroana Rom\u00e2niei<\/em>.<\/p>\n<p><strong><em>Medalia<\/em><\/strong><em> <strong>Crucea Comemorativ\u0103 a R\u0103zboiului 1916-1918 <\/strong><\/em>a fost instituit\u0103 \u00een 1918 \u0219i a fost conferit\u0103 tuturor militarilor \u0219i asimila\u021bilor, de orice fel, care au luat parte la campania 1916-1918 \u0219i care au fost \u00eensuma\u021bi, ata\u0219a\u021bi sau \u00eens\u0103rcina\u021bi cu diferite misiuni, la corpurile de trup\u0103 ori la serviciile militare. De asemenea, au primit distinc\u021bia \u0219i func\u021bionarii civili, precum \u0219i persoanele care, neapar\u021bin\u00e2nd o\u0219tirii, au fost chemate la un serviciu efectiv \u0219i permanent pe l\u00e2ng\u0103 armat\u0103. Pentru militari, panglica medaliei era din moar, \u00een dungi, de culoare albastru \u00eenchis \u0219i verde, altern\u00e2nd \u00een mod egal, iar pentru civili culorile erau dispuse invers. Pentru luptele de pe diferite fronturi, la care persoana a luat parte \u00een timpul r\u0103zboiului, s-au aplicat, transversal, pe panglic\u0103, barete din alam\u0103, cu inscrip\u021bii bronzate: ARDEAL, CERNA, JIU (T\u00c2RGU-JIU), CARPA\u021aI, OITUZ, BUCURE\u0218TI, TURTUCAIA, DOBROGEA, M\u0102R\u0102\u0218TI, M\u0102R\u0102\u0218E\u0218TI, TG-OCNA etc.<\/p>\n<p>Pe plicul \u201eprima zi\u201d a emisiunii de m\u0103rci po\u0219tale este ilustrat <strong><em>Ordinul<\/em><\/strong><em> <strong>\u201eMihai Viteazul\u201d<\/strong><\/em>, cea mai important\u0103 decora\u021bie militar\u0103 rom\u00e2neasc\u0103. Acesta a fost \u00eenfiin\u021bat \u00een decembrie 1916 \u0219i avea trei clase: a III-a, a II-a, I-a. Clasa a III-a se purta pe partea st\u00e2ng\u0103 a pieptului, clasa a II-a se purta la g\u00e2t (\u00een comandorie), iar clasa I-a se purta ca bro\u0219\u0103, pe partea st\u00e2ng\u0103 a pieptului. Panglica era din moar, de culoare\u00a0 ro\u0219u-vi\u0219iniu \u00eenchis, av\u00e2nd pe fiecare latur\u0103 o band\u0103 din fir de aur.<\/p>\n<p><em>Romfilatelia mul\u021bume\u0219te domnului profesor Corneliu Andonie din cardrul Muzeului Militar Na\u021bional \u201eRegele Ferdinand I\u201d \u0219i Arhivelor Na\u021bionale ale Rom\u00e2niei pentru sprijinul acordat la realizarea acestei emisiuni de m\u0103rci po\u0219tale.<\/em><\/p>\n<p><a href=\"https:\/\/romfilatelia.ro\/magazin\/wp-content\/uploads\/2018\/05\/medalii_decoratii_caract.jpg\"><img decoding=\"async\" loading=\"lazy\" class=\"aligncenter size-full wp-image-2020388\" src=\"https:\/\/romfilatelia.ro\/magazin\/wp-content\/uploads\/2018\/05\/medalii_decoratii_caract.jpg\" alt=\"\" width=\"900\" height=\"560\" srcset=\"https:\/\/romfilatelia.ro\/magazin\/wp-content\/uploads\/2018\/05\/medalii_decoratii_caract.jpg 900w, https:\/\/romfilatelia.ro\/magazin\/wp-content\/uploads\/2018\/05\/medalii_decoratii_caract-500x311.jpg 500w, https:\/\/romfilatelia.ro\/magazin\/wp-content\/uploads\/2018\/05\/medalii_decoratii_caract-64x40.jpg 64w, https:\/\/romfilatelia.ro\/magazin\/wp-content\/uploads\/2018\/05\/medalii_decoratii_caract-300x187.jpg 300w, https:\/\/romfilatelia.ro\/magazin\/wp-content\/uploads\/2018\/05\/medalii_decoratii_caract-768x478.jpg 768w, https:\/\/romfilatelia.ro\/magazin\/wp-content\/uploads\/2018\/05\/medalii_decoratii_caract-800x498.jpg 800w\" sizes=\"(max-width: 900px) 100vw, 900px\" \/><\/a><\/p>\n","protected":false},"excerpt":{"rendered":"<p>\u00cen anul Centenar al Marii Uniri din 1918, Romfilatelia \u00eei omagiaz\u0103 pe osta\u0219ii care au luptat pentru idealul na\u021bional \u00een Primul R\u0103zboi Mondial, prin emisiunea de m\u0103rci po\u0219tale Medaliile \u0219i decora\u021biile R\u0103zboiului de \u00centregire. Emisiunea este alc\u0103tuit\u0103 din patru timbre, care ilustreaz\u0103 cele mai importante distinc\u021bii conferite combatan\u021bilor din Primul R\u0103zboi Mondial: Ordinul na\u021bional Steaua&hellip;&nbsp;<a href=\"https:\/\/romfilatelia.ro\/magazin\/produs\/colectii-anuale\/2018\/medaliile-si-decoratiile-razboiului-de-intregire\/\" class=\"\" rel=\"bookmark\">Cite\u0219te mai mult &raquo;<span class=\"screen-reader-text\">MEDALIILE \u0218I DECORA\u021aIILE R\u0102ZBOIULUI DE \u00ceNTREGIRE<\/span><\/a><\/p>\n","protected":false},"featured_media":2020387,"template":"","meta":{"neve_meta_sidebar":"","neve_meta_container":"","neve_meta_enable_content_width":"","neve_meta_content_width":0,"neve_meta_title_alignment":"","neve_meta_author_avatar":"","neve_post_elements_order":"","neve_meta_disable_header":"","neve_meta_disable_footer":"","neve_meta_disable_title":""},"product_cat":[161,6],"product_tag":[],"_links":{"self":[{"href":"https:\/\/romfilatelia.ro\/magazin\/wp-json\/wp\/v2\/product\/2020386"}],"collection":[{"href":"https:\/\/romfilatelia.ro\/magazin\/wp-json\/wp\/v2\/product"}],"about":[{"href":"https:\/\/romfilatelia.ro\/magazin\/wp-json\/wp\/v2\/types\/product"}],"wp:featuredmedia":[{"embeddable":true,"href":"https:\/\/romfilatelia.ro\/magazin\/wp-json\/wp\/v2\/media\/2020387"}],"wp:attachment":[{"href":"https:\/\/romfilatelia.ro\/magazin\/wp-json\/wp\/v2\/media?parent=2020386"}],"wp:term":[{"taxonomy":"product_cat","embeddable":true,"href":"https:\/\/romfilatelia.ro\/magazin\/wp-json\/wp\/v2\/product_cat?post=2020386"},{"taxonomy":"product_tag","embeddable":true,"href":"https:\/\/romfilatelia.ro\/magazin\/wp-json\/wp\/v2\/product_tag?post=2020386"}],"curies":[{"name":"wp","href":"https:\/\/api.w.org\/{rel}","templated":true}]}}