{"id":2020350,"date":"2018-04-27T05:25:18","date_gmt":"2018-04-27T03:25:18","guid":{"rendered":"https:\/\/romfilatelia.ro\/magazin\/?post_type=product&#038;p=2020350"},"modified":"2018-05-03T13:58:50","modified_gmt":"2018-05-03T11:58:50","slug":"pinacoteca-municipiului-bucuresti-85-de-ani","status":"publish","type":"product","link":"https:\/\/romfilatelia.ro\/magazin\/produs\/colectii-anuale\/2018\/pinacoteca-municipiului-bucuresti-85-de-ani\/","title":{"rendered":"PINACOTECA MUNICIPIULUI BUCURE\u015eTI, 85 DE ANI"},"content":{"rendered":"<p><a href=\"https:\/\/romfilatelia.ro\/magazin\/wp-content\/uploads\/2018\/04\/Pinacoteca_MMB_85ani_emis.jpg\"><img decoding=\"async\" loading=\"lazy\" class=\"alignleft wp-image-2020351 size-medium\" src=\"https:\/\/romfilatelia.ro\/magazin\/wp-content\/uploads\/2018\/04\/Pinacoteca_MMB_85ani_emis-300x300.jpg\" alt=\"\" width=\"300\" height=\"300\" \/><\/a>La ceas aniversar, prin introducerea \u00een circula\u0163ie a emisiunii de m\u0103rci po\u015ftale <strong><em>Pinacoteca Municipiului Bucure\u015fti, 85 de ani<\/em><\/strong>, <strong>Romfilatelia<\/strong> \u00eei invit\u0103 pe to\u0163i colec\u0163ionarii \u015fi iubitorii de frumos s\u0103 celebreze \u015fi s\u0103 onoreze valoarea inestimabil\u0103 a operelor de art\u0103 aflate \u00een patrimoniul acestei importante institu\u0163ii de cultur\u0103.<\/p>\n<p>Timbrele emisiunii de m\u0103rci po\u015ftale ilustreaz\u0103 patru dintre cele mai reprezentative \u015fi valoroase opere ale <em>Pinacotecii Municipiului Bucure\u015fti<\/em>.<\/p>\n<p>Tabloul <strong><em>C\u00e2rcium\u0103rese<\/em><\/strong>, pictat de Gheorghe Petra\u0219cu, este ilustrat pe timbrul cu valoarea nominal\u0103 de <strong>4,00 lei<\/strong>.<\/p>\n<p>O alt\u0103 valoroas\u0103 oper\u0103 aflat\u0103 \u00een patrimoniul Pinacotecii, <strong><em>Alb\u0103strele<\/em><\/strong>, semnat\u0103 de \u0218tefan Luchian, este redat\u0103 pe timbrul cu valoarea nominal\u0103 de <strong>4,50 lei<\/strong>.<\/p>\n<p>Pe timbrul cu valoarea nominal\u0103 de <strong>8,00 lei<\/strong> este reprezentat\u0103 pictura <strong><em>\u021a\u0103ranc\u0103<\/em><\/strong>, autor Theodor Pallady.<\/p>\n<p>Pictura <strong><em>Portret de femeie cu e\u015farf\u0103 ro\u015fie<\/em><\/strong>, semnat\u0103 de Nicolae Grigorescu, este reprodus\u0103 pe timbrul cu valoarea nominal\u0103 de <strong>12,00 lei<\/strong>.<\/p>\n<p>Inaugurarea <em>Pinacotecii Bucure\u015fti<\/em>, proiect interbelic care s-a concretizat la data de 19 iulie 1933, a \u00eencununat demersurile ini\u0163iate de primarul Dem I. Dobrescu \u015fi sus\u0163inute de dona\u0163iile f\u0103cute de trei v\u0103duve. Astfel, Magdalena Marin a donat, \u00een 1932, colec\u0163ia de art\u0103 semnat\u0103 de so\u0163ul ei, artistul Filip Marin, Elena Movil\u0103 a d\u0103ruit colec\u0163ia de art\u0103 rom\u00e2neasc\u0103 \u015fi european\u0103 a magistratului Ioan Movil\u0103, \u015fi nu \u00een cele din urm\u0103, Jana (Ioana) Urseanu a donat Prim\u0103riei, \u00een 1933, casa \u00een care locuise al\u0103turi de so\u0163ul ei, Amiralul Vasile Urseanu, ast\u0103zi <em>Observatorul Astronomic \u201eAmiral Vasile Urseanu\u201d<\/em>, spre a deveni <em>\u201e[\u2026] ad\u0103post de art\u0103 \u015fi prilej de \u00een\u0103l\u0163are sufleteasc\u0103\u201d<\/em>. Astfel, \u00een 1939, patrimoniul <em>Pinacotecii Bucure\u015fti<\/em> cuprindea aproximativ 250 de lucr\u0103ri.<\/p>\n<p>De la \u00eenfiin\u0163are \u015fi p\u00e2n\u0103 \u00een anul 1949, a func\u0163ionat \u00een <em>Casa Amiral Urseanu<\/em>, din bulevardul Lasc\u0103r Catargiu nr. 21. \u00cencep\u00e2nd cu anul 1949, c\u00e2nd pierde dreptul de a fi expus\u0103 \u00een <em>Casa Amiral Urseanu<\/em>, <em>Pinacoteca<\/em> trece printr-o perioad\u0103 de intense schimb\u0103ri.<\/p>\n<p>\u00centre 1950-1952, valoroase opere de art\u0103 plastic\u0103 rom\u00e2neasc\u0103 \u015fi universal\u0103 au fost transferate la <em>Muzeul Na\u0163ional de Art\u0103<br \/>\nal R.P.R.<\/em>, prin decizii ale Consiliului Culturii \u015fi Consiliului Popular al Municipiului Bucure\u015fti, pentru a fi expuse \u015fi a exprima tezaurul na\u0163ional vizual. <em>Pinacoteca<\/em> \u00ee\u015fi schimb\u0103 titulatura \u015fi urmeaz\u0103 un drum sinuos, \u00eempreun\u0103 cu <em>Muzeul Simu<\/em> \u015fi colec\u0163ia de\u0163inut\u0103 de acesta. <em>Pinacoteca<\/em> va func\u0163iona \u00een acest tandem p\u00e2n\u0103 \u00een 1978, c\u00e2nd <em>Colec\u0163ia Anastasie Simu<\/em> se mut\u0103 \u00een <em>Muzeul Colec\u0163iilor de Art\u0103<\/em>.<\/p>\n<p>Dac\u0103 \u00een anul 1949 <em>Pinacoteca Municipiului Bucure\u015fti<\/em> num\u0103ra 1.055 de piese, prin achizi\u0163ii, dona\u0163ii \u015fi transferuri efectuate de-a lungul timpului, ast\u0103zi, \u00een patrimoniul s\u0103u, se afl\u0103 peste 5.500 de bunuri artistice, care cumuleaz\u0103 patru valoroase subcolec\u0163ii: colec\u0163ia de pictur\u0103, colec\u0163ia de grafic\u0103, colec\u0163ia de sculptur\u0103 \u015fi o mic\u0103 colec\u0163ie de art\u0103 decorativ\u0103. Raritatea, calitatea formal\u0103 \u015fi vechimea \u00eensumate de nenum\u0103rate opere din patrimoniu, sunt reflectate prin \u00eenscrierea acestora \u00een categoriile <em>tezaur<\/em> \u015fi <em>fond<\/em>, dar nu numai acest lucru o face deosebit\u0103. Unicitatea provine \u015fi din faptul c\u0103 este singura colec\u0163ie din Bucure\u015fti nefragmentat\u0103 \u00een termenii cronologiei istoriei artei, ea de\u0163in\u00e2nd at\u00e2t lucr\u0103ri ale artei rom\u00e2ne\u015fti moderne, c\u00e2t \u015fi ale celei contemporane.<\/p>\n<p>De\u015fi institu\u0163ia <em>Pinacotecii<\/em> a trecut de-a lungul istoriei prin nenum\u0103rate peregrin\u0103ri locative \u015fi momente de cump\u0103n\u0103, fiind lipsit\u0103 \u015fi \u00een prezent de un spa\u0163iu de expunere permanent, \u00ee\u015fi men\u0163ine cu dedicare at\u00e2t pasiunea pentru art\u0103, c\u00e2t \u015fi nobilele misiuni \u015ftiin\u0163ifice \u015fi educative avute \u00eenc\u0103 din anul \u00eenfiin\u0163\u0103rii. Capodoperele din colec\u0163ia de art\u0103 au putut fi admirate doar \u00een cadrul unor expozi\u0163ii temporare, organizate \u00een cadrul <em>Muzeului Municipiului Bucure\u015fti<\/em> sau \u00een colaborare cu alte institu\u0163ii.<\/p>\n<p><strong><em>Pinacoteca Municipiului Bucure\u015fti <\/em><\/strong><\/p>\n<p><strong><em>Din 1933 p\u0103str\u0103m vie pasiunea pentru art\u0103!<\/em><\/strong><\/p>\n<p><em>Romfilatelia mul\u0163ume\u015fte Muzeului Municipiului Bucure\u015fti pentru sprijinul documentar \u015fi fotografic acordat la realizarea acestei emisiuni de m\u0103rci po\u015ftale. <\/em><\/p>\n<p><em>\u00a0<a href=\"https:\/\/romfilatelia.ro\/magazin\/wp-content\/uploads\/2018\/04\/Pinacoteca_MMB_85ani_caract.jpg\"><img decoding=\"async\" loading=\"lazy\" class=\"aligncenter size-full wp-image-2020370\" src=\"https:\/\/romfilatelia.ro\/magazin\/wp-content\/uploads\/2018\/04\/Pinacoteca_MMB_85ani_caract.jpg\" alt=\"\" width=\"900\" height=\"628\" srcset=\"https:\/\/romfilatelia.ro\/magazin\/wp-content\/uploads\/2018\/04\/Pinacoteca_MMB_85ani_caract.jpg 900w, https:\/\/romfilatelia.ro\/magazin\/wp-content\/uploads\/2018\/04\/Pinacoteca_MMB_85ani_caract-500x349.jpg 500w, https:\/\/romfilatelia.ro\/magazin\/wp-content\/uploads\/2018\/04\/Pinacoteca_MMB_85ani_caract-64x45.jpg 64w\" sizes=\"(max-width: 900px) 100vw, 900px\" \/><\/a><\/em><\/p>\n","protected":false},"excerpt":{"rendered":"<p>La ceas aniversar, prin introducerea \u00een circula\u0163ie a emisiunii de m\u0103rci po\u015ftale Pinacoteca Municipiului Bucure\u015fti, 85 de ani, Romfilatelia \u00eei invit\u0103 pe to\u0163i colec\u0163ionarii \u015fi iubitorii de frumos s\u0103 celebreze \u015fi s\u0103 onoreze valoarea inestimabil\u0103 a operelor de art\u0103 aflate \u00een patrimoniul acestei importante institu\u0163ii de cultur\u0103. Timbrele emisiunii de m\u0103rci po\u015ftale ilustreaz\u0103 patru dintre&hellip;&nbsp;<a href=\"https:\/\/romfilatelia.ro\/magazin\/produs\/colectii-anuale\/2018\/pinacoteca-municipiului-bucuresti-85-de-ani\/\" class=\"\" rel=\"bookmark\">Cite\u0219te mai mult &raquo;<span class=\"screen-reader-text\">PINACOTECA MUNICIPIULUI BUCURE\u015eTI, 85 DE ANI<\/span><\/a><\/p>\n","protected":false},"featured_media":2020351,"template":"","meta":{"neve_meta_sidebar":"","neve_meta_container":"","neve_meta_enable_content_width":"","neve_meta_content_width":0,"neve_meta_title_alignment":"","neve_meta_author_avatar":"","neve_post_elements_order":"","neve_meta_disable_header":"","neve_meta_disable_footer":"","neve_meta_disable_title":""},"product_cat":[161,6],"product_tag":[],"_links":{"self":[{"href":"https:\/\/romfilatelia.ro\/magazin\/wp-json\/wp\/v2\/product\/2020350"}],"collection":[{"href":"https:\/\/romfilatelia.ro\/magazin\/wp-json\/wp\/v2\/product"}],"about":[{"href":"https:\/\/romfilatelia.ro\/magazin\/wp-json\/wp\/v2\/types\/product"}],"wp:featuredmedia":[{"embeddable":true,"href":"https:\/\/romfilatelia.ro\/magazin\/wp-json\/wp\/v2\/media\/2020351"}],"wp:attachment":[{"href":"https:\/\/romfilatelia.ro\/magazin\/wp-json\/wp\/v2\/media?parent=2020350"}],"wp:term":[{"taxonomy":"product_cat","embeddable":true,"href":"https:\/\/romfilatelia.ro\/magazin\/wp-json\/wp\/v2\/product_cat?post=2020350"},{"taxonomy":"product_tag","embeddable":true,"href":"https:\/\/romfilatelia.ro\/magazin\/wp-json\/wp\/v2\/product_tag?post=2020350"}],"curies":[{"name":"wp","href":"https:\/\/api.w.org\/{rel}","templated":true}]}}