{"id":2019909,"date":"2018-02-19T06:40:07","date_gmt":"2018-02-19T04:40:07","guid":{"rendered":"https:\/\/romfilatelia.ro\/magazin\/?post_type=product&#038;p=2019909"},"modified":"2018-02-19T06:42:27","modified_gmt":"2018-02-19T04:42:27","slug":"coloana-infinitului-omagiu-eroilor-neamului","status":"publish","type":"product","link":"https:\/\/romfilatelia.ro\/magazin\/produs\/colectii-anuale\/2018\/coloana-infinitului-omagiu-eroilor-neamului\/","title":{"rendered":"COLOANA INFINITULUI, OMAGIU EROILOR NEAMULUI"},"content":{"rendered":"<p><a href=\"https:\/\/romfilatelia.ro\/magazin\/wp-content\/uploads\/2018\/02\/BRANCUSI_coloana_supratipar_2018.jpg\"><img decoding=\"async\" loading=\"lazy\" class=\"alignleft wp-image-2019912 size-medium\" src=\"https:\/\/romfilatelia.ro\/magazin\/wp-content\/uploads\/2018\/02\/BRANCUSI_coloana_supratipar_2018-253x300.jpg\" alt=\"\" width=\"253\" height=\"300\" \/><\/a>\u201e<em>Du-te! \u00cembr\u0103\u021bi\u0219eaz\u0103 Coloana infinirii cu palmele m\u00e2inilor deschise. Apoi, \u00een\u0103l\u021b\u00e2ndu-\u021bi ochii, prive\u0219te-o \u0219i vei cunoa\u0219te, astfel, \u00eentr-adev\u0103r, sinele cerului.\u201d <\/em><\/p>\n<p><strong><em>Constantin Br\u00e2ncu\u0219i <\/em><\/strong><\/p>\n<p><strong><em>(1876-1957) <\/em><\/strong><strong><em>\u00a0<\/em><\/strong><\/p>\n<p>\u00cen anul Centenar al Marii Uniri, \u00een semn de respect \u0219i recuno\u0219tin\u021b\u0103 pentru jertfa osta\u0219ilor din Primul R\u0103zboi Mondial, <strong>Romfilatelia <\/strong>introduce \u00een circula\u021bie emisiunea de m\u0103rci po\u0219tale <strong><em>Coloana Infinitului, omagiu eroilor neamului<\/em><\/strong><em>. <\/em><\/p>\n<p>Coli\u021ba dantelat\u0103, cu valoarea nominal\u0103 de <strong>31 lei<\/strong>, este un supratipar al emisiunii <em>Expozi\u021bia Filatelic\u0103 Interna\u021bional\u0103 \u201ePhilexfrance \u201982\u201d<\/em>, care \u00eel ilustreaz\u0103 pe Constantin Br\u00e2ncu\u0219i \u00een atelierul s\u0103u din Paris, al\u0103turi de o versiune a operei sale, <em>Coloana Infinitului. <\/em>Emisiunea de m\u0103rci po\u015ftale va intra \u00een circula\u0163ie pe 19 februarie, data na\u015fterii marelui artist.<\/p>\n<p>Constantin Br\u00e2ncu\u0219i, titan al artei mondiale, a l\u0103sat Rom\u00e2niei, din dragoste pentru art\u0103 \u0219i infinit\u0103 iubire pentru \u021bara sa, o mo\u0219tenire unic\u0103 \u00een lume \u2013 <em>Coloana recuno\u0219tin\u021bei f\u0103r\u0103 sf\u00e2r\u0219it<\/em>, cunoscut\u0103 \u0219i sub numele de <em>Coloana Infinitului<\/em>.<\/p>\n<p>De-a lungul vie\u021bii sale, genialul Br\u00e2ncu\u0219i a experimentat diverse materiale pentru a definitiva forma \u0219i dimensiunile acestei opere, care se num\u0103r\u0103 printre sculpturile sale emblematice.<\/p>\n<p>Primele \u00eencerc\u0103ri au fost f\u0103cute \u00een atelierul s\u0103u, acum 100 de ani, \u00een 1918, c\u00e2nd a realizat o coloan\u0103 cu o \u00een\u0103l\u021bime de 203,2 cm, creat\u0103 dintr-o serie de elemente simetrice suprapuse, inspirat\u0103 de st\u00e2lpii caselor \u0163\u0103r\u0103ne\u0219ti din Oltenia.<\/p>\n<p>C\u00e2\u021biva ani mai t\u00e2rziu, \u00een 1926, o alt\u0103 variant a coloanei, cu nou\u0103 module \u00eentregi \u0219i dou\u0103 semimodule, \u00eenalt\u0103 de peste 700 cm, este instalat\u0103 la Voulanais, Fran\u021ba, \u00een curtea unui prieten. A fost pentru prima dat\u0103 c\u00e2nd aceasta este prezentat\u0103 ca oper\u0103 de sine st\u0103t\u0103toare, expus\u0103 liber privirii vizitatorilor.<\/p>\n<p>La ini\u021biativa Ligii Na\u021bionale a Femeilor Rom\u00e2ne din Gorj, \u00eentre anii 1937-1938, Br\u00e2ncu\u0219i a realizat <em>Coloana recuno\u0219tin\u021bei f\u0103r\u0103 sf\u00e2r\u0219it, <\/em>\u00een memoria solda\u021bilor rom\u00e2ni c\u0103zu\u021bi la datorie \u00een Primul R\u0103zboi Mondial, \u00een luptele de pe Valea Jiului.<\/p>\n<p>Lucrarea remarcabil\u0103, redenumit\u0103 mai t\u00e2rziu <em>Coloana Infinitului<\/em>, este o stilizare a coloanelor funerare specific sudului Rom\u00e2niei. Sculptura are trei elemente esen\u021biale \u2013 baza \u00eengropat\u0103, miezul sau pilonul central de rezisten\u021b\u0103 \u0219i coloana propriu-zis\u0103. Coloana num\u0103r\u0103 32 de jum\u0103t\u0103\u0163i de romburi (15 elemente \u00eentregi \u0219i 2 semi-elemente de baz\u0103 \u0219i de v\u00e2rf), piese de font\u0103 \u0219i o\u0163el asem\u0103n\u0103toare unor clepsidre, prin care timpul pare s\u0103 nu se scurg\u0103, ci s\u0103 tind\u0103 spre infinit. Monumentul, cu o \u00een\u0103l\u021bime de 29,35 m \u0219i o greutate de 29.173 kg, a fost turnat la Atelierele Centrale din Petro\u0219ani, \u00een septembrie 1937. Br\u00e2ncu\u0219i a solicitat acoperirea acestuia prin pulverizare cu s\u00e2rm\u0103 de alam\u0103, tehnologie elaborat\u0103 \u00een Elve\u021bia \u0219i utilizat\u0103 la acea vreme pentru prima dat\u0103 \u00een Rom\u00e2nia.<\/p>\n<p>Coloana este parte a <em>Ansamblului Monumental Calea Eroilor <\/em>din T\u00e2rgu-Jiu, inaugurat acum 80 de ani, la data de 27 octombrie 1938. Ansamblul se \u00eentinde pe 1,5 km, pe o ax\u0103 est-vest, \u0219i este format din Masa T\u0103cerii, Aleea Scaunelor, Poarta S\u0103rutului \u0219i <em>Coloana Infinitului<\/em>, \u00eent\u00e2lnind \u00een cale Biserica Sfin\u0163ii Apostoli Petru \u0219i Pavel.<\/p>\n<p>\u00cen aprilie 2007, la T\u00e2rgu-Jiu a fost dezvelit \u00eenscrisul care atest\u0103 includerea <em>Ansamblului Monumental Calea Eroilor <\/em>\u00een patrimoniul cultural european.<\/p>\n<p><em>Coloana Infinitului <\/em>transmite peste secole cinstirea jertfei eroilor neamului.<\/p>\n<p><strong><em>\u00a0<img decoding=\"async\" loading=\"lazy\" class=\"aligncenter wp-image-2019913 size-full\" src=\"https:\/\/romfilatelia.ro\/magazin\/wp-content\/uploads\/2018\/02\/BRANCUSI_coloana_supratipar_2018_caract.jpg\" alt=\"\" width=\"900\" height=\"558\" srcset=\"https:\/\/romfilatelia.ro\/magazin\/wp-content\/uploads\/2018\/02\/BRANCUSI_coloana_supratipar_2018_caract.jpg 900w, https:\/\/romfilatelia.ro\/magazin\/wp-content\/uploads\/2018\/02\/BRANCUSI_coloana_supratipar_2018_caract-500x310.jpg 500w, https:\/\/romfilatelia.ro\/magazin\/wp-content\/uploads\/2018\/02\/BRANCUSI_coloana_supratipar_2018_caract-64x40.jpg 64w\" sizes=\"(max-width: 900px) 100vw, 900px\" \/><\/em><\/strong><\/p>\n","protected":false},"excerpt":{"rendered":"<p>\u201eDu-te! \u00cembr\u0103\u021bi\u0219eaz\u0103 Coloana infinirii cu palmele m\u00e2inilor deschise. Apoi, \u00een\u0103l\u021b\u00e2ndu-\u021bi ochii, prive\u0219te-o \u0219i vei cunoa\u0219te, astfel, \u00eentr-adev\u0103r, sinele cerului.\u201d Constantin Br\u00e2ncu\u0219i (1876-1957) \u00a0 \u00cen anul Centenar al Marii Uniri, \u00een semn de respect \u0219i recuno\u0219tin\u021b\u0103 pentru jertfa osta\u0219ilor din Primul R\u0103zboi Mondial, Romfilatelia introduce \u00een circula\u021bie emisiunea de m\u0103rci po\u0219tale Coloana Infinitului, omagiu eroilor neamului.&hellip;&nbsp;<a href=\"https:\/\/romfilatelia.ro\/magazin\/produs\/colectii-anuale\/2018\/coloana-infinitului-omagiu-eroilor-neamului\/\" class=\"\" rel=\"bookmark\">Cite\u0219te mai mult &raquo;<span class=\"screen-reader-text\">COLOANA INFINITULUI, OMAGIU EROILOR NEAMULUI<\/span><\/a><\/p>\n","protected":false},"featured_media":2019912,"template":"","meta":{"neve_meta_sidebar":"","neve_meta_container":"","neve_meta_enable_content_width":"","neve_meta_content_width":0,"neve_meta_title_alignment":"","neve_meta_author_avatar":"","neve_post_elements_order":"","neve_meta_disable_header":"","neve_meta_disable_footer":"","neve_meta_disable_title":""},"product_cat":[161,6],"product_tag":[],"_links":{"self":[{"href":"https:\/\/romfilatelia.ro\/magazin\/wp-json\/wp\/v2\/product\/2019909"}],"collection":[{"href":"https:\/\/romfilatelia.ro\/magazin\/wp-json\/wp\/v2\/product"}],"about":[{"href":"https:\/\/romfilatelia.ro\/magazin\/wp-json\/wp\/v2\/types\/product"}],"wp:featuredmedia":[{"embeddable":true,"href":"https:\/\/romfilatelia.ro\/magazin\/wp-json\/wp\/v2\/media\/2019912"}],"wp:attachment":[{"href":"https:\/\/romfilatelia.ro\/magazin\/wp-json\/wp\/v2\/media?parent=2019909"}],"wp:term":[{"taxonomy":"product_cat","embeddable":true,"href":"https:\/\/romfilatelia.ro\/magazin\/wp-json\/wp\/v2\/product_cat?post=2019909"},{"taxonomy":"product_tag","embeddable":true,"href":"https:\/\/romfilatelia.ro\/magazin\/wp-json\/wp\/v2\/product_tag?post=2019909"}],"curies":[{"name":"wp","href":"https:\/\/api.w.org\/{rel}","templated":true}]}}