{"id":2019356,"date":"2017-12-13T06:39:33","date_gmt":"2017-12-13T04:39:33","guid":{"rendered":"https:\/\/romfilatelia.ro\/magazin\/?post_type=product&#038;p=2019356"},"modified":"2017-12-15T15:55:14","modified_gmt":"2017-12-15T13:55:14","slug":"in-memoriam-regele-mihai-i-1921-2017","status":"publish","type":"product","link":"https:\/\/romfilatelia.ro\/magazin\/produs\/colectii-anuale\/2017\/in-memoriam-regele-mihai-i-1921-2017\/","title":{"rendered":"IN MEMORIAM,  REGELE MIHAI I (1921-2017) &#8211; STOC EPUIZAT!"},"content":{"rendered":"<p><a href=\"https:\/\/romfilatelia.ro\/magazin\/wp-content\/uploads\/2017\/12\/Mihai_I_In_memoriam_emis.jpg\"><img decoding=\"async\" loading=\"lazy\" class=\"alignleft wp-image-2019361 size-medium\" src=\"https:\/\/romfilatelia.ro\/magazin\/wp-content\/uploads\/2017\/12\/Mihai_I_In_memoriam_emis-300x245.jpg\" alt=\"\" width=\"300\" height=\"245\" \/><\/a>\u00cen semn de profund respect fa\u0163\u0103 de ultimul Rege al Rom\u00e2niei, <strong>Romfilatelia<\/strong> introduce \u00een circula\u0163ie emisiunea de m\u0103rci po\u015ftale <strong><em>In memoriam, Regele Mihai I (1921-2017)<\/em><\/strong>. Timbrul, cu valoarea nominal\u0103 de <strong>8 lei<\/strong>, ilustreaz\u0103 portretul \u015fi monograma Regelui.<\/p>\n<p>Majestatea Sa, Regele Mihai I, a fost o personalitate marcant\u0103 a istoriei rom\u00e2nilor, iar portretele sale le reg\u0103sim reprezentate pe timbrele rom\u00e2ne\u015fti pe parcursul a nou\u0103 decenii. S-a n\u0103scut la 25 octombrie 1921, la Sinaia, fiind descendentul Principelui Carol \u015fi al Principesei Elena a Greciei. Deoarece tat\u0103l s\u0103u renun\u0163ase la tron, Mihai a ajuns Rege la v\u00e2rsta de 6 ani, dup\u0103 moartea bunicului, Ferdinand I \u201e\u00centregitorul\u201d. Cu toate c\u0103 prerogativele regale erau exercitate de un Consiliu de Regen\u0163\u0103, \u00een emisiunile de m\u0103rci po\u015ftale reg\u0103sim portretele t\u00e2n\u0103rului suveran, \u00eencep\u00e2nd cu anul 1928. Timbrele cu ilustra\u0163ia copilului-rege Mihai sunt emise p\u00e2n\u0103 la re\u00eentoarcerea tat\u0103lui \u00een \u0163ar\u0103, \u00een iunie 1930. Regele Carol al II-lea i-a conferit fiului titlul de <em>Mare Voievod de Alba-Iulia<\/em>, astfel c\u0103 Mihai a participat \u00een continuare la via\u0163a public\u0103. A activat \u00een cadrul organiza\u0163iei Cerceta\u015filor, silueta sa reg\u0103sindu-se pe timbrele emise \u00een anul 1931, cu ocazia Expozi\u0163iei Cercet\u0103\u015fe\u015fti. \u00cen calitate de <em>Mare Voievod<\/em>, mo\u015ftenitor al Coroanei, apare, \u00eempreun\u0103 cu tat\u0103l, \u015fi pe alte timbre emise \u00een anii \u201930.<\/p>\n<p>\u00cen septembrie 1940, Mihai I a fost proclamat Rege, dup\u0103 ce Carol al II-lea abdicase \u015fi plecase \u00een exil. Emisiunile filatelice descriu statutul s\u0103u de Suveran, precum \u015fi calitatea de \u015fef al Armatei.<\/p>\n<p>\u00cen perioada celui de-Al Doilea R\u0103zboi Mondial, eliberarea Basarabiei \u015fi Bucovinei de Nord, precum \u015fi campaniile militare victorioase de pe frontul de Est, au fost celebrate prin timbre ilustrate cu portretele Regelui.<\/p>\n<p>Dup\u0103 1945, emisiunile filatelice ilustrate cu portretul lui Mihai I \u00eei \u00eendemnau pe rom\u00e2ni s\u0103 participe la efortul de reconstruc\u0163ie a \u0163\u0103rii, sau s\u0103 contribuie la ajutorarea zonelor afectate de foamete.<\/p>\n<p>Regele Mihai I a fost obligat s\u0103 abdice \u015fi s\u0103 plece \u00een exil la 30 decembrie 1947. Majestatea Sa a fost o voce important\u0103 a diasporei \u015fi le-a transmis rom\u00e2nilor permanent mesaje de speran\u0163\u0103 pentru eliberarea Rom\u00e2niei de comunism. S-a c\u0103s\u0103torit \u00een iunie 1948 cu Ana de Bourbon-Parma, iar Familia Regal\u0103 s-a extins prin na\u015fterea celor cinci prin\u0163ese ale cuplului regal: Margareta (1949), Elena (1951), Irina (1953), Sofia (1957) \u015fi Maria (1964).<\/p>\n<p>Rom\u00e2nii de pretutindeni au continuat s\u0103-\u015fi iubeasc\u0103 Regele \u015fi dup\u0103 abdicarea for\u0163at\u0103. \u00cen semn de omagiu pentru Mihai I \u015fi Monarhie, <strong>Romfilatelia<\/strong> i-a dedicat Majest\u0103\u0163ii Sale mai multe emisiuni de m\u0103rci po\u015ftale.<\/p>\n<p>\u00cen mai 2006, a fost introdus\u0103 \u00een circula\u0163ie o serie de timbre consacrat\u0103 celor patru Regi ai Rom\u00e2niei, cu ocazia \u00eemplinirii a 140 de ani de la fondarea Dinastiei, prin care s-a reluat tradi\u0163ia reprezent\u0103rii Casei Regale \u00een emisiunile filatelice.<\/p>\n<p>Cu ocazia anivers\u0103rii a 93 de ani, \u00een octombrie 2014, <strong>Romfilatelia<\/strong> a dedicat Majest\u0103\u0163ii Sale emisiunea <em>Istoria regalit\u0103\u0163ii, Mihai I<\/em>.<\/p>\n<p>Seria de m\u0103rci po\u015ftale <em>Regalitatea \u00een Rom\u00e2nia<\/em>, introdus\u0103 \u00een circula\u0163ie \u00een ianuarie 2015, include un timbru cu Regele Mihai, al\u0103turi de Regina Ana.<\/p>\n<p><strong>Romfilatelia<\/strong> a onorat \u015fi hobby-urile Majest\u0103\u0163ii Sale, prin emisiunea filatelic\u0103 <em>Motoarele, pasiune regal\u0103<\/em>, introdus\u0103 \u00een circula\u0163ie cu ocazia zilei sale de na\u015ftere, \u00een octombrie 2016.<\/p>\n<p>Regele Mihai I a fost iubit \u015fi apreciat \u00een Romania \u015fi \u00een \u00eentreaga lume, fiind considerat un reper al speran\u0163ei \u015fi moralei, un capitol de referin\u0163\u0103 al istoriei Monarhiei Rom\u00e2ne.<\/p>\n<p><strong><em>S\u0103 v\u0103 fie drumul lin printre stele, Sire!<\/em><\/strong><\/p>\n<p><em>Romfilatelia mul\u0163ume\u015fte Casei Regale a Rom\u00e2niei \u015fi domnului Marius B\u0103r\u0103gan pentru sprijinul documentar \u015fi fotografic acordat la realizarea acestei emisiuni de m\u0103rci po\u015ftale. <\/em><\/p>\n<p><em>\u00a0<\/em><strong><em>PRODUSE SPECIALE: <\/em><\/strong><em>\u00a0<\/em><\/p>\n<p><strong><em>Albumul filatelic<\/em><\/strong><em> este realizat \u00een tiraj limitat de <\/em><strong><em>517<\/em><\/strong><em> exemplare \u015fi este echipat cu blocul de 2 timbre al emisiunii \u015fi plicul \u201eprima zi\u201d, av\u00e2nd \u015ftampila \u201eprima zi\u201d aplicat\u0103 \u00een clar, \u00een folio negru. Fiecare element este numerotat cu negru de la <\/em><strong><em>001<\/em><\/strong><em> la <\/em><strong><em>517<\/em><\/strong><em>. <\/em><\/p>\n<p><img decoding=\"async\" loading=\"lazy\" class=\"aligncenter wp-image-2019362 size-full\" src=\"https:\/\/romfilatelia.ro\/magazin\/wp-content\/uploads\/2017\/12\/Mihai_I_In_memoriam_caract.jpg\" alt=\"\" width=\"900\" height=\"817\" srcset=\"https:\/\/romfilatelia.ro\/magazin\/wp-content\/uploads\/2017\/12\/Mihai_I_In_memoriam_caract.jpg 900w, https:\/\/romfilatelia.ro\/magazin\/wp-content\/uploads\/2017\/12\/Mihai_I_In_memoriam_caract-500x454.jpg 500w, https:\/\/romfilatelia.ro\/magazin\/wp-content\/uploads\/2017\/12\/Mihai_I_In_memoriam_caract-64x58.jpg 64w\" sizes=\"(max-width: 900px) 100vw, 900px\" \/><\/p>\n","protected":false},"excerpt":{"rendered":"<p>\u00cen semn de profund respect fa\u0163\u0103 de ultimul Rege al Rom\u00e2niei, Romfilatelia introduce \u00een circula\u0163ie emisiunea de m\u0103rci po\u015ftale In memoriam, Regele Mihai I (1921-2017). Timbrul, cu valoarea nominal\u0103 de 8 lei, ilustreaz\u0103 portretul \u015fi monograma Regelui. Majestatea Sa, Regele Mihai I, a fost o personalitate marcant\u0103 a istoriei rom\u00e2nilor, iar portretele sale le reg\u0103sim&hellip;&nbsp;<a href=\"https:\/\/romfilatelia.ro\/magazin\/produs\/colectii-anuale\/2017\/in-memoriam-regele-mihai-i-1921-2017\/\" class=\"\" rel=\"bookmark\">Cite\u0219te mai mult &raquo;<span class=\"screen-reader-text\">IN MEMORIAM,  REGELE MIHAI I (1921-2017) &#8211; STOC EPUIZAT!<\/span><\/a><\/p>\n","protected":false},"featured_media":2019361,"template":"","meta":{"neve_meta_sidebar":"","neve_meta_container":"","neve_meta_enable_content_width":"","neve_meta_content_width":0,"neve_meta_title_alignment":"","neve_meta_author_avatar":"","neve_post_elements_order":"","neve_meta_disable_header":"","neve_meta_disable_footer":"","neve_meta_disable_title":""},"product_cat":[138,6],"product_tag":[],"_links":{"self":[{"href":"https:\/\/romfilatelia.ro\/magazin\/wp-json\/wp\/v2\/product\/2019356"}],"collection":[{"href":"https:\/\/romfilatelia.ro\/magazin\/wp-json\/wp\/v2\/product"}],"about":[{"href":"https:\/\/romfilatelia.ro\/magazin\/wp-json\/wp\/v2\/types\/product"}],"wp:featuredmedia":[{"embeddable":true,"href":"https:\/\/romfilatelia.ro\/magazin\/wp-json\/wp\/v2\/media\/2019361"}],"wp:attachment":[{"href":"https:\/\/romfilatelia.ro\/magazin\/wp-json\/wp\/v2\/media?parent=2019356"}],"wp:term":[{"taxonomy":"product_cat","embeddable":true,"href":"https:\/\/romfilatelia.ro\/magazin\/wp-json\/wp\/v2\/product_cat?post=2019356"},{"taxonomy":"product_tag","embeddable":true,"href":"https:\/\/romfilatelia.ro\/magazin\/wp-json\/wp\/v2\/product_tag?post=2019356"}],"curies":[{"name":"wp","href":"https:\/\/api.w.org\/{rel}","templated":true}]}}