{"id":2016468,"date":"2016-10-17T16:12:27","date_gmt":"2016-10-17T16:12:27","guid":{"rendered":"http:\/\/romfilatelia.ro\/store\/?post_type=product&#038;p=2016468"},"modified":"2016-10-17T16:12:27","modified_gmt":"2016-10-17T16:12:27","slug":"descoperiti-romania-muntenia","status":"publish","type":"product","link":"https:\/\/romfilatelia.ro\/magazin\/produs\/colectii-anuale\/2016\/descoperiti-romania-muntenia\/","title":{"rendered":"DESCOPERI\u0162I ROM\u00c2NIA, MUNTENIA"},"content":{"rendered":"<p><img decoding=\"async\" loading=\"lazy\" class=\"size-medium wp-image-2016470 alignleft\" src=\"https:\/\/romfilatelia.ro\/magazin\/wp-content\/uploads\/2016\/10\/Muntenia_emisiune-283x300.jpg\" alt=\"muntenia_emisiune\" width=\"283\" height=\"300\" srcset=\"https:\/\/romfilatelia.ro\/magazin\/wp-content\/uploads\/2016\/10\/Muntenia_emisiune-283x300.jpg 283w, https:\/\/romfilatelia.ro\/magazin\/wp-content\/uploads\/2016\/10\/Muntenia_emisiune-500x530.jpg 500w, https:\/\/romfilatelia.ro\/magazin\/wp-content\/uploads\/2016\/10\/Muntenia_emisiune-64x68.jpg 64w, https:\/\/romfilatelia.ro\/magazin\/wp-content\/uploads\/2016\/10\/Muntenia_emisiune-768x813.jpg 768w, https:\/\/romfilatelia.ro\/magazin\/wp-content\/uploads\/2016\/10\/Muntenia_emisiune-967x1024.jpg 967w, https:\/\/romfilatelia.ro\/magazin\/wp-content\/uploads\/2016\/10\/Muntenia_emisiune.jpg 1133w\" sizes=\"(max-width: 283px) 100vw, 283px\" \/><\/p>\n<p>\u0162ara Rom\u00e2nesc\u0103 este o regiune istoric\u0103 a Rom\u00e2niei alc\u0103tuit\u0103 din Muntenia (cunoscut\u0103 drept Marea Valahie) \u015fi Oltenia (sau Mica Valahie).<\/p>\n<p>\u0162ara Rom\u00e2neasc\u0103 are ca act de na\u015ftere consemnarea unei b\u0103t\u0103lii decisive dintre domnitorul muntean Basarab I \u015fi Regele Ungariei, Carol Robert, b\u0103t\u0103lie \u00een care victoria revine muntenilor \u00een confruntarea de la Posada. Anul \u00eenscris \u00een filele istoriei: 1330.<\/p>\n<p>Emisiunea filatelic\u0103 din seria <strong>Descoperi\u0163i Rom\u00e2nia<\/strong>, dedicat\u0103 anul acesta <strong><em>Munteniei<\/em><\/strong>, adun\u0103 la un loc c\u00e2teva comori istorice \u015fi personalit\u0103\u0163i reprezentative ale zonei.<\/p>\n<p>V\u0103 invit\u0103m s\u0103 ne \u00eenso\u0163i\u0163i \u00eentr-o c\u0103l\u0103torie \u00eenapoi \u00een timp, aduc\u00e2nd \u00een prezent cr\u00e2mpeie din istoria Munteniei!<\/p>\n<p>Expansiunea otoman\u0103 \u00een Balcani, \u00eencheiat\u0103 cu ocuparea Constantinopolului \u00een anul 1453, pune Muntenia \u00eentr-o situa\u0163ie nesigur\u0103. Din motive stategice, mai mul\u0163i domnitori munteni prefer\u0103 s\u0103-\u015fi stabileasc\u0103 re\u015fedin\u0163a \u00een a\u015fez\u0103rile subcarpatice C\u00e2mpulung, Curtea de Arge\u015f sau T\u00e2rgovi\u015fte, p\u00e2n\u0103 pe la mijlocul secolului al XVII-lea.<\/p>\n<p>Amintind de Curtea Domneasc\u0103 din T\u00e2rgovi\u015fte, trebuie precizat c\u0103 reprezint\u0103 cel mai bine p\u0103strat ansamblu aulic medieval de pe teritoriul Rom\u00e2niei. Nucleul Cur\u0163ii Domne\u015fti expus vederii vizitatorilor din zilele noastre, a fost construit \u00een timpul voievodului Mircea cel B\u0103tr\u00e2n (1388-1418), destinat ca ansamblu de locuin\u0163e pentru familia domnitoare, a demnitarilor cur\u0163ii \u015fi slujitorilor acestora.<\/p>\n<p>Cel care avea s\u0103 dispun\u0103 ultimele lucr\u0103ri semnificative de repara\u0163ii \u015fi extinderi ale Cur\u0163ii Domne\u015fti este cel care va \u00eencheia seria domniilor la T\u00e2rgovi\u015fte, Constantin Br\u00e2ncoveanu (1688 \u2013 1714).<\/p>\n<p>La ini\u0163iativa sa, cei mai buni constructori \u015fi decoratori \u00ee\u015fi reunesc talentele pentru a defini \u015fi materializa o art\u0103 de notorietate, arta br\u00e2ncoveneasc\u0103, ansamblu \u00een\u0163elept \u00eenchegat al mai multor stiluri. M\u0103n\u0103stirea Hurezi devine centrul unei \u015fcoli vestite de pictur\u0103 \u015fi de sculptur\u0103 br\u00e2ncoveneasc\u0103.<\/p>\n<p>Un viteaz \u015fi cunoscut voievod, Vlad \u0162epe\u015f (1448, 1456-1462, 1475) \u00ee\u015fi stabile\u015fte la Bucure\u015fti o curte voievodal\u0103 care va cunoa\u015fte o vizibil\u0103 \u015fi durabil\u0103 dezvoltare \u00een secolele urm\u0103toare.<\/p>\n<p>Bucure\u015ftiul p\u0103streaz\u0103 din vremea domniei lui Constatin Br\u00e2ncoveanu o serie de biserici la care se adaug\u0103 palatul princiar de la Mogo\u015foaia.<\/p>\n<p>Istoria \u00ee\u015fi urmeaz\u0103 cursul \u015fi la anul 1859 se realizeaz\u0103 unirea \u0162\u0103rii Rom\u00e2ne\u015fti \u015fi a Moldovei, prin alegerea aceluia\u015fi domnitor, Alexandru Ioan Cuza, la 24 ianuarie.<\/p>\n<p>Din punct de vedere a guvern\u0103rii noului stat, vechea provincie Muntenia \u00ee\u015fi p\u0103streaz\u0103 un rol principal, capitala fiind stabilit\u0103 la Bucure\u015fti.<\/p>\n<p>Istoria scris\u0103 a Munteniei, \u00eenceput\u0103 \u00een timpul domniei lui Basarab I, avea \u00een vedere un teritoriu \u00eenscris \u00eentre Carpa\u0163i, Dun\u0103re, Siret \u015fi Milcov. Domnitorul care l-a urmat dup\u0103 trei decenii, Mircea cel B\u0103tr\u00e2n, a reu\u015fit s\u0103 men\u0163in\u0103 un recunoscut statut de independen\u0163\u0103 al teritoriului \u015fi s\u0103 beneficieze de cel mai \u00eentins teritoriu (\u201ep\u00e2n\u0103 la Marea cea mare\u201d).<\/p>\n<p>Valoarea nominal\u0103 de <strong>2,50 lei<\/strong> scoate \u00een eviden\u0163\u0103 \u00eentr-o sugestiv\u0103 asociere silueta maiestuoas\u0103 a m\u0103n\u0103stirii Curtea de Arge\u015f \u015fi a ctitorului ei, domnitorul Neagoe Basarab. \u00cencep\u00e2nd cu perioada primului cuplu de rege \u015fi regin\u0103 ai Rom\u00e2niei, Carol I \u015fi Elisabeta, \u015fi p\u00e2n\u0103 \u00een prezent, impozanta construc\u0163ie a m\u0103n\u0103stirii vegheaz\u0103 criptele familiei regale.<\/p>\n<p>Valoarea nominal\u0103 de <strong>3,50 lei<\/strong> apar\u0163ine timbrului care aminte\u015fte de domnitorul Constantin Br\u00e2ncoveanu, de stilul br\u00e2ncovenesc prezent \u00een ornamentele ctitoriilor sale.<\/p>\n<p>Valoarea nominal\u0103 de <strong>8 lei<\/strong> reune\u015fte \u00eentr-o compozi\u0163ie definitorie frumuse\u0163ea costumului popular al Munteniei, motive decorative ale covoarelor \u015fi ales\u0103turilor zonei, al\u0103turi de decora\u0163iuni \u00een piatr\u0103 ale valoroaselor edificii m\u0103n\u0103stire\u015fti, prezen\u0163e valoroase ale istoriei \u0163\u0103rii.<\/p>\n<p>Valoarea nominal\u0103 de <strong>15 lei<\/strong> ilustreaz\u0103 Bucure\u015ftiul \u00eentr-un ansamblu de imagini reprezentativ pentru spiritualitate, cultur\u0103 prin cl\u0103direa Ateneului Rom\u00e2n, la care se adaug\u0103 imaginea statuar\u0103 a marelui om politic, Ion. I.C. Br\u0103tianu.<\/p>\n<p>Ilustra\u0163ia celor 4 timbre ale emisiunii este completat\u0103 de heraldica zonei (stema Munteniei).<\/p>\n<p>Man\u015feta blocului emisiunii prezint\u0103 Turnul Chindiei, din cadrul Complexului Muzeal Curtea Domneasc\u0103, T\u00e2rgovi\u015fte, \u00eentr-un cadru nocturn.<\/p>\n<p>Plicul \u201cprima zi\u201d a emisiunii ilustreaz\u0103 un mozaic de imagini, f\u0103c\u00e2nd trimitere c\u0103tre detalii arhitecturale specifice M\u0103n\u0103stirii Stavropoleos din Bucure\u015fti \u015fi detalii specifice portului tradi\u0163ional femeiesc din Muntenia.<\/p>\n<p>&nbsp;<\/p>\n<p><em>Romfilatelia mul\u0163ume\u015fte Complexului Na\u0163ional Muzeal \u201eCurtea Domneasc\u0103\u201d T\u00e2rgovi\u015fte \u015fi fotografului Valentin Grigore pentru sprijinul acordat \u00een realizarea acestei emisiuni de m\u0103rci po\u015ftale. <\/em><\/p>\n<p><a href=\"http:\/\/romfilatelia.ro\/wp-content\/uploads\/2016\/10\/Muntenia_caract.jpg\"><img decoding=\"async\" loading=\"lazy\" class=\"aligncenter wp-image-2013698 size-full\" src=\"http:\/\/romfilatelia.ro\/wp-content\/uploads\/2016\/10\/Muntenia_caract.jpg\" sizes=\"(max-width: 900px) 100vw, 900px\" srcset=\"http:\/\/romfilatelia.ro\/wp-content\/uploads\/2016\/10\/Muntenia_caract.jpg 900w, http:\/\/romfilatelia.ro\/wp-content\/uploads\/2016\/10\/Muntenia_caract-300x274.jpg 300w, http:\/\/romfilatelia.ro\/wp-content\/uploads\/2016\/10\/Muntenia_caract-768x701.jpg 768w\" alt=\"muntenia_caract\" width=\"900\" height=\"822\" \/><\/a><\/p>\n","protected":false},"excerpt":{"rendered":"<p>\u0162ara Rom\u00e2nesc\u0103 este o regiune istoric\u0103 a Rom\u00e2niei alc\u0103tuit\u0103 din Muntenia (cunoscut\u0103 drept Marea Valahie) \u015fi Oltenia (sau Mica Valahie). \u0162ara Rom\u00e2neasc\u0103 are ca act de na\u015ftere consemnarea unei b\u0103t\u0103lii decisive dintre domnitorul muntean Basarab I \u015fi Regele Ungariei, Carol Robert, b\u0103t\u0103lie \u00een care victoria revine muntenilor \u00een confruntarea de la Posada. Anul \u00eenscris \u00een&hellip;&nbsp;<a href=\"https:\/\/romfilatelia.ro\/magazin\/produs\/colectii-anuale\/2016\/descoperiti-romania-muntenia\/\" class=\"\" rel=\"bookmark\">Cite\u0219te mai mult &raquo;<span class=\"screen-reader-text\">DESCOPERI\u0162I ROM\u00c2NIA, MUNTENIA<\/span><\/a><\/p>\n","protected":false},"featured_media":2016470,"template":"","meta":{"neve_meta_sidebar":"","neve_meta_container":"","neve_meta_enable_content_width":"","neve_meta_content_width":0,"neve_meta_title_alignment":"","neve_meta_author_avatar":"","neve_post_elements_order":"","neve_meta_disable_header":"","neve_meta_disable_footer":"","neve_meta_disable_title":""},"product_cat":[102,6],"product_tag":[],"_links":{"self":[{"href":"https:\/\/romfilatelia.ro\/magazin\/wp-json\/wp\/v2\/product\/2016468"}],"collection":[{"href":"https:\/\/romfilatelia.ro\/magazin\/wp-json\/wp\/v2\/product"}],"about":[{"href":"https:\/\/romfilatelia.ro\/magazin\/wp-json\/wp\/v2\/types\/product"}],"wp:featuredmedia":[{"embeddable":true,"href":"https:\/\/romfilatelia.ro\/magazin\/wp-json\/wp\/v2\/media\/2016470"}],"wp:attachment":[{"href":"https:\/\/romfilatelia.ro\/magazin\/wp-json\/wp\/v2\/media?parent=2016468"}],"wp:term":[{"taxonomy":"product_cat","embeddable":true,"href":"https:\/\/romfilatelia.ro\/magazin\/wp-json\/wp\/v2\/product_cat?post=2016468"},{"taxonomy":"product_tag","embeddable":true,"href":"https:\/\/romfilatelia.ro\/magazin\/wp-json\/wp\/v2\/product_tag?post=2016468"}],"curies":[{"name":"wp","href":"https:\/\/api.w.org\/{rel}","templated":true}]}}