{"id":2010574,"date":"2015-12-03T12:56:37","date_gmt":"2015-12-03T12:56:37","guid":{"rendered":"http:\/\/romfilatelia.ro\/?p=2010574"},"modified":"2016-07-29T12:09:57","modified_gmt":"2016-07-29T12:09:57","slug":"colectia-numismatica-a-bancii-nationale-a-romaniei-tezaure-monetare-ii-2","status":"publish","type":"product","link":"https:\/\/romfilatelia.ro\/magazin\/produs\/colectii-anuale\/2015\/colectia-numismatica-a-bancii-nationale-a-romaniei-tezaure-monetare-ii-2\/","title":{"rendered":"COLEC\u0162IA NUMISMATIC\u0102 A B\u0102NCII NA\u0162IONALE A ROM\u00c2NIEI, TEZAURE MONETARE (II)"},"content":{"rendered":"<p><a href=\"https:\/\/romfilatelia.ro\/magazin\/wp-content\/uploads\/2016\/03\/Tezaure_Monetare_2_M.jpg\" rel=\"attachment wp-att-2010578\"><img decoding=\"async\" loading=\"lazy\" class=\"size-medium wp-image-2010578 alignleft\" src=\"https:\/\/romfilatelia.ro\/magazin\/wp-content\/uploads\/2016\/03\/Tezaure_Monetare_2_M-300x253.jpg\" alt=\"Tezaure_Monetare_2_M\" width=\"300\" height=\"253\" srcset=\"https:\/\/romfilatelia.ro\/magazin\/wp-content\/uploads\/2016\/03\/Tezaure_Monetare_2_M-300x253.jpg 300w, https:\/\/romfilatelia.ro\/magazin\/wp-content\/uploads\/2016\/03\/Tezaure_Monetare_2_M-500x422.jpg 500w, https:\/\/romfilatelia.ro\/magazin\/wp-content\/uploads\/2016\/03\/Tezaure_Monetare_2_M-64x54.jpg 64w, https:\/\/romfilatelia.ro\/magazin\/wp-content\/uploads\/2016\/03\/Tezaure_Monetare_2_M-768x649.jpg 768w, https:\/\/romfilatelia.ro\/magazin\/wp-content\/uploads\/2016\/03\/Tezaure_Monetare_2_M.jpg 900w\" sizes=\"(max-width: 300px) 100vw, 300px\" \/><\/a>Colec\u0163ia numismatic\u0103 a B\u0103ncii Na\u0163ionale a Rom\u00e2niei s-a constituit \u00een ultimele decenii cu scopul de a prezenta publicului o c\u00e2t mai complet\u0103 imagine a istoriei circula\u0163iei monetare \u00een spa\u0163iul rom\u00e2nesc. Romfilatelia dedic\u0103 acestei valoroase colec\u0163ii o nou\u0103 emisiune de m\u0103rci po\u015ftale alc\u0103tuit\u0103 din patru valori, cu titlul Colec\u0163ia Numismatic\u0103 a B\u0103ncii Na\u0163ionale a Rom\u00e2niei, Tezaure monetare (II).<span class=\"Apple-converted-space\">\u00a0<\/span><br \/>\nContinu\u00e2nd seria proiectului lansat \u00een 2014, timbrele noii emisiuni ilustreaz\u0103 monedele dacice de argint, monedele romane imperiale de aur, monedele poloneze de argint \u015fi duca\u0163ii olandezi.<span class=\"Apple-converted-space\">\u00a0<\/span><br \/>\nPe timbrul cu valoarea nominal\u0103 de 2,00 lei sunt reprezentate monedele dacice de argint. Acestea au cunoscut o varietate mare de tipuri, av\u00e2nd ca prototip tetradrahmele Regelui macedonean Filip al II-lea (359-336 \u00ee.Hr.), \u00een special cele emise postum, care aveau pe avers efigia lui Zeus purt\u00e2nd cunun\u0103 de lauri, iar pe revers un c\u0103l\u0103re\u0163 \u015fi numele dinastului macedonean. Primele serii monetare p\u0103streaz\u0103 multe dintre tr\u0103s\u0103turile principale ale reprezent\u0103rilor originale, precum \u015fi p\u0103r\u0163i sau numai litere din legend\u0103. Treptat \u00eens\u0103, valoarea intrinsec\u0103 a monedelor de argint geto-dacice a tot sc\u0103zut, metalul comun ajung\u00e2nd s\u0103 predomine \u00een aliaj. \u00cen secolul I \u00ee.Hr., reprezent\u0103rile care ap\u0103reau pe aceste monede erau deja doar simple reproduceri schematice, f\u0103r\u0103 s\u0103 mai p\u0103streze elemente de legend\u0103.<span class=\"Apple-converted-space\">\u00a0<\/span><br \/>\n\u00cen colec\u0163ia numismatic\u0103 a BNR se g\u0103se\u015fte un tezaur descoperit \u00een Bucovina, alc\u0103tuit din monede de tip Hu\u015fi-Vovrie\u015fti. Caracteristica principal\u0103 a acestor piese, datate \u00een secolul al III-lea \u00ee.Hr., este prezen\u0163a t\u0103ieturilor de pe revers.<span class=\"Apple-converted-space\">\u00a0<\/span><br \/>\nMonedele romane imperiale de aur sunt reprezentate pe timbrul cu valoarea nominal\u0103 de 2,40 lei. Sistemul monetar roman imperial a fost creat de Augustus (27 \u00ee.Hr.-14 d.Hr.). Acesta a revenit la sistemul bimetalist aur-argint al lui Cezar. \u00cen acest context, greutatea aureus-ului a fost stabilit\u0103 la circa 8 g, iar cea a denarului la circa 4 g, cu o rat\u0103 de schimb de 1 aureus = 25 denari. \u00centre descoperirile monetare din Provincia Dacia apar sporadic \u015fi aurei, semn c\u0103 a fost posibil\u0103 folosirea lor uzual\u0103. Fiind \u00eens\u0103 vorba despre monede cu valoare intrinsec\u0103 mare, de\u0163in\u0103torii acestora le acordau mai mult\u0103 aten\u0163ie dec\u00e2t pieselor din argint \u015fi bronz.<span class=\"Apple-converted-space\">\u00a0<\/span><br \/>\nTezaurul de la Pite\u015fti, alc\u0103tuit din monede de aur din timpul \u00eemp\u0103ratului Gordian al III-lea (238-244), aflat \u00een colec\u0163ia numismatic\u0103 a BNR, este cel mai mare tezaur de aurei descoperit p\u00e2n\u0103 acum pe teritoriul Rom\u00e2niei.<span class=\"Apple-converted-space\">\u00a0<\/span><br \/>\nPe timbrul cu valoare nominal\u0103 de 8,10 lei este reprezentat Ducatul olandez. Regulamentele Organice au \u00eencercat, pentru prima oar\u0103, unificarea cursurilor monetare din Principatele Rom\u00e2ne prin instituirea a dou\u0103 etaloane, ambele raportate la un leu de calcul \u00eemp\u0103r\u0163it \u00een 40 de parale. Etalonul de aur era asigurat de ducatul olandez, evaluat la 31 de lei \u015fi 20 de parale, \u00een timp ce etalonul de argint, reprezentat de sfan\u0163 valora 2 lei \u015fi 10 parale.<span class=\"Apple-converted-space\">\u00a0<\/span><br \/>\n\u00cen colec\u0163ia numismatic\u0103 a BNR se p\u0103streaz\u0103 un tezaur datat \u00een prima jum\u0103tate a secolului al XIX-lea, descoperit \u00een localitatea Mih\u0103ie\u015fti, comuna Hodoroceni, jude\u0163ul Suceava, alc\u0103tuit \u00een mare parte din duca\u0163i olandezi, c\u0103rora li se al\u0103tur\u0103 duca\u0163i vene\u0163ieni \u015fi diverse monede otomane.<span class=\"Apple-converted-space\">\u00a0<\/span><br \/>\nMonedele poloneze de argint sunt reprezentate pe timbrul cu valoarea nominal\u0103 de 14,50 lei. \u00cen primele decenii ale secolului al XVI-lea, circula\u0163ia monetar\u0103 din \u0162\u0103rile Rom\u00e2ne a fost dominat\u0103 de piese cu valoare redus\u0103, dintre care s-au remarcat monedele poloneze de argint (jum\u0103t\u0103\u0163ile de gro\u015fi), asprii turce\u015fti \u015fi dinarii ungure\u015fti. Circula\u0163ia monetar\u0103 s-a optimizat treptat, pentru a acoperi nevoile comer\u0163ului, prin p\u0103trunderea unor monede de aur, a emisiunilor de argint de valoare mare \u015fi a mai multor categorii de monede poloneze de argint de valoare mijlocie: tripli gro\u015fi, polturi \u015fi gro\u015fi.<span class=\"Apple-converted-space\">\u00a0<\/span><br \/>\n\u00cen colec\u0163ia numismatic\u0103 a BNR se p\u0103streaz\u0103 mai multe depozite monetare alc\u0103tuite din monede poloneze din argint din secolele XVI-XVII, descoperite mai cu seam\u0103 pe teritoriul Moldovei.<span class=\"Apple-converted-space\">\u00a0<\/span><\/p>\n<p>Romfilatelia mul\u0163ume\u015fte Direc\u0163iei Emisiune, Tezaur \u015fi Casierie din cadrul B\u0103ncii Na\u0163ionale a Rom\u00e2niei pentru sprijinul documentar \u015fi fotografic acordat la realizarea acestei emisiuni de m\u0103rci po\u015ftale.<span class=\"Apple-converted-space\">\u00a0<\/span><\/p>\n<p>Data de aparitie: 2015-12-03<\/p>\n<p><a href=\"https:\/\/romfilatelia.ro\/magazin\/wp-content\/uploads\/2016\/03\/Tezaure_Monetare_2_box.jpg\" rel=\"attachment wp-att-2010577\"><img decoding=\"async\" loading=\"lazy\" class=\"aligncenter wp-image-2010577 size-full\" src=\"https:\/\/romfilatelia.ro\/magazin\/wp-content\/uploads\/2016\/03\/Tezaure_Monetare_2_box.jpg\" alt=\"Tezaure_Monetare_2_box\" width=\"980\" height=\"750\" srcset=\"https:\/\/romfilatelia.ro\/magazin\/wp-content\/uploads\/2016\/03\/Tezaure_Monetare_2_box.jpg 980w, https:\/\/romfilatelia.ro\/magazin\/wp-content\/uploads\/2016\/03\/Tezaure_Monetare_2_box-500x383.jpg 500w, https:\/\/romfilatelia.ro\/magazin\/wp-content\/uploads\/2016\/03\/Tezaure_Monetare_2_box-64x49.jpg 64w, https:\/\/romfilatelia.ro\/magazin\/wp-content\/uploads\/2016\/03\/Tezaure_Monetare_2_box-300x230.jpg 300w, https:\/\/romfilatelia.ro\/magazin\/wp-content\/uploads\/2016\/03\/Tezaure_Monetare_2_box-768x588.jpg 768w\" sizes=\"(max-width: 980px) 100vw, 980px\" \/><\/a><\/p>\n","protected":false},"excerpt":{"rendered":"<p>Colec\u0163ia numismatic\u0103 a B\u0103ncii Na\u0163ionale a Rom\u00e2niei s-a constituit \u00een ultimele decenii cu scopul de a prezenta publicului o c\u00e2t mai complet\u0103 imagine a istoriei circula\u0163iei monetare \u00een spa\u0163iul rom\u00e2nesc. Romfilatelia dedic\u0103 acestei valoroase colec\u0163ii o nou\u0103 emisiune de m\u0103rci po\u015ftale alc\u0103tuit\u0103 din patru valori, cu titlul Colec\u0163ia Numismatic\u0103 a B\u0103ncii Na\u0163ionale a Rom\u00e2niei, Tezaure&hellip;&nbsp;<a href=\"https:\/\/romfilatelia.ro\/magazin\/produs\/colectii-anuale\/2015\/colectia-numismatica-a-bancii-nationale-a-romaniei-tezaure-monetare-ii-2\/\" class=\"\" rel=\"bookmark\">Cite\u0219te mai mult &raquo;<span class=\"screen-reader-text\">COLEC\u0162IA NUMISMATIC\u0102 A B\u0102NCII NA\u0162IONALE A ROM\u00c2NIEI, TEZAURE MONETARE (II)<\/span><\/a><\/p>\n","protected":false},"featured_media":2010578,"template":"","meta":{"neve_meta_sidebar":"","neve_meta_container":"","neve_meta_enable_content_width":"","neve_meta_content_width":0,"neve_meta_title_alignment":"","neve_meta_author_avatar":"","neve_post_elements_order":"","neve_meta_disable_header":"","neve_meta_disable_footer":"","neve_meta_disable_title":""},"product_cat":[103,6],"product_tag":[],"_links":{"self":[{"href":"https:\/\/romfilatelia.ro\/magazin\/wp-json\/wp\/v2\/product\/2010574"}],"collection":[{"href":"https:\/\/romfilatelia.ro\/magazin\/wp-json\/wp\/v2\/product"}],"about":[{"href":"https:\/\/romfilatelia.ro\/magazin\/wp-json\/wp\/v2\/types\/product"}],"wp:featuredmedia":[{"embeddable":true,"href":"https:\/\/romfilatelia.ro\/magazin\/wp-json\/wp\/v2\/media\/2010578"}],"wp:attachment":[{"href":"https:\/\/romfilatelia.ro\/magazin\/wp-json\/wp\/v2\/media?parent=2010574"}],"wp:term":[{"taxonomy":"product_cat","embeddable":true,"href":"https:\/\/romfilatelia.ro\/magazin\/wp-json\/wp\/v2\/product_cat?post=2010574"},{"taxonomy":"product_tag","embeddable":true,"href":"https:\/\/romfilatelia.ro\/magazin\/wp-json\/wp\/v2\/product_tag?post=2010574"}],"curies":[{"name":"wp","href":"https:\/\/api.w.org\/{rel}","templated":true}]}}