{"id":2010548,"date":"2015-11-19T12:49:18","date_gmt":"2015-11-19T12:49:18","guid":{"rendered":"http:\/\/romfilatelia.ro\/?p=2010548"},"modified":"2016-07-29T11:57:57","modified_gmt":"2016-07-29T11:57:57","slug":"caini-inteligenti","status":"publish","type":"product","link":"https:\/\/romfilatelia.ro\/magazin\/produs\/colectii-anuale\/2015\/caini-inteligenti\/","title":{"rendered":"C\u00e2ini inteligen\u0163i"},"content":{"rendered":"<p><a href=\"https:\/\/romfilatelia.ro\/magazin\/wp-content\/uploads\/2016\/03\/Caini_Intel_M.jpg\" rel=\"attachment wp-att-2010549\"><img decoding=\"async\" loading=\"lazy\" class=\"size-medium wp-image-2010549 alignleft\" src=\"https:\/\/romfilatelia.ro\/magazin\/wp-content\/uploads\/2016\/03\/Caini_Intel_M-300x231.jpg\" alt=\"Caini_Intel_M\" width=\"300\" height=\"231\" srcset=\"https:\/\/romfilatelia.ro\/magazin\/wp-content\/uploads\/2016\/03\/Caini_Intel_M-300x231.jpg 300w, https:\/\/romfilatelia.ro\/magazin\/wp-content\/uploads\/2016\/03\/Caini_Intel_M-500x385.jpg 500w, https:\/\/romfilatelia.ro\/magazin\/wp-content\/uploads\/2016\/03\/Caini_Intel_M-64x49.jpg 64w, https:\/\/romfilatelia.ro\/magazin\/wp-content\/uploads\/2016\/03\/Caini_Intel_M.jpg 750w\" sizes=\"(max-width: 300px) 100vw, 300px\" \/><\/a><span class=\"Apple-style-span\">CANIS SEMPER FIDELIS<span class=\"Apple-converted-space\">\u00a0<\/span><\/span><\/p>\n<p>Mul\u0163i consider\u0103 c\u00e2inele drept cel mai bun prieten al omului \u015fi cu siguran\u0163\u0103 rela\u0163ia unic\u0103 pe care o avem cu aceste animale merit\u0103 un statut aparte.<span class=\"Apple-converted-space\">\u00a0<\/span><br \/>\nOriginile c\u00e2inilor \u015fi transformarea lor miraculoas\u0103 de la lup la c\u00e2ine sunt dou\u0103 subiecte ce au fost studiate cu interes de oamenii de \u015ftiin\u0163\u0103. Noi date arheologice arat\u0103 c\u0103 rela\u0163ia noastr\u0103 a \u00eenceput \u00een epoca glaciar\u0103, acum circa 30.000 de ani \u015fi nu, cum se ipoteza ini\u0163ial, odat\u0103 cu descoperirea agriculturii.<span class=\"Apple-converted-space\">\u00a0<\/span><br \/>\nDe atunci rela\u0163ia noastr\u0103 nu a f\u0103cut dec\u00e2t s\u0103 devin\u0103 una mai apropiat\u0103, oamenii g\u0103sind din ce \u00een ce mai multe oportunit\u0103\u0163i \u00een care sim\u0163urile ascu\u0163ite, inteligen\u0163a \u015fi loialitatea canin\u0103 s\u0103 aduc\u0103 beneficii comunit\u0103\u0163ii noastre.<span class=\"Apple-converted-space\">\u00a0<\/span><br \/>\nRomfilatelia introduce \u00een circula\u0163ie emisiunea de m\u0103rci po\u015ftale C\u00e2ini inteligen\u0163i pentru a aduce \u00een prim plan rela\u0163ia cu cel mai bun prieten al omului \u015fi a marca 65 de ani de la \u00eenfiin\u0163area Centrului Chinologic Dr. Aurel Greblea din Sibiu. Centrul Chinologic Sibiu a fost fondat \u00een anul 1950 \u015fi este parte integrant\u0103 a re\u0163elei de \u00eenv\u0103\u0163\u0103m\u00e2nt din cadrul Ministerului Administra\u0163iei \u015fi Internelor, dedicat\u0103 \u00eemplinirii \u00eentregului poten\u0163ial al rela\u0163iei dintre om \u015fi prietenul s\u0103u patruped. Cele patru rase canine ilustrate pe timbre sunt \u00een prezent utilizate \u00een rolul de c\u00e2ini de paz\u0103 \u015fi protec\u0163ie, pentru prelucrarea urmelor de miros, depistarea substan\u0163elor explozive sau ilegale \u015fi pentru ajutorarea echipelor de Salvamont.<span class=\"Apple-converted-space\">\u00a0<\/span><br \/>\nLa \u00eenceputul Primului R\u0103zboi Mondial, Ciob\u0103nescul german, ilustrat pe timbrul cu valoarea nominal\u0103 de 2,40 lei era deja popular \u00een toat\u0103 Germania. De atunci, rasa s-a dezvoltat continuu, ajung\u00e2nd ast\u0103zi s\u0103 fie folosit\u0103 pentru majoritatea categoriilor de serviciu. Acest fapt a contribuit mult la consolidarea prestigiului s\u0103u.<span class=\"Apple-converted-space\">\u00a0<\/span><br \/>\nEl \u00eentrune\u015fte toate calit\u0103\u0163ile necesare unui c\u00e2ine de serviciu, utilitar sau de companie. Echilibrat psihic, caracterizat printr-o mobilitate crescut\u0103, este pretabil oric\u0103rei specializ\u0103ri \u00een dresaj, de la atac-ap\u0103rare la cea de detectare stupefiante, substan\u0163e explozive, persoane prinse sub d\u0103r\u00e2m\u0103turi, c\u0103utare infractori, \u00eenso\u0163ire persoane cu handicap. Nervii de o\u0163el, aten\u0163ia, franche\u0163ea, obedien\u0163a, vigilen\u0163a, mobilitatea, fidelitatea incoruptibil\u0103, curajul \u015fi combativitatea sunt atributele dominante ale unui adev\u0103rat Ciob\u0103nesc german.<span class=\"Apple-converted-space\">\u00a0<\/span><br \/>\nConsiderat c\u0103 ar descinde fie din c\u00e2inii de turm\u0103 din Europa Central\u0103, fie din \u00eencruci\u015farea c\u00e2inilor locali cu Deerhoundul englez, Ciob\u0103nescul belgian a fost standardizat la sf\u00e2r\u015fitul secolului XIX, c\u00e2nd s-a reu\u015fit fixarea unui model tip, fiind recunoscut\u0103 o singur\u0103 ras\u0103 cu patru variet\u0103\u0163i: Groenendael, Laekenois, Malinois \u015fi Tervueren. Din cele patru, tipul Ciob\u0103nesc belgian Malinois, ilustrat pe timbrul cu valoarea nominal\u0103 de 5,00 lei corespunde cel mai bine cerin\u0163elor \u00een ceea ce prive\u015fte un bun c\u00e2ine de protec\u0163ie sau de asisten\u0163\u0103, fiind cunoscut de mult\u0103 vreme ca un c\u00e2ine de atac \u015fi ap\u0103rare de talie mare, dar suplu \u015fi agil. Fiind un c\u00e2ine plin de resurse, este folosit \u00een ultimul timp cu foarte bune rezultate de multe dintre poli\u0163iile \u015fi jandarmeriile europene pentru majoritatea categoriilor de serviciu specifice.<span class=\"Apple-converted-space\">\u00a0<\/span><br \/>\nLabradorul retriever, ilustrat pe timbrul cu valoarea nominal\u0103 de 8,10 lei, este unul dintre c\u00e2inii cei mai populari din lume \u015fi \u00ee\u015fi are originea \u00een Insula Terra Nova din Canada, de unde pescarii au adus c\u00e2teva exemplare \u00een Anglia la \u00eenceputul secolului XIX (1820-1830), anumi\u0163i aristocra\u0163i hot\u0103r\u00e2nd apoi s\u0103 creasc\u0103 aceast\u0103 ras\u0103 \u00een scopul cre\u0103rii unui c\u00e2ine de aret.<span class=\"Apple-converted-space\">\u00a0<\/span><br \/>\nS-a remarcat, \u00een primul r\u00e2nd, datorit\u0103 mirosului extrem de dezvoltat \u015fi pentru faptul c\u0103 se sim\u0163ea foarte bine \u00een ap\u0103, calit\u0103\u0163i care l-au propulsat \u00een v\u00e2rful categoriei de c\u00e2ini de v\u00e2n\u0103toare de aport. S-a dovedit \u00eens\u0103 a satisface \u015fi exigen\u0163ele impuse de activitatea pentru detectarea materialelor explozive \u015fi antidrog, \u00een ultimul timp, fiind c\u00e2inele preferat pentru aceste specialit\u0103\u0163i, dar este cunoscut \u015fi ca un excelent c\u00e2ine pentru \u00eenso\u0163irea \u015fi conducerea nev\u0103z\u0103torilor.<span class=\"Apple-converted-space\">\u00a0<\/span><br \/>\nFiind una din cele mai r\u0103sp\u00e2ndite \u015fi apreciate rase din lume, Rottweilerul, ilustrat pe timbrul cu valoarea nominal\u0103 de 9,10 lei, este considerat printre cei mai buni c\u00e2ini de protec\u0163ie.<span class=\"Apple-converted-space\">\u00a0<\/span><br \/>\nRasa \u00ee\u015fi are r\u0103d\u0103cinile \u00een antichitate, provenind din c\u00e2inii de lupt\u0103 \u015fi cei folosi\u0163i la paza turmelor ce \u00eenso\u0163eau armatele romane. Rasa apare apoi \u00een Germania, unde \u00ee\u015fi stabile\u015fte re\u015fedin\u0163a \u00een or\u0103\u015felul Rottweil, aici fiind recunoscut\u0103 ca foarte bun\u0103 \u00een conducerea vitelor \u00een Alpi, principala ei sarcin\u0103 p\u00e2n\u0103 la \u00eenceputul secolului trecut. Este un c\u00e2ine care degaj\u0103 for\u0163\u0103 la simpla apari\u0163ie, este curajos, cu o personalitate puternic\u0103, agresiv c\u00e2nd este provocat, decis, u\u015for de dresat, cu o fidelitate crescut\u0103 fa\u0163\u0103 de st\u0103p\u00e2n, el nefiind \u00eens\u0103 un c\u00e2ine temperamental.<span class=\"Apple-converted-space\">\u00a0<\/span><\/p>\n<p>Romfilatelia mul\u0163ume\u015fte Centrului Chinologic Dr. Aurel Greblea din Sibiu pentru sprijinul documentar acordat \u00een realizarea acestei emisiuni de m\u0103rci po\u015ftale.<span class=\"Apple-converted-space\">\u00a0<\/span><\/p>\n<p>Data de aparitie: 2015-11-19<br \/>\n<a href=\"https:\/\/romfilatelia.ro\/magazin\/wp-content\/uploads\/2016\/03\/Caini_Intel_box.jpg\" rel=\"attachment wp-att-2010552\"><img decoding=\"async\" loading=\"lazy\" class=\"aligncenter wp-image-2010552 size-full\" src=\"https:\/\/romfilatelia.ro\/magazin\/wp-content\/uploads\/2016\/03\/Caini_Intel_box.jpg\" alt=\"Caini_Intel_box\" width=\"750\" height=\"400\" srcset=\"https:\/\/romfilatelia.ro\/magazin\/wp-content\/uploads\/2016\/03\/Caini_Intel_box.jpg 750w, https:\/\/romfilatelia.ro\/magazin\/wp-content\/uploads\/2016\/03\/Caini_Intel_box-500x267.jpg 500w, https:\/\/romfilatelia.ro\/magazin\/wp-content\/uploads\/2016\/03\/Caini_Intel_box-64x34.jpg 64w, https:\/\/romfilatelia.ro\/magazin\/wp-content\/uploads\/2016\/03\/Caini_Intel_box-300x160.jpg 300w\" sizes=\"(max-width: 750px) 100vw, 750px\" \/><\/a><\/p>\n","protected":false},"excerpt":{"rendered":"<p>CANIS SEMPER FIDELIS\u00a0 Mul\u0163i consider\u0103 c\u00e2inele drept cel mai bun prieten al omului \u015fi cu siguran\u0163\u0103 rela\u0163ia unic\u0103 pe care o avem cu aceste animale merit\u0103 un statut aparte.\u00a0 Originile c\u00e2inilor \u015fi transformarea lor miraculoas\u0103 de la lup la c\u00e2ine sunt dou\u0103 subiecte ce au fost studiate cu interes de oamenii de \u015ftiin\u0163\u0103. Noi date&hellip;&nbsp;<a href=\"https:\/\/romfilatelia.ro\/magazin\/produs\/colectii-anuale\/2015\/caini-inteligenti\/\" class=\"\" rel=\"bookmark\">Cite\u0219te mai mult &raquo;<span class=\"screen-reader-text\">C\u00e2ini inteligen\u0163i<\/span><\/a><\/p>\n","protected":false},"featured_media":2010549,"template":"","meta":{"neve_meta_sidebar":"","neve_meta_container":"","neve_meta_enable_content_width":"","neve_meta_content_width":0,"neve_meta_title_alignment":"","neve_meta_author_avatar":"","neve_post_elements_order":"","neve_meta_disable_header":"","neve_meta_disable_footer":"","neve_meta_disable_title":""},"product_cat":[103,6],"product_tag":[],"_links":{"self":[{"href":"https:\/\/romfilatelia.ro\/magazin\/wp-json\/wp\/v2\/product\/2010548"}],"collection":[{"href":"https:\/\/romfilatelia.ro\/magazin\/wp-json\/wp\/v2\/product"}],"about":[{"href":"https:\/\/romfilatelia.ro\/magazin\/wp-json\/wp\/v2\/types\/product"}],"wp:featuredmedia":[{"embeddable":true,"href":"https:\/\/romfilatelia.ro\/magazin\/wp-json\/wp\/v2\/media\/2010549"}],"wp:attachment":[{"href":"https:\/\/romfilatelia.ro\/magazin\/wp-json\/wp\/v2\/media?parent=2010548"}],"wp:term":[{"taxonomy":"product_cat","embeddable":true,"href":"https:\/\/romfilatelia.ro\/magazin\/wp-json\/wp\/v2\/product_cat?post=2010548"},{"taxonomy":"product_tag","embeddable":true,"href":"https:\/\/romfilatelia.ro\/magazin\/wp-json\/wp\/v2\/product_tag?post=2010548"}],"curies":[{"name":"wp","href":"https:\/\/api.w.org\/{rel}","templated":true}]}}