{"id":2008025,"date":"2015-07-14T12:17:31","date_gmt":"2015-07-14T10:17:31","guid":{"rendered":"http:\/\/romfilatelia.ro\/?p=2008025"},"modified":"2021-02-10T17:19:15","modified_gmt":"2021-02-10T15:19:15","slug":"ziua-marcii-postale-romanesti-130-de-ani-de-la-recunoasterea-autocefaliei-bisericii-ortodoxe-romanea","status":"publish","type":"product","link":"https:\/\/romfilatelia.ro\/magazin\/produs\/colectii-anuale\/2015\/ziua-marcii-postale-romanesti-130-de-ani-de-la-recunoasterea-autocefaliei-bisericii-ortodoxe-romanea\/","title":{"rendered":"Ziua M\u0103rcii Po\u015ftale Rom\u00e2ne\u015fti 130 de ani de la Recunoa\u015fterea Autocefaliei Bisericii Ortodoxe Rom\u00e2ne"},"content":{"rendered":"<p><a href=\"https:\/\/romfilatelia.ro\/magazin\/wp-content\/uploads\/2015\/10\/ZMPR_130_BOR_M.jpg\"><img decoding=\"async\" loading=\"lazy\" class=\"alignleft wp-image-2008027 size-medium\" src=\"https:\/\/romfilatelia.ro\/magazin\/wp-content\/uploads\/2015\/10\/ZMPR_130_BOR_M-300x188.jpg\" alt=\"ZMPR_130_BOR_M\" width=\"300\" height=\"188\" srcset=\"https:\/\/romfilatelia.ro\/magazin\/wp-content\/uploads\/2015\/10\/ZMPR_130_BOR_M-300x188.jpg 300w, https:\/\/romfilatelia.ro\/magazin\/wp-content\/uploads\/2015\/10\/ZMPR_130_BOR_M-500x313.jpg 500w, https:\/\/romfilatelia.ro\/magazin\/wp-content\/uploads\/2015\/10\/ZMPR_130_BOR_M-64x40.jpg 64w, https:\/\/romfilatelia.ro\/magazin\/wp-content\/uploads\/2015\/10\/ZMPR_130_BOR_M.jpg 600w\" sizes=\"(max-width: 300px) 100vw, 300px\" \/><\/a>A doua jum\u0103tate a secolului al XIX-lea a constituit pentru \u0163ara noastr\u0103 perioada adapt\u0103rii la normele modernismului european \u00een toate domeniile, \u00eencep\u00e2nd de la reforma administrativ\u0103, la cea economico-politic\u0103 \u015fi cultural\u0103, dar \u015fi religioas\u0103.<br \/>\nReformele \u00eencepute de domnitorul Alexandru Ioan Cuza \u015fi continuate de Regele Carol I au f\u0103cut ca, la cump\u0103na secolelor XIX \u015fi XX, Regatul Rom\u00e2niei s\u0103 devin\u0103 un stat modern, bazat pe principii europene.<br \/>\nUnirea \u0162\u0103rii Rom\u00e2ne\u015fti cu Moldova \u00een data de 24 ianuarie 1859, proclamarea Independen\u0163ei de stat la 9 mai 1877 \u015fi proclamarea Regatului Rom\u00e2niei \u00een 1881 au constituit premizele pentru recunoa\u015fterea autocefaliei Bisericii Ortodoxe apar\u0163in\u00e2nd t\u00e2n\u0103rului stat rom\u00e2n.<br \/>\nPa\u015fi importan\u0163i pentru aceasta au fost f\u0103cu\u0163i \u00een 1864, prin Decretul organic pentru \u00eenfiin\u0163area unei autorit\u0103\u0163i sinodale centrale, \u00een 1866, prin adoptarea Constitu\u0163iei \u015fi elaborarea \u00een 1872 a Legii organice pentru alegerea mitropoli\u0163ilor \u015fi a episcopilor eparhio\u0163i, precum \u015fi a constituirii Sf\u00e2ntului Sinod al Bisericii Autocefale Ortodoxe Rom\u00e2ne.<br \/>\nSolicitat\u0103 \u00een repetate r\u00e2nduri, primirea autocefaliei s-a realizat \u00een ziua de 25 aprilie 1885 prin emiterea, la Constantinopol, a Tomosului sinodal de recunoa\u015ftere a autocefaliei Bisericii Ortodoxe Rom\u00e2ne, semnat de Patriarhul Ecumenic Ioachim al IV-lea (1884-1886) \u00eempreun\u0103 cu ceilal\u0163i mitropoli\u0163i.<br \/>\nPrin dob\u00e2ndirea acestui statut, Biserica Ortodox\u0103 Rom\u00e2n\u0103 ob\u0163inea \u00een \u00eentregime dreptul la autoconducere, independen\u0163\u0103 administrativ-jurisdic\u0163ional\u0103 fa\u0163\u0103 de oricare alte Biserici Ortodoxe autocefale, r\u0103m\u00e2n\u00e2nd egal\u0103 \u00een drepturi \u015fi \u00een interdependen\u0163\u0103 din punct de vedere dogmatic, canonic \u015fi liturgic.<br \/>\nDup\u0103 Primul R\u0103zboi Mondial, Rom\u00e2nia \u015fi-a recuperat provinciile sale istorice (Basarabia, Bucovina \u015fi Transilvania) aflate p\u00e2n\u0103 atunci sub st\u0103p\u00e2niri str\u0103ine, form\u00e2nd astfel Rom\u00e2nia Mare (1 Decembrie 1918). \u00cen mod spontan \u015fi firesc, ortodoc\u015fii rom\u00e2ni din respectivele provincii s-au unit cu Biserica Ortodox\u0103 Rom\u00e2n\u0103, reu\u015findu-se pentru prima oar\u0103 \u00een istorie unificarea Ortodoxiei rom\u00e2ne\u015fti. Prin acest proces de unificare, prestigiul Bisericii Ortodoxe Rom\u00e2ne a crescut foarte mult \u00een s\u00e2nul Ortodoxiei \u015fi \u00een rela\u0163iile ei cu celelalte Biserici cre\u015ftine din lume.<br \/>\nCa o consecin\u0163\u0103 fireasc\u0103 a acestei evolu\u0163ii a ap\u0103rut \u015fi ideea ridic\u0103rii Bisericii Ortodoxe Rom\u00e2ne la rang de Patriarhie, ce a g\u0103sit imediat o larg\u0103 sus\u0163inere \u00een \u00eentreaga societate rom\u00e2neasc\u0103. Astfel, \u00een 7 decembrie 1924, Nicolae Iorga publica un articol intitulat \u0084Necesitatea \u00eenfiin\u0163\u0103rii patriarhatului\u0093 \u00een care argumenta istoric dreptul Bisericii noastre de a fi \u00een\u0103l\u0163at\u0103 la rang de Patriarhie. Pentru a da glas acestei ini\u0163iative, \u00een ultimele zile ale anului 1924, mitropolitul Moldovei \u015fi Sucevei, Pimen Georgescu (1909-1934), a f\u0103cut oficial propunerea ca \u0084Mitropolia Ungro-Vlahiei (Munteniei) cu scaunul Mitropolitan din Bucure\u015fti, s\u0103 fie ridicat\u0103 la rangul de Patriarhie; iar mitropolitul Ungro-Vlahiei ca primat al Rom\u00e2niei, care de drept e \u015fi pre\u015fedinte al Sf\u00e2ntului nostru Sinod, s\u0103 poarte titlul de Patriarh al Bisericii Ortodoxe Na\u0163ionale Rom\u00e2ne cu re\u015fedin\u0163a la Bucure\u015fti\u0094. Al\u0103turi de mitropolitul Pimen, aceast\u0103 propunere a mai fost semnat\u0103 \u015fi de: Nectarie, mitropolitul Bucovinei, Gurie, arhiepiscopul Basarabiei, Lucian, episcopul Romanului, Roman, episcopul Oradiei Mari, Nicolae, episcopul Clujului, \u015fi Ilarie, episcopul Constan\u0163ei.<br \/>\nAceast\u0103 propunere a fost \u00eenaintat\u0103 Sf\u00e2ntului Sinod al Bisericii Ortodoxe Rom\u00e2ne pentru a fi analizat\u0103 \u00een cadrul sesiunii sale de toamn\u0103 din anul 1924. Prorogat\u0103 pentru data de 4 decembrie 1924, aceast\u0103 sesiune \u015fi-a reluat lucr\u0103rile abia la 4 februarie 1925. La aceast\u0103 \u015fedin\u0163\u0103 istoric\u0103 a Sf\u00e2ntului Sinod a fost invitat \u015fi Ministrul Cultelor, Alexandru Lep\u0103datu, care, \u00een numele Guvernului Rom\u00e2niei, a dat citire unui memorabil expozeu. Dup\u0103 aceast\u0103 adev\u0103rat\u0103 pledoarie a ministrului cultelor, episcopul Vartolomeu St\u0103nescu al R\u00e2mnicului (1921-1938) a dat citire Actului de \u00eenfiin\u0163are a Patriarhatului rom\u00e2nesc, ce sintetiza toate elementele necesare ridic\u0103rii Bisericii Ortodoxe Rom\u00e2ne la rang de Patriarhie. La sf\u00e2r\u015fitul acestei \u015fedin\u0163e din ziua de 4 februarie 1925, ca urmare a expunerilor de motive \u015fi a dezbaterilor din plen, Sf\u00e2ntul Sinod \u0084\u00een unanimitate \u015fi cu \u00eensufle\u0163ire\u0094 a hot\u0103r\u00e2t \u00eenfiin\u0163area Patriarhiei Rom\u00e2ne. \u00cen aceea\u015fi hot\u0103r\u00e2re se preciza \u015fi faptul c\u0103 \u00cenalt preasfin\u0163itul P\u0103rinte Arhiepiscop \u015fi Mitropolit al Ungro-Vlahiei, Miron Cristea (1918-1939), era ridicat la rangul de Patriarh al Bisericii Ortodoxe Rom\u00e2ne.<br \/>\nDup\u0103 adoptarea acestei istorice hot\u0103r\u00e2ri, primul patriarh al Bisericii Ortodoxe Rom\u00e2ne, Miron Cristea, a \u0163inut un discurs \u00een care, dup\u0103 ce a afirmat c\u0103 \u0084factorul bisericesc legal \u015fi competent a ridicat Biserica noastr\u0103 la rangul de Patriarhat\u0093, a \u00eencercat s\u0103 traseze un succint program de lucru ce cuprindea patru puncte. Primul era acela \u0084de a trimite c\u00e2t mai mul\u0163i tineri teologi la studii \u00een toate centrele mari de cultur\u0103 apusene \u015fi r\u0103s\u0103ritene\u0094 pentru a contribui la ridicarea prestigiului Bisericii noastre. Cel de-al doilea f\u0103cea referire la \u00eenv\u0103\u0163\u0103m\u00e2ntul teologic superior rom\u00e2nesc, \u00een special la Facultatea de Teologie Ortodox\u0103 din Bucure\u015fti, ce trebuia reorganizat\u0103 pentru a putea deveni \u0084un Institut de temeinic\u0103 cultur\u0103 teologic\u0103 ortodox\u0103, nu numai pentru trebuin\u0163ele noastre proprii, ci s\u0103 atrag\u0103 tineret din toat\u0103 Ortodoxia\u0094. Al treilea punct din program f\u0103cea referire la \u00eenfiin\u0163area unei Academii de muzic\u0103 bisericeasc\u0103. Ultimul punct din program sublinia necesitatea construirii \u0084unei m\u0103re\u0163e catedrale a m\u00e2ntuirii neamului, ca semn exterior al Patriarhatului\u0094.<br \/>\nIdeea construirii unei noi catedrale \u00een Bucure\u015fti, care s\u0103 reprezinte, deopotriv\u0103, un simbol pentru Capitala \u0163\u0103rii \u015fi pentru Biserica majorit\u0103\u0163ii cov\u00e2r\u015fitoare a rom\u00e2nilor, nu era o noutate, deoarece ideea fusese lansat\u0103 dup\u0103 cucerirea independen\u0163ei de stat a \u0163\u0103rii, \u00een 1878, \u015fi reluat\u0103 dup\u0103 dob\u00e2ndirea autocefaliei Bisericii Ortodoxe Rom\u00e2ne, \u00een 1885, \u015fi cu mai mult\u0103 insisten\u0163\u0103 dup\u0103 Marea Unire din 1918, de primul patriarh Miron Cristea.<br \/>\nAni de-a r\u00e2ndul, problemele demar\u0103rii construirii catedralei au fost condi\u0163ionate nemijlocit de locul amplas\u0103rii, precum \u015fi de costurile foarte mari aferente realiz\u0103rii edificiului.<br \/>\nDup\u0103 \u00eencheierea Primului R\u0103zboi Mondial \u015fi re\u00eentregirea \u0163\u0103rii din 1918, s-au reluat discu\u0163iile privitoare la amplasarea \u015fi construc\u0163ia viitoarei catedrale. Variantele \u015fi solu\u0163iile discutate n-au avut nicio finalitate, datorit\u0103 crizei economice de la sf\u00e2r\u015fitul deceniului trei al secolului XX, declan\u015f\u0103rii celui de-al Doilea R\u0103zboi Mondial \u015fi ai celor 45 de ani de comunism.<br \/>\nAstfel, Biserica Ortodox\u0103 Rom\u00e2n\u0103, de\u015fi recunoscut\u0103 ca autocefal\u0103 din anul 1885 \u015fi ridicat\u0103 la rangul de Patriarhie \u00een anul 1925, nu are nici p\u00e2n\u0103 ast\u0103zi o catedral\u0103 patriarhal\u0103, cum au toate celelalte Biserici Ortodoxe surori, ca simbol al unit\u0103\u0163ii \u015fi autorit\u0103\u0163ii sale biserice\u015fti, dar \u015fi ca expresie a prestigiului de care ea se bucur\u0103 \u00een Ortodoxie \u015fi \u00een lumea cre\u015ftin\u0103.<br \/>\nCa urmare a analiz\u0103rii mai multor variante de amplasament, s-a decis, \u00een anul 2011, \u00eenceperea lucr\u0103rilor la construc\u0163ia Catedralei M\u00e2ntuirii Neamului, pe terenul aflat pe dealul Arsenalului din Bucure\u015fti, unul din locurile propuse \u00eenc\u0103 de la sf\u00e2r\u015fitul secolului al XIX-lea.<br \/>\nConceptul noului ansamblu al Catedralei M\u00e2ntuirii Neamului are o dubl\u0103 semnifica\u0163ie: prima se refer\u0103 la conformarea \u00een plan a ansamblului, reprezent\u00e2nd caracterul liturgic-misionar, iar cea de-a doua este dat\u0103 f\u0103r\u0103 \u00eendoial\u0103 de componenta dominant\u0103 a \u00eentregului: o catedral\u0103 a Neamului Rom\u00e2nesc.<br \/>\nCatedrala M\u00e2ntuirii Neamului se va \u00eentinde pe 38.000 de m2, va avea 120 m lungime, 70 m l\u0103\u0163ime \u015fi 120 m \u00een\u0103l\u0163ime, iar \u00een interior, vor putea asista \u00een cadrul slujbelor aproximativ 5000 de credincio\u015fi.<br \/>\nCatedrala M\u00e2ntuirii Neamului va avea dou\u0103 hramuri: \u0084\u00cen\u0103l\u0163area Domnului\u0094 (Ziua Eroilor) \u015fi \u0084Sf\u00e2ntul Apostol Andrei\u0094 (Ocrotitorul Rom\u00e2niei).<br \/>\nOdat\u0103 cu \u00een\u0103l\u0163area acestui monument, simbol al Ortodoxiei din Rom\u00e2nia, visul de peste un veac al rom\u00e2nilor, de a avea o mare Catedral\u0103 \u00eenchinat\u0103 celor ce \u015fi-au dat via\u0163a pentru acest neam \u015fi celui care a cre\u015ftinat poporul rom\u00e2n \u00een urm\u0103 cu dou\u0103 mii de ani, va fi dus la \u00eendeplinire.<br \/>\nPreafericitul P\u0103rinte Patriarh Daniel subliniaz\u0103 scopul \u015fi mesajul, din punct de vedere spiritual, al unui l\u0103ca\u015f de cult, preciz\u00e2nd c\u0103: ,,\u00een termeni teologici, o numim mistagogia spa\u0163iului sacru, ce se transmite ca tain\u0103, ca mister al credin\u0163ei edificiului. At\u00e2t arhitectura, c\u00e2t \u015fi pictura bisericilor ortodoxe sunt cuv\u00e2nt zidit \u00een simbol, iar simbolul este un cuv\u00e2nt permanent, o transmitere permanent\u0103 a mesajului Evangheliei. De aceea, noi dorim s\u0103 nu fie construit ceva f\u0103r\u0103 semnifica\u0163ie simbolic\u0103. Noi nu opunem spiritul \u015fi materia, ci facem din materie o epifanie a spiritului\u0094.<br \/>\n\u00cen fiecare an, pe 15 iulie se aniverseaz\u0103 Ziua M\u0103rcii Po\u015ftale Rom\u00e2ne\u015fti, ocazie cu care, anul acesta, Romfilatelia abordeaz\u0103 tematica 130 de ani de la Recunoa\u015fterea Autocefaliei Bisericii Ortodoxe Rom\u00e2ne.<br \/>\nTimbrul \u015fi coli\u0163a dantelat\u0103 ale emisiunii reproduc imaginile proiectului Catedralei M\u00e2ntuirii Neamului, Tomosul de recunoa\u015ftere a Autocefaliei Bisericii Ortodoxe Rom\u00e2ne (1885), al\u0103turi de elemente de identitate \u015fi simbolistic\u0103 tematic\u0103 (emblema Patriarhiei Rom\u00e2ne, Crucea Patriarhal\u0103).<\/p>\n<p>Aducem mul\u0163umirile noastre Preafericirii Sale P\u0103rintele Daniel, Patriarhul Bisericii Ortodoxe Rom\u00e2ne \u015fi Patriarhiei Rom\u00e2ne pentru sprijinul acordat la realizarea acestei emisiuni de m\u0103rci po\u015ftale.<\/p>\n<p>Data de aparitie: 2015-07-14<\/p>\n<p><a href=\"https:\/\/romfilatelia.ro\/magazin\/wp-content\/uploads\/2015\/10\/ZMPR_130_BOR_box.jpg\"><img decoding=\"async\" loading=\"lazy\" class=\"aligncenter wp-image-2008026 size-full\" src=\"https:\/\/romfilatelia.ro\/magazin\/wp-content\/uploads\/2015\/10\/ZMPR_130_BOR_box.jpg\" alt=\"ZMPR_130_BOR_box\" width=\"750\" height=\"726\" srcset=\"https:\/\/romfilatelia.ro\/magazin\/wp-content\/uploads\/2015\/10\/ZMPR_130_BOR_box.jpg 750w, https:\/\/romfilatelia.ro\/magazin\/wp-content\/uploads\/2015\/10\/ZMPR_130_BOR_box-500x484.jpg 500w, https:\/\/romfilatelia.ro\/magazin\/wp-content\/uploads\/2015\/10\/ZMPR_130_BOR_box-64x62.jpg 64w, https:\/\/romfilatelia.ro\/magazin\/wp-content\/uploads\/2015\/10\/ZMPR_130_BOR_box-300x290.jpg 300w\" sizes=\"(max-width: 750px) 100vw, 750px\" \/><\/a><\/p>\n","protected":false},"excerpt":{"rendered":"<p>A doua jum\u0103tate a secolului al XIX-lea a constituit pentru \u0163ara noastr\u0103 perioada adapt\u0103rii la normele modernismului european \u00een toate domeniile, \u00eencep\u00e2nd de la reforma administrativ\u0103, la cea economico-politic\u0103 \u015fi cultural\u0103, dar \u015fi religioas\u0103. Reformele \u00eencepute de domnitorul Alexandru Ioan Cuza \u015fi continuate de Regele Carol I au f\u0103cut ca, la cump\u0103na secolelor XIX \u015fi&hellip;&nbsp;<a href=\"https:\/\/romfilatelia.ro\/magazin\/produs\/colectii-anuale\/2015\/ziua-marcii-postale-romanesti-130-de-ani-de-la-recunoasterea-autocefaliei-bisericii-ortodoxe-romanea\/\" class=\"\" rel=\"bookmark\">Cite\u0219te mai mult &raquo;<span class=\"screen-reader-text\">Ziua M\u0103rcii Po\u015ftale Rom\u00e2ne\u015fti 130 de ani de la Recunoa\u015fterea Autocefaliei Bisericii Ortodoxe Rom\u00e2ne<\/span><\/a><\/p>\n","protected":false},"featured_media":2008027,"template":"","meta":{"neve_meta_sidebar":"","neve_meta_container":"","neve_meta_enable_content_width":"","neve_meta_content_width":0,"neve_meta_title_alignment":"","neve_meta_author_avatar":"","neve_post_elements_order":"","neve_meta_disable_header":"","neve_meta_disable_footer":"","neve_meta_disable_title":""},"product_cat":[103,6],"product_tag":[],"_links":{"self":[{"href":"https:\/\/romfilatelia.ro\/magazin\/wp-json\/wp\/v2\/product\/2008025"}],"collection":[{"href":"https:\/\/romfilatelia.ro\/magazin\/wp-json\/wp\/v2\/product"}],"about":[{"href":"https:\/\/romfilatelia.ro\/magazin\/wp-json\/wp\/v2\/types\/product"}],"wp:featuredmedia":[{"embeddable":true,"href":"https:\/\/romfilatelia.ro\/magazin\/wp-json\/wp\/v2\/media\/2008027"}],"wp:attachment":[{"href":"https:\/\/romfilatelia.ro\/magazin\/wp-json\/wp\/v2\/media?parent=2008025"}],"wp:term":[{"taxonomy":"product_cat","embeddable":true,"href":"https:\/\/romfilatelia.ro\/magazin\/wp-json\/wp\/v2\/product_cat?post=2008025"},{"taxonomy":"product_tag","embeddable":true,"href":"https:\/\/romfilatelia.ro\/magazin\/wp-json\/wp\/v2\/product_tag?post=2008025"}],"curies":[{"name":"wp","href":"https:\/\/api.w.org\/{rel}","templated":true}]}}