{"id":2007825,"date":"2015-03-23T12:07:03","date_gmt":"2015-03-23T12:07:03","guid":{"rendered":"http:\/\/romfilatelia.ro\/?p=2007825"},"modified":"2016-07-28T12:10:38","modified_gmt":"2016-07-28T12:10:38","slug":"intelligence-in-slujba-democratiei-25-de-ani-serviciul-roman-de-informatii","status":"publish","type":"product","link":"https:\/\/romfilatelia.ro\/magazin\/produs\/colectii-anuale\/2015\/intelligence-in-slujba-democratiei-25-de-ani-serviciul-roman-de-informatii\/","title":{"rendered":"INTELLIGENCE \u00ceN SLUJBA DEMOCRA\u0162IEI &#8211; 25 de ani, Serviciul Rom\u00e2n de Informa\u0163ii"},"content":{"rendered":"<p><a href=\"https:\/\/romfilatelia.ro\/magazin\/wp-content\/uploads\/2015\/10\/SRI_25ani_M.jpg\"><img decoding=\"async\" loading=\"lazy\" class=\"size-medium wp-image-2007854 alignleft\" src=\"https:\/\/romfilatelia.ro\/magazin\/wp-content\/uploads\/2015\/10\/SRI_25ani_M-275x300.jpg\" alt=\"SRI_25ani_M\" width=\"275\" height=\"300\" srcset=\"https:\/\/romfilatelia.ro\/magazin\/wp-content\/uploads\/2015\/10\/SRI_25ani_M-275x300.jpg 275w, https:\/\/romfilatelia.ro\/magazin\/wp-content\/uploads\/2015\/10\/SRI_25ani_M-500x546.jpg 500w, https:\/\/romfilatelia.ro\/magazin\/wp-content\/uploads\/2015\/10\/SRI_25ani_M-64x70.jpg 64w, https:\/\/romfilatelia.ro\/magazin\/wp-content\/uploads\/2015\/10\/SRI_25ani_M.jpg 549w\" sizes=\"(max-width: 275px) 100vw, 275px\" \/><\/a>\u00cen urm\u0103 cu 25 de ani lua fiin\u0163\u0103 Serviciul Rom\u00e2n de Informa\u0163ii, o institu\u0163ie a c\u0103rei principal\u0103 menire era ap\u0103rarea valorilor na\u0163ionale c\u00e2\u015ftigate \u00een evenimentele s\u00e2ngeroase din decembrie 1989 \u015fi a statului de drept. Cu ocazia s\u0103rb\u0103toririi unui sfert de secol de activitate a institu\u0163iei, Romfilatelia introduce \u00een circula\u0163ie emisiunea INTELLIGENCE \u00ceN SLUJBA DEMOCRA\u0162IEI: 25 de ani, Serviciul Rom\u00e2n de Informa\u0163ii, alc\u0103tuit\u0103 dintr-un timbru \u015fi o coli\u0163\u0103.<br \/>\nLa 26 martie 1990, C.P.U.N. emite decretul care consfin\u0163e\u015fte faptul c\u0103 \u00eentreaga clas\u0103 politic\u0103 rom\u00e2neasc\u0103 sus\u0163ine reconstruc\u0163ia, prin intermediul SRI, a celei mai importante linii de ap\u0103rare a securit\u0103\u0163ii na\u0163iunii.<br \/>\nMisiunile Serviciului Rom\u00e2n de Informa\u0163ii urmau s\u0103 fie \u00eendreptate c\u0103tre obiectivul primordial de asigurare a securit\u0103\u0163ii na\u0163ionale, prin protejarea valorilor democratice \u015fi promovarea intereselor na\u0163ionale ale Rom\u00e2niei, prezervarea respect\u0103rii drepturilor \u015fi libert\u0103\u0163ilor cet\u0103\u0163enilor \u015fi ap\u0103rarea statului de drept.<br \/>\n\u00cen atribu\u0163iile Serviciului se reg\u0103sesc culegerea de informa\u0163ii privind ap\u0103rarea Constitu\u0163iei, securit\u0103\u0163ii economice \u015fi sociale, de contracarare a posibilelor ac\u0163iuni de spionaj ale serviciilor str\u0103ine, prevenirea \u015fi combaterea ac\u0163iunilor teroriste.<br \/>\nTimbrul emisiunii cu valoarea nominal\u0103 de 8,10 lei ilustreaz\u0103 logo-ul Serviciului Rom\u00e2n de Informa\u0163ii, al\u0103turi de titlul emisiunii aniversare, pe un fundal sobru bleumarin, sugestiv pentru ad\u00e2ncul spa\u0163iului cosmic.<br \/>\nImaginea Globului P\u0103m\u00e2ntesc planeaz\u0103 pe acest fundal, descris\u0103 \u00een cod binar, \u00eenconjurat\u0103 de un halou al c\u0103rui spectru luminos sugereaz\u0103 suprapunerea dintre tonurile naturale ale atmosferei terestre v\u0103zute din spa\u0163iu \u015fi un ton \u0084electric\u0094 al monitoarelor ce servesc reprezent\u0103rii virtualului. Harta Rom\u00e2niei este reliefat\u0103 \u00een culoare de contrast, simbolismul transmi\u0163\u00e2nd excelen\u0163a speciali\u015ftilor rom\u00e2ni \u00een domeniul cibernetic. Un element inedit al timbrului devine vizibil doar \u00een lumina ultraviolet\u0103: steaua \u00een opt col\u0163uri \u015fi \u00eensemnul SRI apar centrate pe punctul de orizont din arcul haloului.<br \/>\nTimbrul coli\u0163ei cu valoarea nominal\u0103 de 14,50 lei red\u0103 pe fundal drapelul tricolor al Rom\u00e2niei, peste care este suprapus codul binar al lumii virtuale, din care se distinge, marcat\u0103 \u00een ro\u015fu, secven\u0163a \u008411001\u0094, traducerea \u00een cod a cifrei \u008425\u0094, v\u00e2rsta aniversat\u0103 de Serviciul Rom\u00e2n de Informa\u0163ii.<br \/>\nPrin perforul rotund al timbrului \u015fi prin alc\u0103tuirea grafic\u0103, acesta se constituie \u00eentr-un sigiliu de circula\u0163ie universal\u0103, purt\u00e2nd \u00eensemnele Serviciului Rom\u00e2n de Informa\u0163ii \u015fi anii de existen\u0163\u0103, 1990-2015.<br \/>\nCompozi\u0163ia coli\u0163ei al\u0103tur\u0103 simbolurile puternice ale spiritului rom\u00e2nesc, Sfinxul din Bucegi \u015fi un fragment din poarta sculptat\u0103 din Maramure\u015f, al\u0103turi de un desen care reune\u015fte elemente geometrice repetate, suger\u00e2nd un simbol care \u00eembin\u0103 armonios aspira\u0163ia, continuitatea \u015fi tr\u0103inicia. Suprafa\u0163a cercului interior al siglei Serviciului Rom\u00e2n de Informa\u0163ii \u015fi \u00eenscrisul Intelligence \u00een slujba democra\u0163iei devin vizibile \u00een spectru luminos UV.<br \/>\nCrezul organiza\u0163ional al SRI se \u00eentemeiaz\u0103 pe valori printre care cele mai importante sunt patriotismul, onoarea \u015fi profesionalismul.<br \/>\nDe altfel, principala valoare, patriotismul, este gravat\u0103 \u015fi pe logo-ul oficial al institu\u0163iei &#8211;Patria a priori.<\/p>\n<p>Romfilatelia mul\u0163ume\u015fte Serviciului Rom\u00e2n de Informa\u0163ii pentru sprijinul documentar acordat \u00een realizarea acestei emisiuni de m\u0103rci po\u015ftale.<\/p>\n<p>Data de aparitie: 2015-03-23<\/p>\n<p><a href=\"https:\/\/romfilatelia.ro\/magazin\/wp-content\/uploads\/2015\/10\/SRI_25ani_box.jpg\"><img decoding=\"async\" loading=\"lazy\" class=\"aligncenter wp-image-2007853 size-full\" src=\"https:\/\/romfilatelia.ro\/magazin\/wp-content\/uploads\/2015\/10\/SRI_25ani_box.jpg\" alt=\"SRI_25ani_box\" width=\"750\" height=\"521\" srcset=\"https:\/\/romfilatelia.ro\/magazin\/wp-content\/uploads\/2015\/10\/SRI_25ani_box.jpg 750w, https:\/\/romfilatelia.ro\/magazin\/wp-content\/uploads\/2015\/10\/SRI_25ani_box-500x347.jpg 500w, https:\/\/romfilatelia.ro\/magazin\/wp-content\/uploads\/2015\/10\/SRI_25ani_box-64x44.jpg 64w, https:\/\/romfilatelia.ro\/magazin\/wp-content\/uploads\/2015\/10\/SRI_25ani_box-300x208.jpg 300w\" sizes=\"(max-width: 750px) 100vw, 750px\" \/><\/a><\/p>\n","protected":false},"excerpt":{"rendered":"<p>\u00cen urm\u0103 cu 25 de ani lua fiin\u0163\u0103 Serviciul Rom\u00e2n de Informa\u0163ii, o institu\u0163ie a c\u0103rei principal\u0103 menire era ap\u0103rarea valorilor na\u0163ionale c\u00e2\u015ftigate \u00een evenimentele s\u00e2ngeroase din decembrie 1989 \u015fi a statului de drept. Cu ocazia s\u0103rb\u0103toririi unui sfert de secol de activitate a institu\u0163iei, Romfilatelia introduce \u00een circula\u0163ie emisiunea INTELLIGENCE \u00ceN SLUJBA DEMOCRA\u0162IEI: 25&hellip;&nbsp;<a href=\"https:\/\/romfilatelia.ro\/magazin\/produs\/colectii-anuale\/2015\/intelligence-in-slujba-democratiei-25-de-ani-serviciul-roman-de-informatii\/\" class=\"\" rel=\"bookmark\">Cite\u0219te mai mult &raquo;<span class=\"screen-reader-text\">INTELLIGENCE \u00ceN SLUJBA DEMOCRA\u0162IEI &#8211; 25 de ani, Serviciul Rom\u00e2n de Informa\u0163ii<\/span><\/a><\/p>\n","protected":false},"featured_media":2007854,"template":"","meta":{"neve_meta_sidebar":"","neve_meta_container":"","neve_meta_enable_content_width":"","neve_meta_content_width":0,"neve_meta_title_alignment":"","neve_meta_author_avatar":"","neve_post_elements_order":"","neve_meta_disable_header":"","neve_meta_disable_footer":"","neve_meta_disable_title":""},"product_cat":[103,6],"product_tag":[],"_links":{"self":[{"href":"https:\/\/romfilatelia.ro\/magazin\/wp-json\/wp\/v2\/product\/2007825"}],"collection":[{"href":"https:\/\/romfilatelia.ro\/magazin\/wp-json\/wp\/v2\/product"}],"about":[{"href":"https:\/\/romfilatelia.ro\/magazin\/wp-json\/wp\/v2\/types\/product"}],"wp:featuredmedia":[{"embeddable":true,"href":"https:\/\/romfilatelia.ro\/magazin\/wp-json\/wp\/v2\/media\/2007854"}],"wp:attachment":[{"href":"https:\/\/romfilatelia.ro\/magazin\/wp-json\/wp\/v2\/media?parent=2007825"}],"wp:term":[{"taxonomy":"product_cat","embeddable":true,"href":"https:\/\/romfilatelia.ro\/magazin\/wp-json\/wp\/v2\/product_cat?post=2007825"},{"taxonomy":"product_tag","embeddable":true,"href":"https:\/\/romfilatelia.ro\/magazin\/wp-json\/wp\/v2\/product_tag?post=2007825"}],"curies":[{"name":"wp","href":"https:\/\/api.w.org\/{rel}","templated":true}]}}