{"id":2005240,"date":"2005-08-22T15:03:27","date_gmt":"2005-08-22T15:03:27","guid":{"rendered":"http:\/\/romfilatelia.ro\/?p=2005240"},"modified":"2021-01-19T20:21:02","modified_gmt":"2021-01-19T18:21:02","slug":"50-de-ani-de-la-primele-emisiuni-de-timbre-europa-1956-2006","status":"publish","type":"product","link":"https:\/\/romfilatelia.ro\/magazin\/produs\/colectii-anuale\/2005\/50-de-ani-de-la-primele-emisiuni-de-timbre-europa-1956-2006\/","title":{"rendered":"50 de ani de la primele emisiuni de timbre EUROPA (1956-2006)"},"content":{"rendered":"<p><a href=\"https:\/\/romfilatelia.ro\/magazin\/wp-content\/uploads\/2015\/10\/BLOCCEPTCOREL.jpg\"><img decoding=\"async\" loading=\"lazy\" class=\"size-medium wp-image-2005246 alignleft\" src=\"https:\/\/romfilatelia.ro\/magazin\/wp-content\/uploads\/2015\/10\/BLOCCEPTCOREL-300x277.jpg\" alt=\"BLOCCEPTCOREL\" width=\"300\" height=\"277\" srcset=\"https:\/\/romfilatelia.ro\/magazin\/wp-content\/uploads\/2015\/10\/BLOCCEPTCOREL-300x277.jpg 300w, https:\/\/romfilatelia.ro\/magazin\/wp-content\/uploads\/2015\/10\/BLOCCEPTCOREL-500x462.jpg 500w, https:\/\/romfilatelia.ro\/magazin\/wp-content\/uploads\/2015\/10\/BLOCCEPTCOREL-64x59.jpg 64w, https:\/\/romfilatelia.ro\/magazin\/wp-content\/uploads\/2015\/10\/BLOCCEPTCOREL.jpg 550w\" sizes=\"(max-width: 300px) 100vw, 300px\" \/><\/a>Romfilatelia, societate specializat\u0103 \u00een emiterea \u015fi comercializarea m\u0103rcilor po\u015ftale rom\u00e2ne\u015fti, pune \u00een circula\u0163ie o emisiune tematic\u0103, cu ocazia \u00eemplinirii a 50 de ani de la primele emisiuni de timbre\u00a0 Europa.<br \/>\nPrintre primele \u0163\u0103ri care au emis un timbru cu tematica Europa se num\u0103r\u0103 Fran\u0163a, Luxemburg, Italia, Germania, Belgia, Olanda.<br \/>\nAv\u00e2nd \u00een vedere c\u0103 anul viitor se vor \u00eemplini\u00a0 50 de ani de c\u00e2nd\u00a0 s-au tip\u0103rit primele m\u0103rci po\u015ftale cu tematica \u0093 Europa\u0094 pentru \u0163\u0103rile b\u0103tr\u00e2nului continent \u015fi 500 de ani de la moartea lui Cristofor Columb, mare navigator al secolului al XV-lea, Romfilatelia prefa\u0163eaz\u0103 acest eveniment \u00een 2005, prin realizarea unei emisiuni de m\u0103rci po\u015ftale\u00a0 care con\u0163in elemente \u00een premier\u0103 pentru Rom\u00e2nia.<br \/>\nCele patru timbre ale emisiunii ilustreaz\u0103 figura renumitului explorator \u015fi descoperitor, reprodus\u0103\u00a0 dup\u0103 portrete de epoc\u0103 diferite, fiind tip\u0103rite at\u00e2t \u00een coli dantelate c\u00e2t \u015fi nedantelate (28 coli \/ coal\u0103) precum \u015fi \u00een bloc de 4 timbre dantelate. At\u00e2t pe m\u0103rcile po\u015ftale ale emisiunii c\u00e2t \u015fi pe bloc ( sub form\u0103 de viniete ) sunt reproduse dou\u0103 sigle: 5O \u015fi CEPT ( Conferin\u0163a European\u0103 a administra\u0163iilor de Po\u015ft\u0103 \u015fi Telecomunica\u0163ii).<br \/>\nTelecomunica\u0163iile s-au dezvoltat \u00een Rom\u00e2nia \u00een str\u00e2ns\u0103 leg\u0103tur\u0103\u00a0 cu evolu\u0163ia lor pe plan interna\u0163ional. Aceast\u0103 evolu\u0163ie a fost determinat\u0103 de activitatea organiza\u0163iilor interna\u0163ionale de telecomunica\u0163ii, create pentru a facilita cooperarea \u00een acest domeniu. Rom\u00e2nia s-a al\u0103turat\u00a0 acestei activit\u0103\u0163i \u00eenc\u0103 din 1865.<br \/>\nDezvoltarea tehnologic\u0103 \u015fi implica\u0163iile politice ale utiliz\u0103rii telecomunica\u0163iilor pledeaz\u0103 pentru o abordare global\u0103, facilitat\u0103 de colaborarea \u00eentre state \u015fi eventual de sectorul privat, \u00een cadrul unor organiza\u0163ii interna\u0163ionale.<br \/>\nCEPT a fost creat\u0103 prin Aranjamentul privind \u00eenfiin\u0163area Conferin\u0163ei Europene a administra\u0163iilor\u00a0 de Po\u015ft\u0103 \u015fi Telecomunica\u0163ii, care prevede c\u0103 pot deveni membre administra\u0163iile statelor europene care sunt membre ale Uniunii Po\u015ftale Universale sau ale Uniunii Interna\u0163ionale a Telecomunica\u0163iilor.<br \/>\nDou\u0103 reforme majore caracterizeaz\u0103 activitatea CEPT. Prima a avut loc \u00een 1992 \u015fi se refer\u0103 la separarea activit\u0103\u0163ii de operare, prin crearea ETNO (European Telecomunication Network Operators) \u015fi a PostEurop, iar a doua, \u00een 2001, prin restructurarea comitetelor tehnice. \u00cen urma reformei din 2001, misiunea CEPT este de a str\u00e2nge rela\u0163iile \u00eentre membri, de a promova cooperarea \u015fi de a contribui la crearea unei pie\u0163e dinamice a serviciilor de po\u015ft\u0103 \u015fi telecomunica\u0163ii.<br \/>\nAst\u0103zi CEPT num\u0103r\u0103 45 de membri, state din Uniunea European\u0103 \u015fi Asocia\u0163ia European\u0103 a Liberului Schimb, precum \u015fi \u0163\u0103ri din Europa Central\u0103 \u015fi de Est.<br \/>\n\u00centre octombrie 2004 \u015fi octombrie 2005, Rom\u00e2nia de\u0163ine pre\u015fedin\u0163ia CEPT.<br \/>\nOriginalitatea\u00a0 realiz\u0103rii tehnice a blocului de patru de timbre \u00eencadrate de cele dou\u0103 sigle const\u0103 \u00een al\u0103turarea timbrelor perforate \u00een p\u0103trat cu cele perforate pe contur hexagonal \u0096 ceea ce constituie o premier\u0103 pentru Rom\u00e2nia. La aceasta se mai adaug\u0103, pe de o parte,\u00a0 perforarea \u0084\u00een caset\u0103\u0094 a timbrelor ce compun\u00a0 blocul filatelic \u015fi, pe de alt\u0103 parte, grafica de ansamblu care \u00eenglobeaz\u0103 cele trei cor\u0103bii participante la mar\u015ful spre \u0093 Lumea Nou\u0103 \u0093(Santa Maria, Ni\u0144a \u015fi Pinta).<br \/>\nCombina\u0163ia de perforare p\u0103trat-hexagon se reg\u0103se\u015fte \u015fi la timbrele dispuse \u00een coal\u0103 (28 buc\u0103\u0163i), pe 4 coloane.<br \/>\nM\u0103rcile po\u015ftale\u00a0 au aceea\u015fi valoare nominal\u0103, de 4,70 lei.<\/p>\n<p>Data de aparitie: 2005-08-22<\/p>\n","protected":false},"excerpt":{"rendered":"<p>Romfilatelia, societate specializat\u0103 \u00een emiterea \u015fi comercializarea m\u0103rcilor po\u015ftale rom\u00e2ne\u015fti, pune \u00een circula\u0163ie o emisiune tematic\u0103, cu ocazia \u00eemplinirii a 50 de ani de la primele emisiuni de timbre\u00a0 Europa. Printre primele \u0163\u0103ri care au emis un timbru cu tematica Europa se num\u0103r\u0103 Fran\u0163a, Luxemburg, Italia, Germania, Belgia, Olanda. Av\u00e2nd \u00een vedere c\u0103 anul viitor&hellip;&nbsp;<a href=\"https:\/\/romfilatelia.ro\/magazin\/produs\/colectii-anuale\/2005\/50-de-ani-de-la-primele-emisiuni-de-timbre-europa-1956-2006\/\" class=\"\" rel=\"bookmark\">Cite\u0219te mai mult &raquo;<span class=\"screen-reader-text\">50 de ani de la primele emisiuni de timbre EUROPA (1956-2006)<\/span><\/a><\/p>\n","protected":false},"featured_media":2005246,"template":"","meta":{"neve_meta_sidebar":"","neve_meta_container":"","neve_meta_enable_content_width":"","neve_meta_content_width":0,"neve_meta_title_alignment":"","neve_meta_author_avatar":"","neve_post_elements_order":"","neve_meta_disable_header":"","neve_meta_disable_footer":"","neve_meta_disable_title":""},"product_cat":[113,6],"product_tag":[170],"_links":{"self":[{"href":"https:\/\/romfilatelia.ro\/magazin\/wp-json\/wp\/v2\/product\/2005240"}],"collection":[{"href":"https:\/\/romfilatelia.ro\/magazin\/wp-json\/wp\/v2\/product"}],"about":[{"href":"https:\/\/romfilatelia.ro\/magazin\/wp-json\/wp\/v2\/types\/product"}],"wp:featuredmedia":[{"embeddable":true,"href":"https:\/\/romfilatelia.ro\/magazin\/wp-json\/wp\/v2\/media\/2005246"}],"wp:attachment":[{"href":"https:\/\/romfilatelia.ro\/magazin\/wp-json\/wp\/v2\/media?parent=2005240"}],"wp:term":[{"taxonomy":"product_cat","embeddable":true,"href":"https:\/\/romfilatelia.ro\/magazin\/wp-json\/wp\/v2\/product_cat?post=2005240"},{"taxonomy":"product_tag","embeddable":true,"href":"https:\/\/romfilatelia.ro\/magazin\/wp-json\/wp\/v2\/product_tag?post=2005240"}],"curies":[{"name":"wp","href":"https:\/\/api.w.org\/{rel}","templated":true}]}}