{"id":2004997,"date":"2006-05-19T15:36:47","date_gmt":"2006-05-19T15:36:47","guid":{"rendered":"http:\/\/romfilatelia.ro\/?p=2004997"},"modified":"2021-01-19T20:20:59","modified_gmt":"2021-01-19T18:20:59","slug":"25-ani-de-la-primul-zbor-in-cosmos-al-unui-roman","status":"publish","type":"product","link":"https:\/\/romfilatelia.ro\/magazin\/produs\/colectii-anuale\/2006\/25-ani-de-la-primul-zbor-in-cosmos-al-unui-roman\/","title":{"rendered":"25 ani de la primul zbor \u00een Cosmos al unui rom\u00e2n"},"content":{"rendered":"<p><a href=\"https:\/\/romfilatelia.ro\/magazin\/wp-content\/uploads\/2015\/10\/supratiparprunariu.jpg\"><img decoding=\"async\" loading=\"lazy\" class=\"size-medium wp-image-2004998 alignleft\" src=\"https:\/\/romfilatelia.ro\/magazin\/wp-content\/uploads\/2015\/10\/supratiparprunariu-170x300.jpg\" alt=\"supratiparprunariu\" width=\"170\" height=\"300\" srcset=\"https:\/\/romfilatelia.ro\/magazin\/wp-content\/uploads\/2015\/10\/supratiparprunariu-170x300.jpg 170w, https:\/\/romfilatelia.ro\/magazin\/wp-content\/uploads\/2015\/10\/supratiparprunariu-64x113.jpg 64w, https:\/\/romfilatelia.ro\/magazin\/wp-content\/uploads\/2015\/10\/supratiparprunariu-226x400.jpg 226w, https:\/\/romfilatelia.ro\/magazin\/wp-content\/uploads\/2015\/10\/supratiparprunariu.jpg 339w\" sizes=\"(max-width: 170px) 100vw, 170px\" \/><\/a>Cu ocazia \u00eemplinirii a unui sfert de veac de la zborul \u00een spa\u021biu al primului cosmonaut rom\u00e2n, Dumitru-Dorin Prunariu, Romfilatelia pune \u00een circula\u0163ie emisiunea de timbre \u201e25 ANI DE LA PRIMUL ZBOR \u00ceN COSMOS AL UNUI ROM\u00c2N\u201c supratipar al coli\u0163ei dantelate a emisiunii \u201eExpozi\u0163ia Mondial\u00e3 de Filatelie ESPAMER 1996 \u2013 Avia\u0163ie \u015fi Cosmonautic\u00e3\u201c, emis\u00e3 \u00een 1996 cu ocazia anivers\u00e3rii a 15 ani de la eveniment, pe al c\u00e3rui timbru este ilustrat\u00e3 figura cosmonautului rom\u00e2n.<br \/>\nDumitru-Dorin Prunariu s-a n\u00e3scut la 27 septembrie 1952 \u00een Bra\u015fov \u015fi este primul cosmonaut rom\u00e2n care a zburat \u00een spa\u0163iu. A absolvit liceul de matematic\u00e3-fizic\u00e3 din Bra\u015fov \u00een 1971 \u015fi Universitatea Politehnic\u00e3 din Bucure\u015fti \u00een 1976 cu specializarea inginerie aeronautic\u00e3. Apoi a lucrat pentru scurt timp la IAR Bra\u015fov, iar \u00een 1977 devine pilot \u00een avia\u0163ia militar\u00e3.<br \/>\n\u00cen 1978 a fost ales pentru programul \u201eIntercosmos\u201c de preg\u00e3tire pentru zboruri spa\u0163iale. \u00centre 14 \u015fi 22 mai 1981, Prunariu a devenit primul rom\u00e2n care a zburat \u00een spa\u0163iu, la bordul navei cosmice \u201eSoiuz 40\u201c. A petrecut aproape opt zile pe Complexul Orbital \u201eSaliut 6\u201c \u00eempreun\u00e3 cu cosmonautul rus Leonid Ivanovici Popov, realiz\u00e2nd experimente \u015ftiin\u0163ifice \u00eentre care un studiu al c\u00e2mpului magnetic al P\u00e3m\u00e2ntului.<br \/>\nAu fost supratip\u00e3rite pe coli\u0163a dantelat\u00e3 cu folio aur \u015fi respectiv folio argint valoarea nominal\u00e3 de 2,10 Lei, iar pe man\u015feta coli\u0163ei titlul emisiunii, luna \u015fi anul.<br \/>\nCu ocazia punerii \u00een circula\u0163ie a acestei emisiuni aniversare Editura Romfilatelia lanseaz\u00e3 cartea \u201eSALYUT 6 ORBITAL COMPLEX, ASTROPHILATELIC CATALOG\u201c autor Dan N. Dobrescu.<br \/>\nVolumul este realizat \u00eentr-un tiraj limitat de 500 de exemplare ce au\u00a0 montate \u00een interior dou\u00e3 coli\u0163e ale emisiunii\u00a0 supratip\u00e3rite \u015fi numerotate astfel: negru de la 001-500 (folio argint) \u015fi ro\u015fu de la 001-500 (folio aur). \u00cen plus fiecare volum are incluse \u015fi dou\u00e3 c\u00e3r\u0163i po\u015ftale maxime, numerotate \u00een acela\u015fi aranjament: negru de la 001-500 (timbrele aplicate cu supratipar argint) \u015fi ro\u015fu de la 001-500 (timbrele aplicate cu supratipar aur).<\/p>\n<p>Data de aparitie: 2006-05-19<\/p>\n","protected":false},"excerpt":{"rendered":"<p>Cu ocazia \u00eemplinirii a unui sfert de veac de la zborul \u00een spa\u021biu al primului cosmonaut rom\u00e2n, Dumitru-Dorin Prunariu, Romfilatelia pune \u00een circula\u0163ie emisiunea de timbre \u201e25 ANI DE LA PRIMUL ZBOR \u00ceN COSMOS AL UNUI ROM\u00c2N\u201c supratipar al coli\u0163ei dantelate a emisiunii \u201eExpozi\u0163ia Mondial\u00e3 de Filatelie ESPAMER 1996 \u2013 Avia\u0163ie \u015fi Cosmonautic\u00e3\u201c, emis\u00e3 \u00een&hellip;&nbsp;<a href=\"https:\/\/romfilatelia.ro\/magazin\/produs\/colectii-anuale\/2006\/25-ani-de-la-primul-zbor-in-cosmos-al-unui-roman\/\" class=\"\" rel=\"bookmark\">Cite\u0219te mai mult &raquo;<span class=\"screen-reader-text\">25 ani de la primul zbor \u00een Cosmos al unui rom\u00e2n<\/span><\/a><\/p>\n","protected":false},"featured_media":2004998,"template":"","meta":{"neve_meta_sidebar":"","neve_meta_container":"","neve_meta_enable_content_width":"","neve_meta_content_width":0,"neve_meta_title_alignment":"","neve_meta_author_avatar":"","neve_post_elements_order":"","neve_meta_disable_header":"","neve_meta_disable_footer":"","neve_meta_disable_title":""},"product_cat":[112,6],"product_tag":[170],"_links":{"self":[{"href":"https:\/\/romfilatelia.ro\/magazin\/wp-json\/wp\/v2\/product\/2004997"}],"collection":[{"href":"https:\/\/romfilatelia.ro\/magazin\/wp-json\/wp\/v2\/product"}],"about":[{"href":"https:\/\/romfilatelia.ro\/magazin\/wp-json\/wp\/v2\/types\/product"}],"wp:featuredmedia":[{"embeddable":true,"href":"https:\/\/romfilatelia.ro\/magazin\/wp-json\/wp\/v2\/media\/2004998"}],"wp:attachment":[{"href":"https:\/\/romfilatelia.ro\/magazin\/wp-json\/wp\/v2\/media?parent=2004997"}],"wp:term":[{"taxonomy":"product_cat","embeddable":true,"href":"https:\/\/romfilatelia.ro\/magazin\/wp-json\/wp\/v2\/product_cat?post=2004997"},{"taxonomy":"product_tag","embeddable":true,"href":"https:\/\/romfilatelia.ro\/magazin\/wp-json\/wp\/v2\/product_tag?post=2004997"}],"curies":[{"name":"wp","href":"https:\/\/api.w.org\/{rel}","templated":true}]}}