{"id":2003897,"date":"2010-07-23T16:04:44","date_gmt":"2010-07-23T16:04:44","guid":{"rendered":"http:\/\/romfilatelia.ro\/?p=2003897"},"modified":"2016-09-07T13:21:53","modified_gmt":"2016-09-07T13:21:53","slug":"150-de-ani-de-la-inaugurarea-gradinii-botanice-din-bucuresti","status":"publish","type":"product","link":"https:\/\/romfilatelia.ro\/magazin\/produs\/colectii-anuale\/2010\/150-de-ani-de-la-inaugurarea-gradinii-botanice-din-bucuresti\/","title":{"rendered":"150 DE ANI DE LA INAUGURAREA GR\u0102DINII BOTANICE DIN BUCURE\u015eTI"},"content":{"rendered":"<p><a href=\"https:\/\/romfilatelia.ro\/magazin\/wp-content\/uploads\/2015\/09\/grad_botanic_M.jpg\"><img decoding=\"async\" loading=\"lazy\" class=\"size-medium wp-image-2003899 alignleft\" src=\"https:\/\/romfilatelia.ro\/magazin\/wp-content\/uploads\/2015\/09\/grad_botanic_M-255x300.jpg\" alt=\"grad_botanic_M\" width=\"255\" height=\"300\" srcset=\"https:\/\/romfilatelia.ro\/magazin\/wp-content\/uploads\/2015\/09\/grad_botanic_M-255x300.jpg 255w, https:\/\/romfilatelia.ro\/magazin\/wp-content\/uploads\/2015\/09\/grad_botanic_M-500x589.jpg 500w, https:\/\/romfilatelia.ro\/magazin\/wp-content\/uploads\/2015\/09\/grad_botanic_M-64x75.jpg 64w, https:\/\/romfilatelia.ro\/magazin\/wp-content\/uploads\/2015\/09\/grad_botanic_M.jpg 509w\" sizes=\"(max-width: 255px) 100vw, 255px\" \/><\/a>\u00a0 \u00cen contextul anivers\u0103rii de anul acesta a Gr\u0103dinii Botanice din Bucure\u015fti, Romfilatelia introduce \u00een circula\u0163ie prezenta emisiune de m\u0103rci po\u015ftale.\u00a0 \u00cen contextul anivers\u0103rii de anul acesta a Gr\u0103dinii Botanice din Bucure\u015fti, Romfilatelia introduce \u00een circula\u0163ie prezenta emisiune de m\u0103rci po\u015ftale.<br \/>\n\u00cenfiin\u0163at\u0103 ca institu\u0163ie \u00een anul 1860 de c\u0103tre doctorul Carol Davila pe un teren de 7 ha donat de domnitorul Alexandru Ioan Cuza, Gr\u0103dina Botanic\u0103 din Bucure\u015fti a fost amenajat\u0103, \u00eencep\u00e2nd cu 1884, sub conducerea profesorului doctor Dimitrie Br\u00e2ndz\u0103, pe actualul amplasament de l\u00e2ng\u0103 Palatul Cotroceni.<br \/>\nP\u00e2n\u0103 \u00een anul 1884, profesorul doctor Dimitrie Grecescu \u015fi botanistul Ulrich Hoffman au contribuit nemijlocit la amenajarea spa\u0163iilor \u015fi la dezvoltarea colec\u0163iilor, reg\u0103site \u00een primul catalog de plante publicat \u00een Rom\u00e2nia ce includea \u00een paginile sale 3700 de specii de plante cultivate \u00een aer liber \u015fi \u00een sere.<br \/>\nMedicul, naturalistul \u015fi botanistul rom\u00e2n Dimitrie Br\u00e2ndz\u0103, \u00eempreun\u0103 cu arhitectul peisagist Louis Fuchs, a realizat o amenajare complex\u0103 care includea serele, cl\u0103direa Institutului Botanic, toate amplasate \u00eentr-un spa\u0163iu \u00een care se realizau primele plant\u0103ri de arbori \u015fi arbu\u015fti. Proiectul de amenajare \u015fi organizare a Gr\u0103dinii Botanice din Bucure\u015fti a fost finalizat \u00een anul 1891.<br \/>\nDup\u0103 mai multe distrugeri provocate de inunda\u0163ii (1892), de trupele germane cantonate \u00een perimetrul ei \u00een timpul Primului R\u0103zboi Mondial \u015fi de bombardamentele anglo-americane din aprilie 1944, Gr\u0103dina Botanic\u0103 din Bucure\u015fti a fost \u00eenscris\u0103 \u00eentr-un proiect complex de reamenajare \u015fi modernizare.<br \/>\n\u00cencep\u00e2nd cu anul 1954, Gr\u0103dina Botanic\u0103 trece sub conducerea Universit\u0103\u0163ii din Bucure\u015fti, sub a c\u0103rei supraveghere \u00eencep s\u0103 se construiasc\u0103 noi sere, noul sediu al Institutului Botanic (1960), un Herbar General, un complex de sere de expozi\u0163ie (1976), precum \u015fi noul Muzeu Botanic (1978).<br \/>\nAnul 1994 este anul c\u00e2nd Gr\u0103dina Botanic\u0103 din Bucure\u015fti prime\u015fte numele profesorului dr. Dimitrie Br\u00e2ndz\u0103.<br \/>\nAst\u0103zi, Gr\u0103dina Botanic\u0103 din Bucure\u015fti reprezint\u0103 un important centru de conservare a diversit\u0103\u0163ii plantelor, de cercetare \u015ftiin\u0163ific\u0103 \u015fi \u00eenv\u0103\u0163\u0103m\u00e2nt, precum \u015fi un veritabil centru de educa\u0163ie ecologic\u0103.<br \/>\nPe timbrul cu valoarea nominal\u0103 de 1,60 lei este ilustrat\u0103 Clivia miniata (Lindley) Regel. I se mai spune \u015fi Crinul iernii. Este o plant\u0103 erbacee, originar\u0103 din Africa de Sud, cu frunze arcuite, lungi (40-50 cm) \u015fi lanceolate, asem\u0103n\u0103toare cu ni\u015fte curele late, dispuse sub form\u0103 de evantai pe un trunchi scurt. Clivia miniata impresioneaz\u0103 prin florile sale deosebite, de culoare portocaliu intens, ro\u015fu-oranj sau galben. Acestea au form\u0103 de cornet sau trompet\u0103, sunt grupate \u00een inflorescen\u0163e umbrelate, \u00een v\u00e2rful unei tije lungi \u015fi rigide, deasupra frunzelor. Apar de regul\u0103 la mijlocul iernii.<br \/>\nPe timbrul cu valoarea nominal\u0103 de 2,10 lei este ilustrat\u0103 Magnolia kobus DC. (magnolia). Este un arbore ornamental termofil originar din Japonia, cultivat \u00een parcuri \u015fi gr\u0103dini. \u00cenflore\u015fte abundent prim\u0103vara devreme, \u00eenainte de \u00eenfrunzire. Florile sunt albe, mari, dep\u0103\u015find la \u00eenflorirea complet\u0103 10 cm \u00een diametru. Frunzele sunt obovate \u015fi dispuse alternativ pe ramurile laterale \u015fi pe lujerii sub\u0163iri.<br \/>\nPe timbrul cu valoarea nominal\u0103 de 2,40 lei este ilustrat\u0103 Strelitzia juncea Link sau Pas\u0103rea paradisului, plant\u0103 erbacee peren\u0103, originar\u0103 din Africa de Sud, \u00eenalt\u0103 de 1-2 m, cu tulpini florifere lungi \u015fi flori mari, spectaculoase, de culoare galben\u0103 sau portocalie. Este o plant\u0103 ornamental\u0103 de interior, cu perioad\u0103 lung\u0103 de \u00eenflorire, \u00eentre mai \u015fi octombrie. Este decorativ\u0103 prin flori \u015fi frunze.<br \/>\nPe timbrul cu valoarea nominal\u0103 de 3,00 lei este ilustrat\u0103 Hepatica transsilvanica Fuss, denumit\u0103 popular Crucea voinicului. Aceast\u0103 plant\u0103 endemic\u0103 este foarte rar\u0103 \u015fi cre\u015fte doar \u00een Mun\u0163ii Carpa\u0163i, ea fiind declarat\u0103 monument al naturii ocrotit prin lege. Hepatica transsilvanica prezint\u0103 un rizom lung, orizontal sau oblic, de la extremitatea c\u0103ruia se formeaz\u0103, \u00een fiecare an, frunzele \u015fi florile. Frunzele sunt trilobate cu lobii crenat loba\u0163i, lung pe\u0163iolate \u015fi pubescente. Florile apar \u00een aprilie-mai, au 3-4 cm diametru, sunt albastre cu petale numeroase. Cre\u015fte la munte, \u00een zone umbroase prin p\u0103duri \u015fi tuf\u0103ri\u015furi.<br \/>\nPe timbrul cu valoarea nominal\u0103 de 3,10 lei este ilustrat\u0103 Dicentra spectabilis (L.) Lemaire. I se mai spune \u015fi Cerceii doamnei. Este o plant\u0103 erbacee, peren\u0103, originar\u0103 din estul Asiei, cultivat\u0103 \u00een scop ornamental \u00een spa\u0163ii \u00een aer liber. \u00cenflore\u015fte de prim\u0103vara devreme p\u00e2n\u0103 la mijlocul verii. Prezint\u0103 frunze ad\u00e2nc divizate \u015fi flori \u00een form\u0103 de inim\u0103, caracterizate de prezen\u0163a petalelor pintenate.<br \/>\nPe coli\u0163a emisiunii de m\u0103rci po\u015ftale, a c\u0103rui timbru are valoarea nominal\u0103 de 7,60 lei, este ilustrat prof. dr. Dimitrie Br\u00e2ndz\u0103.<\/p>\n<p>Aducem mul\u0163umirile noastre conducerii Gr\u0103dinii Botanice \u201eDr. Dimitrie Br\u00e2ndz\u0103\u201c pentru sprijinul acordat la realizarea acestei emisiuni de m\u0103rci po\u015ftale.<\/p>\n<p>Data de aparitie: 2010-07-23<\/p>\n<p><a href=\"https:\/\/romfilatelia.ro\/magazin\/wp-content\/uploads\/2015\/09\/grad_botanic_box.jpg\"><img decoding=\"async\" loading=\"lazy\" class=\"aligncenter wp-image-2003898 size-full\" src=\"https:\/\/romfilatelia.ro\/magazin\/wp-content\/uploads\/2015\/09\/grad_botanic_box.jpg\" alt=\"grad_botanic_box\" width=\"750\" height=\"526\" srcset=\"https:\/\/romfilatelia.ro\/magazin\/wp-content\/uploads\/2015\/09\/grad_botanic_box.jpg 750w, https:\/\/romfilatelia.ro\/magazin\/wp-content\/uploads\/2015\/09\/grad_botanic_box-500x351.jpg 500w, https:\/\/romfilatelia.ro\/magazin\/wp-content\/uploads\/2015\/09\/grad_botanic_box-64x45.jpg 64w, https:\/\/romfilatelia.ro\/magazin\/wp-content\/uploads\/2015\/09\/grad_botanic_box-300x210.jpg 300w\" sizes=\"(max-width: 750px) 100vw, 750px\" \/><\/a><\/p>\n","protected":false},"excerpt":{"rendered":"<p>\u00a0 \u00cen contextul anivers\u0103rii de anul acesta a Gr\u0103dinii Botanice din Bucure\u015fti, Romfilatelia introduce \u00een circula\u0163ie prezenta emisiune de m\u0103rci po\u015ftale.\u00a0 \u00cen contextul anivers\u0103rii de anul acesta a Gr\u0103dinii Botanice din Bucure\u015fti, Romfilatelia introduce \u00een circula\u0163ie prezenta emisiune de m\u0103rci po\u015ftale. \u00cenfiin\u0163at\u0103 ca institu\u0163ie \u00een anul 1860 de c\u0103tre doctorul Carol Davila pe un teren&hellip;&nbsp;<a href=\"https:\/\/romfilatelia.ro\/magazin\/produs\/colectii-anuale\/2010\/150-de-ani-de-la-inaugurarea-gradinii-botanice-din-bucuresti\/\" class=\"\" rel=\"bookmark\">Cite\u0219te mai mult &raquo;<span class=\"screen-reader-text\">150 DE ANI DE LA INAUGURAREA GR\u0102DINII BOTANICE DIN BUCURE\u015eTI<\/span><\/a><\/p>\n","protected":false},"featured_media":2003899,"template":"","meta":{"neve_meta_sidebar":"","neve_meta_container":"","neve_meta_enable_content_width":"","neve_meta_content_width":0,"neve_meta_title_alignment":"","neve_meta_author_avatar":"","neve_post_elements_order":"","neve_meta_disable_header":"","neve_meta_disable_footer":"","neve_meta_disable_title":""},"product_cat":[108,6],"product_tag":[],"_links":{"self":[{"href":"https:\/\/romfilatelia.ro\/magazin\/wp-json\/wp\/v2\/product\/2003897"}],"collection":[{"href":"https:\/\/romfilatelia.ro\/magazin\/wp-json\/wp\/v2\/product"}],"about":[{"href":"https:\/\/romfilatelia.ro\/magazin\/wp-json\/wp\/v2\/types\/product"}],"wp:featuredmedia":[{"embeddable":true,"href":"https:\/\/romfilatelia.ro\/magazin\/wp-json\/wp\/v2\/media\/2003899"}],"wp:attachment":[{"href":"https:\/\/romfilatelia.ro\/magazin\/wp-json\/wp\/v2\/media?parent=2003897"}],"wp:term":[{"taxonomy":"product_cat","embeddable":true,"href":"https:\/\/romfilatelia.ro\/magazin\/wp-json\/wp\/v2\/product_cat?post=2003897"},{"taxonomy":"product_tag","embeddable":true,"href":"https:\/\/romfilatelia.ro\/magazin\/wp-json\/wp\/v2\/product_tag?post=2003897"}],"curies":[{"name":"wp","href":"https:\/\/api.w.org\/{rel}","templated":true}]}}