{"id":2002798,"date":"2014-06-06T10:37:56","date_gmt":"2014-06-06T10:37:56","guid":{"rendered":"http:\/\/romfilatelia.ro\/?p=2002798"},"modified":"2016-07-29T11:28:57","modified_gmt":"2016-07-29T11:28:57","slug":"150-de-ani-de-la-infiintarea-curtii-de-conturi-a-romaniei","status":"publish","type":"product","link":"https:\/\/romfilatelia.ro\/magazin\/produs\/colectii-anuale\/2014\/150-de-ani-de-la-infiintarea-curtii-de-conturi-a-romaniei\/","title":{"rendered":"150 de ani de la \u00eenfiin\u0163area Cur\u0163ii de Conturi a Rom\u00e2niei"},"content":{"rendered":"<p><a href=\"https:\/\/romfilatelia.ro\/magazin\/wp-content\/uploads\/2015\/09\/Curtea_Conturi_M1.jpg\"><img decoding=\"async\" loading=\"lazy\" class=\"alignleft wp-image-2002800 size-medium\" src=\"https:\/\/romfilatelia.ro\/magazin\/wp-content\/uploads\/2015\/09\/Curtea_Conturi_M1-300x279.jpg\" alt=\"Curtea_Conturi_M\" width=\"300\" height=\"279\" srcset=\"https:\/\/romfilatelia.ro\/magazin\/wp-content\/uploads\/2015\/09\/Curtea_Conturi_M1-300x279.jpg 300w, https:\/\/romfilatelia.ro\/magazin\/wp-content\/uploads\/2015\/09\/Curtea_Conturi_M1-500x464.jpg 500w, https:\/\/romfilatelia.ro\/magazin\/wp-content\/uploads\/2015\/09\/Curtea_Conturi_M1-64x59.jpg 64w, https:\/\/romfilatelia.ro\/magazin\/wp-content\/uploads\/2015\/09\/Curtea_Conturi_M1.jpg 600w\" sizes=\"(max-width: 300px) 100vw, 300px\" \/><\/a> La 24 ianuarie 1859, \u00een filele de istorie ale \u0163inuturilor rom\u00e2ne\u015fti este \u00eenscris un important eveniment sub titlul de \u201cUnirea Principatelor\u201d. Dou\u0103 \u0163inuturi istorice ale vechii Dacii se reuneau \u00eentr-o singur\u0103 \u0163ar\u0103, cunoscut\u0103, \u00eencep\u00e2nd cu anul 1862, sub numele de <em>Rom\u00e2nia<\/em>.<\/p>\n<p>Domnitorul Alexandru Ioan Cuza \u015fi marii oameni politici ai vremii au trecut de la primele momente ale \u00eenf\u0103ptuirii Unirii la elaborarea unui larg program de reforme administrative, menite s\u0103 aduc\u0103 Rom\u00e2nia \u00een r\u00e2ndul \u0163\u0103rilor moderne ale Europei \u015fi ale lumii.<\/p>\n<p>Promotor al unor transform\u0103ri progresiste, precum <em>Reforma Agrar\u0103<\/em> sau <em>Reforma \u00cenv\u0103\u0163\u0103m\u00e2ntului<\/em>, \u00een scurt timp de la \u00eenf\u0103ptuirea Unirii Principatelor, <em>la 24 ianuarie 1864, domnitorul Alexandru Ioan Cuza promulga noua lege de \u00eenfiin\u0163are a <strong>Cur\u0163ii de Conturi<\/strong><\/em>, institu\u0163ie care prelua toate dosarele \u015fi registrele fostului Minister de Control.<\/p>\n<p>Competen\u0163a Cur\u0163ii de Conturi cuprindea \u00een principal prevederi legislative de inspira\u0163ie european\u0103, reg\u0103site \u00een practica Belgiei.<\/p>\n<p>Ideea prelu\u0103rii modelului belgian reprezenta dorin\u0163a de stabilitate \u015fi progres, fiind sus\u0163inut\u0103 de Camera Legislativ\u0103 a Rom\u00e2niei, ulterior promovat\u0103 \u00een momentul elabor\u0103rii \u015fi adapt\u0103rii Constitu\u0163iei din 1866.<\/p>\n<p>\u00cen decretul de promulgare a Legii de \u00eenfiin\u0163are a Cur\u0163ii de Conturi este definit rolul acestei institu\u0163ii ca <em>\u201cvoind a da o garan\u0163ie mai mult \u0163\u0103rii despre dorin\u0163a noastr\u0103 ca \u00eentrebuin\u0163area banilor publici s\u0103 fie supus\u0103 unui control, pe c\u00e2t de serios, pe at\u00e2t de neat\u00e2rnat de orice b\u0103nuieli de \u00eenr\u00e2urire din partea agen\u0163ilor \u00eens\u0103rcina\u0163i cu manipularea bugetului.\u201d<\/em><\/p>\n<p>Curtea de Conturi avea ca menire principal\u0103 exercitarea controlului gestiunii finan\u0163elor publice, urm\u0103rind garantarea administr\u0103rii legale, corecte \u015fi sistematice a acestora, \u00een vederea satisfacerii intereselor de ordin general ale statului.<\/p>\n<p>Din dorin\u0163a de a scoate noua institu\u0163ie de sub influen\u0163a politicului, s-a acreditat ideea numirii pe via\u0163\u0103 a membrilor Cur\u0163ii \u015fi nu pe durata unei legislaturi. Angajarea unui personal cu o preg\u0103tire profesional\u0103 de excep\u0163ie \u015fi aprobarea unui sistem de salarizare stimulativ, urm\u0103rea, de asemenea, o stabilitate a institu\u0163iei, ce avea s\u0103 se reflecte \u00eentr-o activitate dinamic\u0103 \u015fi eficient\u0103.<\/p>\n<p>Importan\u0163a \u015fi prestigiul Cur\u0163ii de Conturi au impus \u00een timp edificarea unui sediu propriu, care s\u0103 r\u0103spund\u0103 exigen\u0163elor \u015fi competen\u0163elor profesionale. Ca urmare, sub conducerea arhitec\u0163ilor C.A. B\u0103icoianu \u015fi N. Cerchez (aceia\u015fi care au proiectat \u015fi finalizat cl\u0103direa B\u0103ncii Na\u0163ionale a Rom\u00e2niei), a fost edificat\u0103 \u00een stil neoclasic o cl\u0103dire monumental\u0103 care se remarc\u0103 prin regularitate, echilibru, distinc\u0163ie \u015fi masivitate. Aceast\u0103 nou\u0103 construc\u0163ie amplasat\u0103 \u00een Bucure\u015fti, pe Calea Grivi\u0163ei, a fost inaugurat\u0103 la 11\/23 mai 1899, \u00een prezen\u0163a Regelui Carol I \u015fi a Principelui Ferdinand.<\/p>\n<p>Curtea de Conturi \u015fi-a desf\u0103\u015furat activitatea f\u0103r\u0103 \u00eentrerupere, iar func\u0163ionarea sa a fost supus\u0103 transform\u0103rilor legislative din anii 1874, 1895 \u015fi 1929 care au vizat schimb\u0103ri impuse de extinderea atribu\u0163iilor sau reorganizarea schemei de personal. Desfiin\u0163at\u0103 \u00een 1948 de c\u0103tre regimul comunist, Curtea de Conturi a fost re\u00eenfiin\u0163at\u0103 prin Legea nr. 94\/1992.<\/p>\n<p>\u00cen anul 2002, competen\u0163ele Cur\u0163ii de Conturi au fost redefinite \u015fi l\u0103rgite, conform standardelor de audit din Uniunea European\u0103.<\/p>\n<p>La 150 de ani de la \u00eenfiin\u0163are, institu\u0163ia se prezint\u0103 azi ca un organism modern \u015fi eficient, care urm\u0103re\u015fte cu profesionalism \u015fi obiectivitate folosirea corect\u0103, \u00een condi\u0163ii de performan\u0163\u0103, a banului public.<\/p>\n<p>La ceas aniversar, <strong>Romfilatelia<\/strong> introduce \u00een circula\u0163ie emisiunea de m\u0103rci po\u015ftale <strong><em>150 de ani de la \u00eenfiin\u0163area Cur\u0163ii de Conturi a Rom\u00e2niei<\/em><\/strong>, alc\u0103tuit\u0103 din trei valori.<\/p>\n<p>Marca po\u015ftal\u0103 cu valoarea nominal\u0103 de <strong>2,40 lei<\/strong> ilustreaz\u0103 sigla Cur\u0163ii de Conturi a Rom\u00e2niei.<\/p>\n<p>Pe timbrul coli\u0163ei emisiunii \u015fi pe cel al seriei, cu valoarea nominal\u0103 de <strong>4,50 lei<\/strong>, este prezentat\u0103 imaginea domnitorului Alexandru Ioan Cuza, \u00een timpul domniei c\u0103ruia s-a emis decretul de \u00eenfiin\u0163are al \u00cenaltei Cur\u0163i de Conturi.<\/p>\n<p>Man\u015feta coli\u0163ei reproduce imaginea Palatului \u00cenaltei Cur\u0163i de Conturi, inaugurat \u00een luna mai 1899, conform Actului semnat de Regele Carol I al Rom\u00e2niei.<\/p>\n<p><strong><em>Romfilatelia aduce mul\u0163umiri Cur\u0163ii de Conturi a Rom\u00e2niei pentru sprijinul documentar acordat la realizarea acestei emisiuni de m\u0103rci po\u015ftale. <\/em><\/strong><\/p>\n<p>Data de aparitie: 2014-06-06<\/p>\n<p><a href=\"https:\/\/romfilatelia.ro\/magazin\/wp-content\/uploads\/2015\/09\/Curtea_Conturi_box1.jpg\"><img decoding=\"async\" loading=\"lazy\" class=\"wp-image-2002801 size-full aligncenter\" src=\"https:\/\/romfilatelia.ro\/magazin\/wp-content\/uploads\/2015\/09\/Curtea_Conturi_box1.jpg\" alt=\"Curtea_Conturi_box\" width=\"750\" height=\"562\" srcset=\"https:\/\/romfilatelia.ro\/magazin\/wp-content\/uploads\/2015\/09\/Curtea_Conturi_box1.jpg 750w, https:\/\/romfilatelia.ro\/magazin\/wp-content\/uploads\/2015\/09\/Curtea_Conturi_box1-500x375.jpg 500w, https:\/\/romfilatelia.ro\/magazin\/wp-content\/uploads\/2015\/09\/Curtea_Conturi_box1-64x48.jpg 64w, https:\/\/romfilatelia.ro\/magazin\/wp-content\/uploads\/2015\/09\/Curtea_Conturi_box1-300x225.jpg 300w, https:\/\/romfilatelia.ro\/magazin\/wp-content\/uploads\/2015\/09\/Curtea_Conturi_box1-380x285.jpg 380w, https:\/\/romfilatelia.ro\/magazin\/wp-content\/uploads\/2015\/09\/Curtea_Conturi_box1-285x214.jpg 285w\" sizes=\"(max-width: 750px) 100vw, 750px\" \/><\/a><\/p>\n","protected":false},"excerpt":{"rendered":"<p>La 24 ianuarie 1859, \u00een filele de istorie ale \u0163inuturilor rom\u00e2ne\u015fti este \u00eenscris un important eveniment sub titlul de \u201cUnirea Principatelor\u201d. Dou\u0103 \u0163inuturi istorice ale vechii Dacii se reuneau \u00eentr-o singur\u0103 \u0163ar\u0103, cunoscut\u0103, \u00eencep\u00e2nd cu anul 1862, sub numele de Rom\u00e2nia. Domnitorul Alexandru Ioan Cuza \u015fi marii oameni politici ai vremii au trecut de la&hellip;&nbsp;<a href=\"https:\/\/romfilatelia.ro\/magazin\/produs\/colectii-anuale\/2014\/150-de-ani-de-la-infiintarea-curtii-de-conturi-a-romaniei\/\" class=\"\" rel=\"bookmark\">Cite\u0219te mai mult &raquo;<span class=\"screen-reader-text\">150 de ani de la \u00eenfiin\u0163area Cur\u0163ii de Conturi a Rom\u00e2niei<\/span><\/a><\/p>\n","protected":false},"featured_media":2002800,"template":"","meta":{"neve_meta_sidebar":"","neve_meta_container":"","neve_meta_enable_content_width":"","neve_meta_content_width":0,"neve_meta_title_alignment":"","neve_meta_author_avatar":"","neve_post_elements_order":"","neve_meta_disable_header":"","neve_meta_disable_footer":"","neve_meta_disable_title":""},"product_cat":[104,6],"product_tag":[],"_links":{"self":[{"href":"https:\/\/romfilatelia.ro\/magazin\/wp-json\/wp\/v2\/product\/2002798"}],"collection":[{"href":"https:\/\/romfilatelia.ro\/magazin\/wp-json\/wp\/v2\/product"}],"about":[{"href":"https:\/\/romfilatelia.ro\/magazin\/wp-json\/wp\/v2\/types\/product"}],"wp:featuredmedia":[{"embeddable":true,"href":"https:\/\/romfilatelia.ro\/magazin\/wp-json\/wp\/v2\/media\/2002800"}],"wp:attachment":[{"href":"https:\/\/romfilatelia.ro\/magazin\/wp-json\/wp\/v2\/media?parent=2002798"}],"wp:term":[{"taxonomy":"product_cat","embeddable":true,"href":"https:\/\/romfilatelia.ro\/magazin\/wp-json\/wp\/v2\/product_cat?post=2002798"},{"taxonomy":"product_tag","embeddable":true,"href":"https:\/\/romfilatelia.ro\/magazin\/wp-json\/wp\/v2\/product_tag?post=2002798"}],"curies":[{"name":"wp","href":"https:\/\/api.w.org\/{rel}","templated":true}]}}