{"id":2002691,"date":"2014-09-12T10:51:38","date_gmt":"2014-09-12T10:51:38","guid":{"rendered":"http:\/\/romfilatelia.ro\/?p=2002691"},"modified":"2016-07-29T12:57:11","modified_gmt":"2016-07-29T12:57:11","slug":"100-de-ani-de-olimpism-in-romania","status":"publish","type":"product","link":"https:\/\/romfilatelia.ro\/magazin\/produs\/colectii-anuale\/2014\/100-de-ani-de-olimpism-in-romania\/","title":{"rendered":"100 de ani de Olimpism \u00een Rom\u00e2nia"},"content":{"rendered":"<p><em><a href=\"https:\/\/romfilatelia.ro\/magazin\/wp-content\/uploads\/2015\/09\/COSR_100_M2.jpg\"><img decoding=\"async\" loading=\"lazy\" class=\"alignleft wp-image-2002693 size-medium\" src=\"https:\/\/romfilatelia.ro\/magazin\/wp-content\/uploads\/2015\/09\/COSR_100_M2-300x230.jpg\" alt=\"COSR_100_M\" width=\"300\" height=\"230\" \/><\/a> Olimpismul este o filozofie a vie\u0163ii, exalt\u00e2nd \u015fi combin\u00e2nd \u00eentr-un ansamblu echilibrat calit\u0103\u0163ile corpului, voin\u0163ei \u015fi spiritulu<\/em><em>i.<\/em><strong><em> (Carta Olimpic\u0103) <\/em><\/strong><\/p>\n<p>&nbsp;<\/p>\n<p>Pierre de Coubertin, p\u0103rintele olimpismului modern, a sus\u0163inut valoarea sportului ca element de dialog \u00eentre comunit\u0103\u0163i, de promovare a p\u0103cii \u015fi de \u00eencurajare a competi\u0163iei corecte dincolo de orice fel de discriminare \u015fi p\u0103c\u0103leal\u0103. Comitetul Olimpic Rom\u00e2n (COR) a fost \u00eenfiin\u0163at la 27 martie 1914,av\u00e2ndu-l ca pre\u015fedinte pe principele Carol I al Rom\u00e2niei, acesta devenind Comitetul Olimpic \u015fi Sportiv Rom\u00e2n (COSR) \u00een 2004, sub pre\u015fedin\u0163ia lui Octavian Morariu.<\/p>\n<p><strong>Romfilatelia<\/strong> cinste\u015fte olimpismul rom\u00e2nesc prin intermediul introducerii \u00een circula\u0163ie a emisiunii de m\u0103rci po\u015ftale <strong><em>\u201e100 de ani de olimpism \u00een Rom\u00e2nia\u201d<\/em><\/strong>, const\u00e2nd \u00eentr-un timbru \u015fi o coli\u0163\u0103 ce marcheaz\u0103 \u00eemplinirea unui secol de la al\u0103turarea \u0163\u0103rii noastre la mi\u015fcarea olimpic\u0103 interna\u0163ional\u0103. Timbrul emisiunii cu valoarea nominal\u0103 de <strong>1,00 lei<\/strong> ilustreaz\u0103 logoul aniversar al COSR. Timbrul din coli\u0163a emisiunii cu valoarea nominal\u0103 de <strong>14,50 lei<\/strong> \u00eenf\u0103\u0163i\u015feaz\u0103 simbolic evenimentul, iar fundalul grafic al coli\u0163ei reproduce o imagine sugestiv\u0103 a aprinderii fl\u0103c\u0103rii olimpice la deschiderea oficial\u0103 a Jocurilor.<\/p>\n<p>De-a lungul timpului, forul olimpic a avut 16 pre\u015fedin\u0163i, personalit\u0103\u0163i marcante ale momentului, Lia Manoliu fiind singura femeie care a condus mi\u015fcarea olimpic\u0103 din Rom\u00e2nia, o prezen\u0163\u0103 foarte apreciat\u0103 at\u00e2t pe plan intern, c\u00e2t \u015fi interna\u0163ional. Lia Manoliu,o frumoas\u0103 legend\u0103 a sportului rom\u00e2nesc, medaliat\u0103 cu aur la Jocurile Olimpice de Var\u0103 din Mexic (1968) \u015fi cu bronz la Jocurile Olimpice de Var\u0103 de laRoma (1960), respectiv Tokyo (1964) la proba dearuncare a discului, a participat la 6 edi\u0163ii consecutive ale Jocurilor Olimpice (de la Helsinki, 1952, p\u00e2n\u0103 la Munchen, 1972), de\u0163in\u00e2nd astfel un record de longevitate olimpic\u0103 men\u0163ionat \u015fi \u00een \u201eCartea Recordurilor\u201d.<\/p>\n<p>Sporturile cu tradi\u0163ie din Rom\u00e2nia, care au f\u0103cut istorie \u00een mi\u015fcarea olimpic\u0103, sunt gimnastica, atletismul, canotajul, kaiac-canoe, luptele, tirul, judo, scrima, nata\u0163ia, halterele \u015fi boxul.<\/p>\n<p>Prima medalie olimpic\u0103 pentru Rom\u00e2nia a fost cucerit\u0103 de echipa de rugby, prin bronzul ob\u0163inut la Jocurile Olimpice de Var\u0103 de la Paris, \u00een 1924.<\/p>\n<p>Mai t\u00e2rziu, la Jocurile Olimpice de la Helsinki, \u00een 1952, Iosif S\u00e2rbua devenit primul campion olimpic al Rom\u00e2niei, la tir, iar prima campioan\u0103 olimpic\u0103 a Rom\u00e2niei a fost atleta Iolanda Bala\u015f, la s\u0103ritura \u00een \u00een\u0103l\u0163ime, la Jocurile Olimpice de la Roma, \u00een 1960. De asemenea, Iolanda Bala\u015f a fost prima sportiv\u0103 din Rom\u00e2nia, dubl\u0103 campioan\u0103 olimpic\u0103 la dou\u0103 edi\u0163ii consecutive (Roma, 1960 \u015fi Tokyo, 1964).<\/p>\n<p>La Jocurile Olimpice de Iarn\u0103 de la Grenoble din 1968, echipajul de bob format din Ion Pan\u0163uru \u015fi Nicolae Neagoe \u015fi-a adjudecat medalia de bronz, r\u0103mas\u0103 solitar\u0103 \u00een istoria sporturilor de iarn\u0103.<\/p>\n<p>Rom\u00e2nii nu au uitat nici acum titlul olimpic cucerit de Ivan Patzaichin \u00een 1972, la Munchen, c\u00e2nd \u00een seriile de calificare a finalizat cursa cu pagaia rupt\u0103. Prezent la 5 edi\u0163ii ale Jocurilor Olimpice, devenit cvadruplu campion olimpic, Ivan este supranumit \u201eamiralul flotei de aur a Rom\u00e2niei\u201d.<\/p>\n<p>Milioane de rom\u00e2ni au fredonat la unison imnul \u0163\u0103rii \u00een timp ce Nadia Com\u0103neci, o feti\u0163\u0103 de 14 ani, uimea lumea sportului cu o performan\u0163\u0103 extraordinar\u0103 \u2013 primul 10 din istoria gimnasticii mondiale, devenind astfel campioan\u0103 olimpic\u0103 la Montreal, \u00een 1976.<\/p>\n<p>Idol pentru to\u0163i copiii talenta\u0163i \u015fi dornici s\u0103 fac\u0103 performan\u0163\u0103 este \u015fi canotoarea Elisabeta Lip\u0103, prezent\u0103 la 6 edi\u0163ii a Jocurilor Olimpice. De\u0163in\u0103toare a 5 titluri olimpice, Elisabeta Lip\u0103 a fost declarat\u0103 de c\u0103tre Federa\u0163ia Interna\u0163ional\u0103 de Canotaj drept \u201ecea mai bun\u0103 canotoare a secolului al XX-lea\u201d.<\/p>\n<p>\u00centr-un secol de olimpism, \u00een care a participat la 19 edi\u0163ii ale Jocurilor Olimpice de var\u0103 \u015fi 20 de edi\u0163ii de iarn\u0103, Rom\u00e2nia \u015fi-a adjudecat 302 medalii olimpice (88 de aur, 94 de argint \u015fi 120 de bronz). Cea mai bun\u0103 clasare \u00een ierarhia pe medalii a fost stabilit\u0103 la Jocurile Olimpice de la Los Angeles, \u00een 1984, atunci c\u00e2nd Echipa Olimpic\u0103 a cucerit 53 de medalii (20 de aur, 16 de argint \u015fi 17 de bronz).<\/p>\n<p><strong><em>Romfilatelia aduce mul\u0163umiri Comitetul Olimpic \u015fi Sportiv Rom\u00e2n (COSR) pentru sprijinul documentar \u015fi suportul fotografic oferit la realizarea acestei emisiuni de m\u0103rci po\u015ftale. <\/em><\/strong><\/p>\n<p>Data de aparitie: 2014-09-12<br \/>\n<em><a href=\"https:\/\/romfilatelia.ro\/magazin\/wp-content\/uploads\/2015\/09\/COSR_100_box1.jpg\"><img decoding=\"async\" loading=\"lazy\" class=\"wp-image-2002694 size-full aligncenter\" src=\"https:\/\/romfilatelia.ro\/magazin\/wp-content\/uploads\/2015\/09\/COSR_100_box1.jpg\" alt=\"COSR_100_box\" width=\"750\" height=\"500\" srcset=\"https:\/\/romfilatelia.ro\/magazin\/wp-content\/uploads\/2015\/09\/COSR_100_box1.jpg 750w, https:\/\/romfilatelia.ro\/magazin\/wp-content\/uploads\/2015\/09\/COSR_100_box1-500x333.jpg 500w, https:\/\/romfilatelia.ro\/magazin\/wp-content\/uploads\/2015\/09\/COSR_100_box1-64x43.jpg 64w, https:\/\/romfilatelia.ro\/magazin\/wp-content\/uploads\/2015\/09\/COSR_100_box1-300x200.jpg 300w, https:\/\/romfilatelia.ro\/magazin\/wp-content\/uploads\/2015\/09\/COSR_100_box1-570x380.jpg 570w, https:\/\/romfilatelia.ro\/magazin\/wp-content\/uploads\/2015\/09\/COSR_100_box1-380x254.jpg 380w, https:\/\/romfilatelia.ro\/magazin\/wp-content\/uploads\/2015\/09\/COSR_100_box1-285x190.jpg 285w\" sizes=\"(max-width: 750px) 100vw, 750px\" \/><\/a><\/em><\/p>\n","protected":false},"excerpt":{"rendered":"<p>Olimpismul este o filozofie a vie\u0163ii, exalt\u00e2nd \u015fi combin\u00e2nd \u00eentr-un ansamblu echilibrat calit\u0103\u0163ile corpului, voin\u0163ei \u015fi spiritului. (Carta Olimpic\u0103) &nbsp; Pierre de Coubertin, p\u0103rintele olimpismului modern, a sus\u0163inut valoarea sportului ca element de dialog \u00eentre comunit\u0103\u0163i, de promovare a p\u0103cii \u015fi de \u00eencurajare a competi\u0163iei corecte dincolo de orice fel de discriminare \u015fi p\u0103c\u0103leal\u0103. Comitetul&hellip;&nbsp;<a href=\"https:\/\/romfilatelia.ro\/magazin\/produs\/colectii-anuale\/2014\/100-de-ani-de-olimpism-in-romania\/\" class=\"\" rel=\"bookmark\">Cite\u0219te mai mult &raquo;<span class=\"screen-reader-text\">100 de ani de Olimpism \u00een Rom\u00e2nia<\/span><\/a><\/p>\n","protected":false},"featured_media":2002693,"template":"","meta":{"neve_meta_sidebar":"","neve_meta_container":"","neve_meta_enable_content_width":"","neve_meta_content_width":0,"neve_meta_title_alignment":"","neve_meta_author_avatar":"","neve_post_elements_order":"","neve_meta_disable_header":"","neve_meta_disable_footer":"","neve_meta_disable_title":""},"product_cat":[104,6],"product_tag":[],"_links":{"self":[{"href":"https:\/\/romfilatelia.ro\/magazin\/wp-json\/wp\/v2\/product\/2002691"}],"collection":[{"href":"https:\/\/romfilatelia.ro\/magazin\/wp-json\/wp\/v2\/product"}],"about":[{"href":"https:\/\/romfilatelia.ro\/magazin\/wp-json\/wp\/v2\/types\/product"}],"wp:featuredmedia":[{"embeddable":true,"href":"https:\/\/romfilatelia.ro\/magazin\/wp-json\/wp\/v2\/media\/2002693"}],"wp:attachment":[{"href":"https:\/\/romfilatelia.ro\/magazin\/wp-json\/wp\/v2\/media?parent=2002691"}],"wp:term":[{"taxonomy":"product_cat","embeddable":true,"href":"https:\/\/romfilatelia.ro\/magazin\/wp-json\/wp\/v2\/product_cat?post=2002691"},{"taxonomy":"product_tag","embeddable":true,"href":"https:\/\/romfilatelia.ro\/magazin\/wp-json\/wp\/v2\/product_tag?post=2002691"}],"curies":[{"name":"wp","href":"https:\/\/api.w.org\/{rel}","templated":true}]}}