{"id":2002679,"date":"2015-09-16T12:22:49","date_gmt":"2015-09-16T12:22:49","guid":{"rendered":"http:\/\/romfilatelia.ro\/?p=2002679"},"modified":"2016-07-29T10:22:57","modified_gmt":"2016-07-29T10:22:57","slug":"descoperiti-romania-dobrogea","status":"publish","type":"product","link":"https:\/\/romfilatelia.ro\/magazin\/produs\/colectii-anuale\/2015\/descoperiti-romania-dobrogea\/","title":{"rendered":"Descoperi\u0163i Rom\u00e2nia, Dobrogea"},"content":{"rendered":"<p><a href=\"https:\/\/romfilatelia.ro\/magazin\/wp-content\/uploads\/2015\/09\/Desc-Rom_Dobrogea_M.jpg\"><img decoding=\"async\" loading=\"lazy\" class=\"wp-image-59 size-medium alignleft\" src=\"https:\/\/romfilatelia.ro\/magazin\/wp-content\/uploads\/2015\/09\/Desc-Rom_Dobrogea_M-300x298.jpg\" alt=\"Desc Rom_Dobrogea_M\" width=\"300\" height=\"298\" \/><\/a> Romfilatelia, continu\u00e2nd amplul proiect de promovare a tezaurului fiec\u0103rei regiuni a \u0163\u0103rii, introduce \u00een circula\u0163ie emisiunea de m\u0103rci po\u015ftale Descoperi\u0163i Rom\u00e2nia, Dobrogea.<br \/>\nSituat\u0103 \u00een sudul jude\u0163ului Constan\u0163a, pe teritoriul localit\u0103\u0163ii Adamclisi, cetatea Tropaeum Traiani expune privirii faimosul monument triumfal cu acela\u015fi nume, ilustrat pe timbrul cu valoarea nominal\u0103 de 2,00 lei.<br \/>\n\u00cen ciuda trecerii timpului \u015fi a evenimentelor care au dus la p\u0103r\u0103sirea cet\u0103\u0163ii Tropaeum Traiani, din monumentul triumfal se mai p\u0103streaz\u0103 \u015fi azi 48 metope \u00eentregi \u015fi 5 \u00een stare fragmentar\u0103 (din cele 54 de metope ini\u0163iale). Acestea cuprind imagini \u00een relief ale r\u0103zboiului dintre romani \u015fi daci \u00eempreun\u0103 cu alia\u0163ii lor.<br \/>\nRuinele fort\u0103re\u0163ei medievale Enisala, ilustrat\u0103 pe timbrul cu valoarea nominal\u0103 de 4,70 lei (cunoscut\u0103 sub diferite nume pe parcusul existen\u0163ei sale &#8211; Enisala, Eni\u015fala, Heraclee, Heraclia) vegheaz\u0103 asupra zonei lacurilor Razim \u015fi Babadag.<br \/>\nCetatea se afl\u0103 la 2 km de localitatea Enisala, \u00een v\u00e2rful unui deal calcaros. A fost construit\u0103 \u00een a doua jum\u0103tate a sec. XIV de c\u0103tre o autoritate care a avut \u00een vedere controlul zonei de la Gurile Dun\u0103rii. Pe baza tehnicilor constructive, a materialului arheologic \u015fi a realit\u0103\u0163ilor istorice s-a emis ipoteza c\u0103 singurii interesa\u0163i de ridicarea unei cet\u0103\u0163i integrat\u0103 \u00een sistemul de fortifica\u0163ii din nordul Dobrogei, erau negustorii genovezi.<br \/>\nMaterialele descoperite \u00een urma cercet\u0103rilor arheologice, mai ales monedele bizantine, genoveze, t\u0103t\u0103r\u0103\u015fti, moldovene, muntene sau turce\u015fti atest\u0103 activitatea intens\u0103 \u015fi \u00eendelungat\u0103 a vie\u0163uirii \u015fi activit\u0103\u0163ilor comerciale ale locuitorilor cet\u0103\u0163ii.<br \/>\nDobrogea este la r\u00e2ndul ei un \u0163inut \u00eenc\u0103rcat de spiritualitate, Pe\u015ftera Sf\u00e2ntul Apostol Andrei, ilustrat\u0103 pe timbrul cu valoarea nominal\u0103 de 7,60 lei, fiind un l\u0103ca\u015f cu o importan\u0163\u0103 major\u0103 pentru cre\u015ftinismul rom\u00e2nesc. Legenda Sf\u00e2ntului Andrei arat\u0103 cum Apostolul a ajuns pe meleagurile str\u0103mo\u015filor no\u015ftri propov\u0103duind cuv\u00e2ntul sf\u00e2nt \u015fi a fost primit \u015fi g\u0103zduit \u00een grota venerat\u0103 ast\u0103zi de cre\u015ftini.<br \/>\n\u00cen zilele noastre, Pe\u015ftera Sf\u00e2ntul Apostol Andrei este un loc de pelerinaj important pe harta cre\u015ftin\u0103 a Dobrogei. L\u00e2ng\u0103 ea au ap\u0103rut alte cl\u0103diri ce deservesc m\u0103n\u0103stirea, precum o biseric\u0103 nou\u0103 \u015fi \u00eenc\u0103p\u0103toare \u015fi corpul de chilii.<br \/>\n\u00centr-o benefic\u0103 asociere cu valoroasele repere ale trecutuluiistoric ale Dobrogei se reg\u0103se\u015fte o bog\u0103\u0163ie natural\u0103, recunoscut\u0103 pe plan interna\u0163ional, Delta Dun\u0103rii.<br \/>\nDelta Dun\u0103rii, ilustrat\u0103 pe timbrul cu valoare nominal\u0103 de 8,10 lei, s-a format acum aproximativ 6,500 de ani, c\u00e2nd un golfal M\u0103rii Negre a \u00eenceput s\u0103 se umple cu aluviuni aduse de r\u00e2uri. \u00cen acest moment este a doua delt\u0103 ca m\u0103rime din Europa \u015fi tot aici se g\u0103se\u015fte \u015fi cel mai nou p\u0103m\u00e2nt rom\u00e2nesc, Dun\u0103rea aduc\u00e2nd aluviuni din lungul s\u0103u parcurs \u015fi cresc\u00e2nd suprafa\u0163a deltei cu unspor de 17 m pe an.<br \/>\nAcesta este locul unde milioane de p\u0103s\u0103ri din diferite col\u0163uri ale P\u0103m\u00e2ntului (Europa, Asia, Africa, Marea Mediteran\u0103) vin s\u0103 cuib\u0103reasc\u0103. Majoritatea speciilor de pe\u015fti de ap\u0103 dulce ce exist\u0103 \u00een Europa se reg\u0103sesc \u00een delt\u0103, fapt ce atrage popula\u0163ii impresionante de pelicani.<br \/>\nRolul central pe care Delta Dun\u0103rii \u00eel joac\u0103 \u00een ciclul de via\u0163\u0103 al mai multor specii, fiind un refugiu critic pentru p\u0103s\u0103ri amenin\u0163ate la nivel global, face din acest biom unul unic \u00een lume asupra c\u0103ruia s-au concentrat eforturi interna\u0163ionale de conservare, delta fiind declarat\u0103 Rezerva\u0163ie a biosferei.<br \/>\nDobrogea se prezint\u0103 astfel drept un \u0163inut al contrastelor, unde civiliza\u0163ia se \u00eemplete\u015fte cu natura, iar cele dou\u0103 \u00ee\u015fi g\u0103sesc un echilibru fragil, unde culturi \u015fi etnii diverse \u015fi-au \u00eembinat specificul pentru a crea un spa\u0163iu unic \u00een lume.<\/p>\n<p>Romfilatelia mul\u0163ume\u015fte Institutului de Cercet\u0103ri Eco-Muzeale Gavril\u0103 Simion Tulcea \u015fi fotografilor George Avanu \u015fi Helmut Ignat pentru sprijinul acordat la realizarea acestei emisiuni de m\u0103rci po\u015ftale.<\/p>\n<p>Data de aparitie: 2015-09-16<\/p>\n<p><a href=\"https:\/\/romfilatelia.ro\/magazin\/wp-content\/uploads\/2015\/09\/Desc-Rom_Dobrogea_box.jpg\"><img decoding=\"async\" loading=\"lazy\" class=\"wp-image-618 size-full aligncenter\" src=\"https:\/\/romfilatelia.ro\/magazin\/wp-content\/uploads\/2015\/09\/Desc-Rom_Dobrogea_box.jpg\" alt=\"Desc Rom_Dobrogea_box\" width=\"750\" height=\"564\" srcset=\"https:\/\/romfilatelia.ro\/magazin\/wp-content\/uploads\/2015\/09\/Desc-Rom_Dobrogea_box.jpg 750w, https:\/\/romfilatelia.ro\/magazin\/wp-content\/uploads\/2015\/09\/Desc-Rom_Dobrogea_box-500x376.jpg 500w, https:\/\/romfilatelia.ro\/magazin\/wp-content\/uploads\/2015\/09\/Desc-Rom_Dobrogea_box-64x48.jpg 64w, https:\/\/romfilatelia.ro\/magazin\/wp-content\/uploads\/2015\/09\/Desc-Rom_Dobrogea_box-300x226.jpg 300w, https:\/\/romfilatelia.ro\/magazin\/wp-content\/uploads\/2015\/09\/Desc-Rom_Dobrogea_box-380x285.jpg 380w, https:\/\/romfilatelia.ro\/magazin\/wp-content\/uploads\/2015\/09\/Desc-Rom_Dobrogea_box-285x214.jpg 285w\" sizes=\"(max-width: 750px) 100vw, 750px\" \/><\/a><\/p>\n","protected":false},"excerpt":{"rendered":"<p>Romfilatelia, continu\u00e2nd amplul proiect de promovare a tezaurului fiec\u0103rei regiuni a \u0163\u0103rii, introduce \u00een circula\u0163ie emisiunea de m\u0103rci po\u015ftale Descoperi\u0163i Rom\u00e2nia, Dobrogea. Situat\u0103 \u00een sudul jude\u0163ului Constan\u0163a, pe teritoriul localit\u0103\u0163ii Adamclisi, cetatea Tropaeum Traiani expune privirii faimosul monument triumfal cu acela\u015fi nume, ilustrat pe timbrul cu valoarea nominal\u0103 de 2,00 lei. \u00cen ciuda trecerii timpului&hellip;&nbsp;<a href=\"https:\/\/romfilatelia.ro\/magazin\/produs\/colectii-anuale\/2015\/descoperiti-romania-dobrogea\/\" class=\"\" rel=\"bookmark\">Cite\u0219te mai mult &raquo;<span class=\"screen-reader-text\">Descoperi\u0163i Rom\u00e2nia, Dobrogea<\/span><\/a><\/p>\n","protected":false},"featured_media":59,"template":"","meta":{"neve_meta_sidebar":"","neve_meta_container":"","neve_meta_enable_content_width":"","neve_meta_content_width":0,"neve_meta_title_alignment":"","neve_meta_author_avatar":"","neve_post_elements_order":"","neve_meta_disable_header":"","neve_meta_disable_footer":"","neve_meta_disable_title":""},"product_cat":[103,6],"product_tag":[],"_links":{"self":[{"href":"https:\/\/romfilatelia.ro\/magazin\/wp-json\/wp\/v2\/product\/2002679"}],"collection":[{"href":"https:\/\/romfilatelia.ro\/magazin\/wp-json\/wp\/v2\/product"}],"about":[{"href":"https:\/\/romfilatelia.ro\/magazin\/wp-json\/wp\/v2\/types\/product"}],"wp:featuredmedia":[{"embeddable":true,"href":"https:\/\/romfilatelia.ro\/magazin\/wp-json\/wp\/v2\/media\/59"}],"wp:attachment":[{"href":"https:\/\/romfilatelia.ro\/magazin\/wp-json\/wp\/v2\/media?parent=2002679"}],"wp:term":[{"taxonomy":"product_cat","embeddable":true,"href":"https:\/\/romfilatelia.ro\/magazin\/wp-json\/wp\/v2\/product_cat?post=2002679"},{"taxonomy":"product_tag","embeddable":true,"href":"https:\/\/romfilatelia.ro\/magazin\/wp-json\/wp\/v2\/product_tag?post=2002679"}],"curies":[{"name":"wp","href":"https:\/\/api.w.org\/{rel}","templated":true}]}}