{"id":200176,"date":"2006-09-28T11:46:03","date_gmt":"2006-09-28T11:46:03","guid":{"rendered":"http:\/\/romfilatelia.ro\/store\/2006\/09\/28\/a-xi-a-reuniune-la-nivel-inalt-a-organizatiei-internationale-a-francofoniei-bucuresti-2006\/"},"modified":"2021-01-19T20:20:56","modified_gmt":"2021-01-19T18:20:56","slug":"a-xi-a-reuniune-la-nivel-inalt-a-organizatiei-internationale-a-francofoniei-bucuresti-2006","status":"publish","type":"product","link":"https:\/\/romfilatelia.ro\/magazin\/produs\/colectii-anuale\/2006\/a-xi-a-reuniune-la-nivel-inalt-a-organizatiei-internationale-a-francofoniei-bucuresti-2006\/","title":{"rendered":"A XI- A REUNIUNE LA NIVEL \u00ceNALT A ORGANIZA\u021aIEI INTERNA\u021aIONALE A FRANCOFONIEI \u2013 Bucure\u015fti 2006"},"content":{"rendered":"<p><a href=\"https:\/\/romfilatelia.ro\/magazin\/wp-content\/uploads\/2006\/09\/colitaFRANCOF.jpg\"><img decoding=\"async\" loading=\"lazy\" class=\"size-medium wp-image-2004766 alignleft\" src=\"https:\/\/romfilatelia.ro\/magazin\/wp-content\/uploads\/2006\/09\/colitaFRANCOF-284x300.jpg\" alt=\"colitaFRANCOF\" width=\"284\" height=\"300\" srcset=\"https:\/\/romfilatelia.ro\/magazin\/wp-content\/uploads\/2006\/09\/colitaFRANCOF-284x300.jpg 284w, https:\/\/romfilatelia.ro\/magazin\/wp-content\/uploads\/2006\/09\/colitaFRANCOF-500x528.jpg 500w, https:\/\/romfilatelia.ro\/magazin\/wp-content\/uploads\/2006\/09\/colitaFRANCOF-64x68.jpg 64w, https:\/\/romfilatelia.ro\/magazin\/wp-content\/uploads\/2006\/09\/colitaFRANCOF.jpg 568w\" sizes=\"(max-width: 284px) 100vw, 284px\" \/><\/a>\u00cen perioada 25 &#8211; 29 septembrie 2006, Rom\u00e2nia este gazda celei de-a XI- a Conferin\u00fee la Nivel \u00cenalt a \u00baefilor de stat \u00bai de guvern ale c\u00e3ror \u00fe\u00e3ri fac parte din Organiza\u00feia Interna\u00feional\u00e3 a Francofoniei (OIF). Sommet-ul Francofoniei reprezint\u00e3 prin dimensiune \u00bai importan\u00fe\u00e3 cea mai complex\u00e3 \u00eent\u00e2lnire interna\u00feional\u00e3 organizat\u00e3 vreodat\u00e3 de Rom\u00e2nia. Pentru a marca acest eveniment, Romfilatelia, societatea specializat\u00e3 \u00een editarea \u00bai comercializarea m\u00e3rcilor po\u00batale rom\u00e2ne\u00bati, introduce \u00een circula\u00feie emisiunea filatelic\u00e3 A XI- A REUNIUNE LA NIVEL \u00ceNALT A ORGANIZA\u00deIEI INTERNA\u00deIONALE A FRANCOFONIEI \u2013 Bucure\u00bati 2006.<br \/>\nFrancofonia este ansamblul politico-cultural al popoarelor care folosesc \u00een mod obi\u00banuit limba francez\u00e3. Termenul de \u201efrancofonie\u201c a ap\u00e3rut \u00een 1880, c\u00e2nd geograful On\u00e9sime Reclus l-a folosit pentru a defini grupurile de persoane \u00bai de \u00fe\u00e3ri care utilizau limba francez\u00e3 \u00een diverse \u00eemprejur\u00e3ri.<br \/>\nZiua Interna\u00feional\u00e3 a Francofoniei se s\u00e3rb\u00e3tore\u00bate \u00een fiecare an la 20 martie, c\u00e2nd s-a \u00eenfiin\u00feat Agen\u00feia de Cooperare Cultural\u00e3 \u00bai Tehnic\u00e3 (ACCT).<br \/>\nIni\u00feiatorii constituirii comunit\u00e3\u00feii francofone sunt: L\u00e9opold S\u00e9dar Senghor (Senegal), Habib Bourghiba (Tunisia) \u00bai Hamani Diori (Niger).<br \/>\nProgramul de cooperare \u00eentre statele apar\u00fein\u00e2nd acestei comunit\u00e3\u00fei are cinci direc\u00feii prioritare:<br \/>\n1) diversitatea cultural\u00e3 \u00bai lingvistic\u00e3;<br \/>\n2) pace, democra\u00feie \u00bai justi\u00feie;<br \/>\n3) educa\u00feie, formare, tineret;<br \/>\n4) dezvoltare \u00bai solidaritate;<br \/>\n5) implicarea francofoniei \u00een societatea informa\u00feional\u00e3.<br \/>\n\u00cen prezent, din Organiza\u00feia Interna\u00feional\u00e3 a Francofoniei (OIF), fac parte 63 de state de pe toate continentele: 53 state membre \u00bai 10 state care au statut de observator.<br \/>\n\u00cen 1993 Rom\u00e2nia a devenit membru cu drepturi depline al Organiza\u00feiei, iar \u00een 1998 a avut loc la Bucure\u00bati, Conferin\u00fea Ministerial\u00e3 a Francofoniei, unde s-a adoptat denumirea de \u201eOrganiza\u00feia Interna\u00feional\u00e3 a Francofoniei\u201c.<br \/>\n\u00cen ultimii ani, Rom\u00e2nia s-a impus ca lider regional al Francofoniei. Trebuie men\u00feionat faptul c\u00e3 este prima oar\u00e3 c\u00e2nd o asemenea Conferin\u00fe\u00e3 se desf\u00e3\u00baoar\u00e3 \u00een Europa, \u00eentr-un alt stat dec\u00e2t Fran\u00fea.<br \/>\nTema Conferin\u00feei de la Bucure\u00bati este: Tehnologia informa\u00feiei \u00een educa\u00feie.<br \/>\nImaginile ce ilustreaz\u00e3 timbrul emisiunii \u00bai al coli\u00feei filatelice reproduc o statuet\u00e3, apar\u00fein\u00e2nd perioadei neolitice, cunoscut\u00e3 sub numele de \u201eG\u00e2nditorul de la Hamangia\u201c.<br \/>\nGrafica timbrelor este completat\u00e3 cu logoul \u00bai culorile emblematice ale francofoniei.<br \/>\nValorile nominale ale timbrului emisiunii \u00bai a timbrului coli\u00feei sunt de 1,20 Lei, respectiv 5,60 Lei.<\/p>\n<p>Data de aparitie: 2006-09-28<\/p>\n","protected":false},"excerpt":{"rendered":"<p>\u00cen perioada 25 &#8211; 29 septembrie 2006, Rom\u00e2nia este gazda celei de-a XI- a Conferin\u00fee la Nivel \u00cenalt a \u00baefilor de stat \u00bai de guvern ale c\u00e3ror \u00fe\u00e3ri fac parte din Organiza\u00feia Interna\u00feional\u00e3 a Francofoniei (OIF). Sommet-ul Francofoniei reprezint\u00e3 prin dimensiune \u00bai importan\u00fe\u00e3 cea mai complex\u00e3 \u00eent\u00e2lnire interna\u00feional\u00e3 organizat\u00e3 vreodat\u00e3 de Rom\u00e2nia. Pentru a marca&hellip;&nbsp;<a href=\"https:\/\/romfilatelia.ro\/magazin\/produs\/colectii-anuale\/2006\/a-xi-a-reuniune-la-nivel-inalt-a-organizatiei-internationale-a-francofoniei-bucuresti-2006\/\" class=\"\" rel=\"bookmark\">Cite\u0219te mai mult &raquo;<span class=\"screen-reader-text\">A XI- A REUNIUNE LA NIVEL \u00ceNALT A ORGANIZA\u021aIEI INTERNA\u021aIONALE A FRANCOFONIEI \u2013 Bucure\u015fti 2006<\/span><\/a><\/p>\n","protected":false},"featured_media":2004766,"template":"","meta":{"neve_meta_sidebar":"","neve_meta_container":"","neve_meta_enable_content_width":"","neve_meta_content_width":0,"neve_meta_title_alignment":"","neve_meta_author_avatar":"","neve_post_elements_order":"","neve_meta_disable_header":"","neve_meta_disable_footer":"","neve_meta_disable_title":""},"product_cat":[112,6],"product_tag":[170],"_links":{"self":[{"href":"https:\/\/romfilatelia.ro\/magazin\/wp-json\/wp\/v2\/product\/200176"}],"collection":[{"href":"https:\/\/romfilatelia.ro\/magazin\/wp-json\/wp\/v2\/product"}],"about":[{"href":"https:\/\/romfilatelia.ro\/magazin\/wp-json\/wp\/v2\/types\/product"}],"wp:featuredmedia":[{"embeddable":true,"href":"https:\/\/romfilatelia.ro\/magazin\/wp-json\/wp\/v2\/media\/2004766"}],"wp:attachment":[{"href":"https:\/\/romfilatelia.ro\/magazin\/wp-json\/wp\/v2\/media?parent=200176"}],"wp:term":[{"taxonomy":"product_cat","embeddable":true,"href":"https:\/\/romfilatelia.ro\/magazin\/wp-json\/wp\/v2\/product_cat?post=200176"},{"taxonomy":"product_tag","embeddable":true,"href":"https:\/\/romfilatelia.ro\/magazin\/wp-json\/wp\/v2\/product_tag?post=200176"}],"curies":[{"name":"wp","href":"https:\/\/api.w.org\/{rel}","templated":true}]}}