{"id":2001732,"date":"2008-06-23T14:30:17","date_gmt":"2008-06-23T14:30:17","guid":{"rendered":"http:\/\/romfilatelia.ro\/store\/2008\/06\/23\/emisiune-comuna-romania-federatia-rusa-monumente-inscrise-in-lista-patrimoniului-mondial-unesco\/"},"modified":"2016-08-08T13:10:00","modified_gmt":"2016-08-08T13:10:00","slug":"emisiune-comuna-romania-federatia-rusa-monumente-inscrise-in-lista-patrimoniului-mondial-unesco","status":"publish","type":"product","link":"https:\/\/romfilatelia.ro\/magazin\/produs\/colectii-anuale\/2008\/emisiune-comuna-romania-federatia-rusa-monumente-inscrise-in-lista-patrimoniului-mondial-unesco\/","title":{"rendered":"Emisiune comun\u00e3 ROM\u00c2NIA &#8211; FEDERA\u021aIA RUS\u00c3  &#8211;  Monumente \u00eenscrise \u00een lista patrimoniului mondial UNESCO"},"content":{"rendered":"<p><a href=\"https:\/\/romfilatelia.ro\/magazin\/wp-content\/uploads\/2008\/06\/rom_rus_M.jpg\"><img decoding=\"async\" loading=\"lazy\" class=\"size-medium wp-image-2004098 alignleft\" src=\"https:\/\/romfilatelia.ro\/magazin\/wp-content\/uploads\/2008\/06\/rom_rus_M-300x248.jpg\" alt=\"rom_rus_M\" width=\"300\" height=\"248\" srcset=\"https:\/\/romfilatelia.ro\/magazin\/wp-content\/uploads\/2008\/06\/rom_rus_M-300x248.jpg 300w, https:\/\/romfilatelia.ro\/magazin\/wp-content\/uploads\/2008\/06\/rom_rus_M-500x413.jpg 500w, https:\/\/romfilatelia.ro\/magazin\/wp-content\/uploads\/2008\/06\/rom_rus_M-64x53.jpg 64w, https:\/\/romfilatelia.ro\/magazin\/wp-content\/uploads\/2008\/06\/rom_rus_M.jpg 600w\" sizes=\"(max-width: 300px) 100vw, 300px\" \/><\/a> Dup\u00e3 Proclamarea Independen\u0163ei Rom\u00e2niei, la 9 mai 1877 \u015fi a recunoa\u015fterii acesteia de c\u00e3tre marile puteri ale vremii &#8211; evenimente care au propulsat na\u0163iunea rom\u00e2n\u00e3 \u00een r\u00e2ndul na\u0163iunilor europene moderne &#8211; la 15 octombrie 1878 s-au stabilit rela\u0163ii diplomatice cu Rusia.<br \/>\nCu ocazia \u00eemplinirii a 130 de ani de la stabilirea rela\u0163iilor diplomatice dintre Rom\u00e2nia \u015fi Federa\u0163ia Rus\u00e3, Romfilatelia introduce \u00een circula\u0163ie emisiunea comun\u00e3 de m\u00e3rci po\u015ftale Monumente \u00eenscrise \u00een lista patrimoniului mondial UNESCO.<br \/>\nRela\u0163iile de cooperare \u00eentre domnitorii rom\u00e2ni \u015fi \u0163arii ru\u015fi, pe fondul luptei \u00eempotriva domina\u0163iei otomane din sud-estul Europei, au o bogat\u00e3 tradi\u0163ie. Sp\u00e3tarul Milescu, Dimitrie Cantemir dar \u015fi alte personalit\u00e3\u0163i politice \u015fi culturale marcante ale \u021a\u00e3rilor Rom\u00e2ne au avut intense leg\u00e3turi cu \u0163arii Rusiei. Trebuie men\u0163ionat c\u00e3 Rusia a fost prima putere european\u00e3 care \u00een sec. al XVIII -lea a numit consuli \u00een \u021a\u00e3rile Rom\u00e2ne: un consul general la Ia\u015fi \u015fi un viceconsul la Bucure\u015fti, \u00een 1780. Dup\u00e3 Unirea din 1859, prima Conven\u0163ie interna\u0163ional\u00e3 \u00eencheiat\u00e3 de Rom\u00e2nia a fost cu Rusia (conven\u0163ia telegrafic\u00e3), prin Aranjamentul din 15 decembrie 1860, intrat \u00een vigoare \u00een 1862.<br \/>\nSchimb\u00e3rile istorice din secolul XX, petrecute \u00een cele dou\u00e3 \u0163\u00e3ri au f\u00e3cut ca, pentru o perioad\u00e3 de timp, rela\u0163iile dintre Rom\u00e2nia \u015fi Rusia s\u00e3 fie uneori \u00eentrerupte.<br \/>\nDup\u00e3 dispari\u0163ia URSS, reprezentan\u0163ele diplomatice \u015fi consulare ale URSS \u00een Rom\u00e2nia au fost<br \/>\nconsiderate reprezentan\u0163e diplomatice \u015fi consulare ale Federa\u0163iei Ruse, iar misiunea \u0163\u00e3rii noastre la Moscova a fost considerat\u00e3 Ambasad\u00e3 a Rom\u00e2niei \u00een Federa\u0163ia Rus\u00e3. \u00cen luna iulie a anului 2003 a avut loc<br \/>\ninaugurarea oficial\u00e3 a Consulatului General al Rom\u00e2niei la Sankt Petersburg, iar \u00een octombrie 2005 a avut loc inaugurarea Consulatului General al Rom\u00e2niei la Rostov pe Don.<br \/>\nEmisiunea de m\u00e3rci po\u015ftale prezint\u00e3 imaginile a dou\u00e3 monumente aflate pe teritoriile celor dou\u00e3 \u0163\u00e3ri \u015fi \u00eenscrise \u00een patrimoniul UNESCO.<br \/>\nPe timbrul cu valoarea nominal\u00e3 de 3,00 Lei este ilustrat\u00e3 biserica Sf. Gheorghe a M\u00e2n\u00e3stirii Vorone\u0163.<br \/>\nConstruit\u00e3 \u00een numai 4 luni \u015fi jum\u00e3tate, din prim\u00e3vara p\u00e2n\u00e3 \u00een toamna anului 1488, biserica Sf. Gheorghe a M\u00e2n\u00e3stirii Vorone\u0163 este una dintre cele mai valoroase ctitorii ale lui \u0218tefan cel Mare.<br \/>\nArhitectura acestui monument este o \u00eengem\u00e3nare de elemente autohtone, gotice \u015fi bizantine. \u00cen 1547 este pictat exteriorul bisericii sub obl\u00e3duirea Mitropolitului Grigorie Ro\u015fca.<br \/>\nPentru marea fresc\u00e3 de pe fa\u0163ada de vest (Judecata de apoi), m\u00e2n\u00e3stirea Vorone\u0163 este socotit\u00e3 \u201eCapela Sixtin\u00e3 a Orientului\u201c iar \u201ealbastrul de Vorone\u0163\u201c este considerat ca fiind unic \u00een lume. Pe timbrul cu valoarea nominal\u00e3 de 4,30 Lei este ilustrat\u00e3 biserica Sf. Dimitrie din Vladimir.<br \/>\nSocotit\u00e3 ca una dintre cele mai frumoase biserici ale ora\u015fului Vladimir, biserica Sf. Dimitrie, a fost construit\u00e3 de c\u00e3tre Prin\u0163ul Vsevolod al III-lea.<br \/>\nCa o icoan\u00e3 \u00een st\u00e2nc\u00e3, biserica este \u00eenv\u00e3luit\u00e3 de mistere, unul dintre acestea fiind chiar data \u00eenceperii construc\u0163iei care nu se afl\u00e3 men\u0163ionat\u00e3 \u00een nici o cronic\u00e3 istoric\u00e3. Se afl\u00e3 men\u0163ionat \u00eens\u00e3 anul \u00een care a fost adus\u00e3 icoana Sf. Dimitrie din Salonic \u015fi anume 1197.<br \/>\nOrnamentele exotice, basoreliefurile care \u00eenf\u00e3\u0163i\u015feaz\u00e3 lei, centauri, leoparzi albi acoper\u00e3 pere\u0163ii albi ai bisericii. Decora\u0163iunile interioare sculptate prezint\u00e3 subiecte din Biblie \u015fi din mitologia greac\u00e3. Pe partea central\u00e3 a fa\u0163adei bisericii se repet\u00e3 imaginea Regelui David, asociat \u00een evul mediu cu celebrarea frumuse\u0163ii \u015fi a armoniei \u00een lume.<br \/>\nUnicat al monumentelor istorice \u015fi de cult din ora\u015ful rusesc Vladimir, biserica a\u015fteapt\u00e3 s\u00e3 fie redeschis\u00e3 pentru vizitatori, repun\u00e2ndu-\u015fi astfel \u00een valoare frumuse\u0163ea \u015fi tezaurul lucr\u00e3rilor de art\u00e3 pe care \u00eel ad\u00e3poste\u015fte.<\/p>\n<p>Mul\u0163umim UNESCO &#8211; Rom\u00e2nia pentru sprijinul acordat la realizarea acestei emisiuni de m\u00e3rci po\u015ftale.<\/p>\n<p>Data Aparitie:2008-06-23<\/p>\n<p><a href=\"https:\/\/romfilatelia.ro\/magazin\/wp-content\/uploads\/2008\/06\/rom_rus_box_rom.jpg\"><img decoding=\"async\" loading=\"lazy\" class=\"aligncenter wp-image-2004097 size-full\" src=\"https:\/\/romfilatelia.ro\/magazin\/wp-content\/uploads\/2008\/06\/rom_rus_box_rom.jpg\" alt=\"rom_rus_box_rom\" width=\"1200\" height=\"520\" srcset=\"https:\/\/romfilatelia.ro\/magazin\/wp-content\/uploads\/2008\/06\/rom_rus_box_rom.jpg 1200w, https:\/\/romfilatelia.ro\/magazin\/wp-content\/uploads\/2008\/06\/rom_rus_box_rom-500x217.jpg 500w, https:\/\/romfilatelia.ro\/magazin\/wp-content\/uploads\/2008\/06\/rom_rus_box_rom-64x28.jpg 64w, https:\/\/romfilatelia.ro\/magazin\/wp-content\/uploads\/2008\/06\/rom_rus_box_rom-300x130.jpg 300w, https:\/\/romfilatelia.ro\/magazin\/wp-content\/uploads\/2008\/06\/rom_rus_box_rom-768x333.jpg 768w, https:\/\/romfilatelia.ro\/magazin\/wp-content\/uploads\/2008\/06\/rom_rus_box_rom-1024x444.jpg 1024w\" sizes=\"(max-width: 1200px) 100vw, 1200px\" \/><\/a><\/p>\n","protected":false},"excerpt":{"rendered":"<p>Dup\u00e3 Proclamarea Independen\u0163ei Rom\u00e2niei, la 9 mai 1877 \u015fi a recunoa\u015fterii acesteia de c\u00e3tre marile puteri ale vremii &#8211; evenimente care au propulsat na\u0163iunea rom\u00e2n\u00e3 \u00een r\u00e2ndul na\u0163iunilor europene moderne &#8211; la 15 octombrie 1878 s-au stabilit rela\u0163ii diplomatice cu Rusia. Cu ocazia \u00eemplinirii a 130 de ani de la stabilirea rela\u0163iilor diplomatice dintre Rom\u00e2nia&hellip;&nbsp;<a href=\"https:\/\/romfilatelia.ro\/magazin\/produs\/colectii-anuale\/2008\/emisiune-comuna-romania-federatia-rusa-monumente-inscrise-in-lista-patrimoniului-mondial-unesco\/\" class=\"\" rel=\"bookmark\">Cite\u0219te mai mult &raquo;<span class=\"screen-reader-text\">Emisiune comun\u00e3 ROM\u00c2NIA &#8211; FEDERA\u021aIA RUS\u00c3  &#8211;  Monumente \u00eenscrise \u00een lista patrimoniului mondial UNESCO<\/span><\/a><\/p>\n","protected":false},"featured_media":2004098,"template":"","meta":{"neve_meta_sidebar":"","neve_meta_container":"","neve_meta_enable_content_width":"","neve_meta_content_width":0,"neve_meta_title_alignment":"","neve_meta_author_avatar":"","neve_post_elements_order":"","neve_meta_disable_header":"","neve_meta_disable_footer":"","neve_meta_disable_title":""},"product_cat":[110,6],"product_tag":[],"_links":{"self":[{"href":"https:\/\/romfilatelia.ro\/magazin\/wp-json\/wp\/v2\/product\/2001732"}],"collection":[{"href":"https:\/\/romfilatelia.ro\/magazin\/wp-json\/wp\/v2\/product"}],"about":[{"href":"https:\/\/romfilatelia.ro\/magazin\/wp-json\/wp\/v2\/types\/product"}],"wp:featuredmedia":[{"embeddable":true,"href":"https:\/\/romfilatelia.ro\/magazin\/wp-json\/wp\/v2\/media\/2004098"}],"wp:attachment":[{"href":"https:\/\/romfilatelia.ro\/magazin\/wp-json\/wp\/v2\/media?parent=2001732"}],"wp:term":[{"taxonomy":"product_cat","embeddable":true,"href":"https:\/\/romfilatelia.ro\/magazin\/wp-json\/wp\/v2\/product_cat?post=2001732"},{"taxonomy":"product_tag","embeddable":true,"href":"https:\/\/romfilatelia.ro\/magazin\/wp-json\/wp\/v2\/product_tag?post=2001732"}],"curies":[{"name":"wp","href":"https:\/\/api.w.org\/{rel}","templated":true}]}}