{"id":2001724,"date":"2008-04-21T14:23:34","date_gmt":"2008-04-21T14:23:34","guid":{"rendered":"http:\/\/romfilatelia.ro\/store\/2008\/04\/21\/urai\/"},"modified":"2016-08-08T12:07:14","modified_gmt":"2016-08-08T12:07:14","slug":"urai","status":"publish","type":"product","link":"https:\/\/romfilatelia.ro\/magazin\/produs\/colectii-anuale\/2008\/urai\/","title":{"rendered":"UR\u015eI"},"content":{"rendered":"<p><a href=\"https:\/\/romfilatelia.ro\/magazin\/wp-content\/uploads\/2008\/04\/ursi_2008_M.jpg\"><img decoding=\"async\" loading=\"lazy\" class=\"size-medium wp-image-2004529 alignleft\" src=\"https:\/\/romfilatelia.ro\/magazin\/wp-content\/uploads\/2008\/04\/ursi_2008_M-300x184.jpg\" alt=\"ursi_2008_M\" width=\"300\" height=\"184\" srcset=\"https:\/\/romfilatelia.ro\/magazin\/wp-content\/uploads\/2008\/04\/ursi_2008_M-300x184.jpg 300w, https:\/\/romfilatelia.ro\/magazin\/wp-content\/uploads\/2008\/04\/ursi_2008_M-500x306.jpg 500w, https:\/\/romfilatelia.ro\/magazin\/wp-content\/uploads\/2008\/04\/ursi_2008_M-64x39.jpg 64w, https:\/\/romfilatelia.ro\/magazin\/wp-content\/uploads\/2008\/04\/ursi_2008_M.jpg 600w\" sizes=\"(max-width: 300px) 100vw, 300px\" \/><\/a> Romfilatelia introduce \u00een circula\u0163ie emisiunea de m\u00e3rci po\u015ftale Ur\u015fi.<br \/>\nUr\u015fii fac parte din Ordinul Carnivora care cuprinde mamifere cu regim alimentar carnivor, rareori omnivor. Aceste mamifere sunt r\u00e3sp\u00e2ndite pe tot globul \u015fi adaptate celor mai felurite medii de via\u0163\u00e3: acvatic, terestru sau arboricol.<br \/>\nOrdinul Carnivora &#8211; datorit\u00e3 num\u00e3rului mare de specii cu caracteristici variate \u015fi comportament diferit &#8211; se \u00eemparte \u00een dou\u00e3 suprafamilii: Canoidea \u015fi Feloidea.<br \/>\nSuprafamilia Canoidea reune\u015fte carnivore cunoscute cum ar fi c\u00e2inii, vulpile, ur\u015fii, bursucii, jderii, vidrele, hienele etc.<br \/>\nPe timbrele \u015fi coli\u0163a emisiunii filatelice sunt ilustra\u0163i \u015fase ur\u015fi al c\u00e3ror habitat se afl\u00e3 \u00een diferite col\u0163uri ale lumii.<br \/>\nPe timbrul cu valoarea nominal\u00e3 de 60 Bani este ilustrat Ursul malaiezian (Helarctos malayanus). Mai este denumit \u015fi ursul cocotierilor. Are talia de 1,4 m, iar \u00een\u00e3l\u0163imea de 70 cm. Blana este neagr\u00e3 cu un colier alb la g\u00e2t. Este foarte bun c\u00e3\u0163\u00e3r\u00e3tor \u00een cocotieri. \u00cel \u00eent\u00e2lnim \u00een Sumatra, Borneo, Malaiezia.<br \/>\nPe timbrul cu valoarea nominal\u00e3 de 1,20 Lei este ilustrat Ursul negru american (Ursus americanus). I se mai spune \u015fi baribalul. Cu talia de 1,8 m, \u00een\u00e3l\u0163imea de 1 m, populeaz\u00e3 zone \u00eemp\u00e3durite ale Americii de Nord. Are blana neagr\u00e3, lucioas\u00e3.<br \/>\nPe timbrul cu valoarea nominal\u00e3 de 1,60 Lei este ilustrat Ursul panda mare (Ailuropoda melanoleuca). I se mai spune \u015fi ursul de bambus. Cu talia de 1,5 m, este r\u00e3sp\u00e2ndit \u00een p\u00e3durile Chinei Centrale \u015fi se hr\u00e3ne\u015fte cu muguri de bambus.<br \/>\nPe timbrul cu valoarea nominal\u00e3 de 3,00 Lei este ilustrat Ursul buzat (Melursus ursinus). Are buza inferioar\u00e3 lung\u00e3 \u015fi lat\u00e3 care-l ajut\u00e3 la linsul mierii, hrana lui preferat\u00e3. Are talia \u00een jur de 1,7 m \u015fi \u00een\u00e3l\u0163imea de aproape 85 cm. Tr\u00e3ie\u015fte \u00een regiunile sudice ale Indiei, \u00een jungl\u00e3, p\u00e2n\u00e3 la poalele masivului Himalaya \u015fi \u00een Sri Lanka.<br \/>\nPe timbrul cu valoarea nominal\u00e3 de 5,00 Lei este ilustrat Ursul cu ochelari (Tremarctos ornatus). Denumirea \u00eei vine de la desenul format de blana alb\u00e3 din jurul ochilor, \u00een rest blana fiind neagr\u00e3. Talia este de 1,70 m, \u00een\u00e3l\u0163imea de 70 cm iar coada are 7 cm. Este r\u00e3sp\u00e2ndit \u00een America de Sud, zone montane din Chile \u015fi Venezuela.<br \/>\nPe timbrul coli\u0163ei cu valoarea nominal\u00e3 de 9,10 Lei este ilustrat Ursul brun (Ursus arctos). Cu talia sa de 2,5 m, \u00een\u00e3l\u0163imea de 1,2 m \u015fi coada de 8 cm, este socotit a fi cel mai mare mamifer carnivor din Europa. Este prezent \u00een regiunile montane ale Europei, Asiei \u015fi Americii de Nord. \u00cen Rom\u00e2nia \u00eel \u00eent\u00e2lnim \u00een \u00eentregul arc carpatic.<\/p>\n<p>Data Aparitie:2008-04-21<\/p>\n<p><a href=\"https:\/\/romfilatelia.ro\/magazin\/wp-content\/uploads\/2008\/04\/ursi_2008_box_rom.jpg\"><img decoding=\"async\" loading=\"lazy\" class=\"aligncenter wp-image-2004530 size-full\" src=\"https:\/\/romfilatelia.ro\/magazin\/wp-content\/uploads\/2008\/04\/ursi_2008_box_rom.jpg\" alt=\"ursi_2008_box_rom\" width=\"450\" height=\"395\" srcset=\"https:\/\/romfilatelia.ro\/magazin\/wp-content\/uploads\/2008\/04\/ursi_2008_box_rom.jpg 450w, https:\/\/romfilatelia.ro\/magazin\/wp-content\/uploads\/2008\/04\/ursi_2008_box_rom-64x56.jpg 64w, https:\/\/romfilatelia.ro\/magazin\/wp-content\/uploads\/2008\/04\/ursi_2008_box_rom-300x263.jpg 300w, https:\/\/romfilatelia.ro\/magazin\/wp-content\/uploads\/2008\/04\/ursi_2008_box_rom-400x351.jpg 400w\" sizes=\"(max-width: 450px) 100vw, 450px\" \/><\/a><\/p>\n","protected":false},"excerpt":{"rendered":"<p>Romfilatelia introduce \u00een circula\u0163ie emisiunea de m\u00e3rci po\u015ftale Ur\u015fi. Ur\u015fii fac parte din Ordinul Carnivora care cuprinde mamifere cu regim alimentar carnivor, rareori omnivor. Aceste mamifere sunt r\u00e3sp\u00e2ndite pe tot globul \u015fi adaptate celor mai felurite medii de via\u0163\u00e3: acvatic, terestru sau arboricol. Ordinul Carnivora &#8211; datorit\u00e3 num\u00e3rului mare de specii cu caracteristici variate \u015fi&hellip;&nbsp;<a href=\"https:\/\/romfilatelia.ro\/magazin\/produs\/colectii-anuale\/2008\/urai\/\" class=\"\" rel=\"bookmark\">Cite\u0219te mai mult &raquo;<span class=\"screen-reader-text\">UR\u015eI<\/span><\/a><\/p>\n","protected":false},"featured_media":2004529,"template":"","meta":{"neve_meta_sidebar":"","neve_meta_container":"","neve_meta_enable_content_width":"","neve_meta_content_width":0,"neve_meta_title_alignment":"","neve_meta_author_avatar":"","neve_post_elements_order":"","neve_meta_disable_header":"","neve_meta_disable_footer":"","neve_meta_disable_title":""},"product_cat":[110,6],"product_tag":[],"_links":{"self":[{"href":"https:\/\/romfilatelia.ro\/magazin\/wp-json\/wp\/v2\/product\/2001724"}],"collection":[{"href":"https:\/\/romfilatelia.ro\/magazin\/wp-json\/wp\/v2\/product"}],"about":[{"href":"https:\/\/romfilatelia.ro\/magazin\/wp-json\/wp\/v2\/types\/product"}],"wp:featuredmedia":[{"embeddable":true,"href":"https:\/\/romfilatelia.ro\/magazin\/wp-json\/wp\/v2\/media\/2004529"}],"wp:attachment":[{"href":"https:\/\/romfilatelia.ro\/magazin\/wp-json\/wp\/v2\/media?parent=2001724"}],"wp:term":[{"taxonomy":"product_cat","embeddable":true,"href":"https:\/\/romfilatelia.ro\/magazin\/wp-json\/wp\/v2\/product_cat?post=2001724"},{"taxonomy":"product_tag","embeddable":true,"href":"https:\/\/romfilatelia.ro\/magazin\/wp-json\/wp\/v2\/product_tag?post=2001724"}],"curies":[{"name":"wp","href":"https:\/\/api.w.org\/{rel}","templated":true}]}}