{"id":2001722,"date":"2008-03-21T14:22:40","date_gmt":"2008-03-21T14:22:40","guid":{"rendered":"http:\/\/romfilatelia.ro\/store\/2008\/03\/21\/ceramica-romaneasca-oale-si-cani-iii\/"},"modified":"2016-08-08T10:08:24","modified_gmt":"2016-08-08T10:08:24","slug":"ceramica-romaneasca-oale-si-cani-iii","status":"publish","type":"product","link":"https:\/\/romfilatelia.ro\/magazin\/produs\/colectii-anuale\/2008\/ceramica-romaneasca-oale-si-cani-iii\/","title":{"rendered":"CERAMIC\u00c3 ROM\u00c2NEASC\u00c3 &#8211; Oale \u015fi c\u00e3ni (III)"},"content":{"rendered":"<p><a href=\"https:\/\/romfilatelia.ro\/magazin\/wp-content\/uploads\/2008\/03\/canioaleIII_2008_M.jpg\"><img decoding=\"async\" loading=\"lazy\" class=\"size-medium wp-image-2004543 alignleft\" src=\"https:\/\/romfilatelia.ro\/magazin\/wp-content\/uploads\/2008\/03\/canioaleIII_2008_M-195x300.jpg\" alt=\"canioaleIII_2008_M\" width=\"195\" height=\"300\" srcset=\"https:\/\/romfilatelia.ro\/magazin\/wp-content\/uploads\/2008\/03\/canioaleIII_2008_M-195x300.jpg 195w, https:\/\/romfilatelia.ro\/magazin\/wp-content\/uploads\/2008\/03\/canioaleIII_2008_M-64x99.jpg 64w, https:\/\/romfilatelia.ro\/magazin\/wp-content\/uploads\/2008\/03\/canioaleIII_2008_M-259x400.jpg 259w, https:\/\/romfilatelia.ro\/magazin\/wp-content\/uploads\/2008\/03\/canioaleIII_2008_M.jpg 389w\" sizes=\"(max-width: 195px) 100vw, 195px\" \/><\/a> Emisiunea de m\u00e3rci po\u015ftale cu tematica Ceramic\u00e3 rom\u00e2neasc\u00e3-Oale \u015fi c\u00e3ni (III), pe care Romfilatelia o introduce \u00een circula\u0163ie, \u00eencheie o serie, \u00eenceput\u00e3 \u00een 2007, care ilustreaz\u00e3 obiecte de ceramic\u00e3 create pe teritoriul actual al \u0163\u00e3rii noastre.<br \/>\n\u00cenc\u00e3 din neolitic, prelucrarea ceramicii pentru a se ob\u0163ine obiecte necesare \u00een gospod\u00e3rie, a fost cea mai important\u00e3 activitate pe aproape \u00eentreg teritoriul \u0163\u00e3rii. De-a lungul timpului nu au existat practic zone f\u00e3r\u00e3 olari, centrele specializate \u00een ol\u00e3rit fiind foarte r\u00e3sp\u00e2ndite. Pe plan european, Rom\u00e2nia este singura \u0163ar\u00e3 care a conservat \u00een \u00eentregime tehnica \u015fi arta ol\u00e3ritului.<br \/>\nLa ora actual\u00e3, sunt \u00eenc\u00e3 multe centre care utilizeaz\u00e3 tehnici tradi\u0163ionale de prelucrare a ceramicii. \u00cen jude\u0163ul Arge\u015f exist\u00e3 o mare diversitate a crea\u0163iei me\u015fterilor populari \u00een domeniul ceramicii, o not\u00e3 distinctiv\u00e3, specific\u00e3, fiind reg\u00e3sit\u00e3 \u00een vechiul centru de ceramic\u00e3 din ora\u015ful Curtea de Arge\u015f, precum \u015fi \u00een centrele de la Poieni\u0163a, Co\u015fe\u015fti \u015fi Stroe\u015fti. \u00cen jude\u0163ul Suceava, centre importante ale crea\u0163iei populare sunt la Marginea, cu ceramica neagr\u00e3 lustruit\u00e3, R\u00e3d\u00e3u\u0163i, cu ceramica ornamental\u00e3 \u015fi cea denumit\u00e3 de Kuti \u015fi P\u00e3ltinoasa, cu piese sm\u00e3l\u0163uite. \u0218i \u00een Maramure\u015f tradi\u0163ia ceramicii este veche, ea continu\u00e2nd din vremea dacilor \u015fi p\u00e2n\u00e3 ast\u00e3zi. Este interesant c\u00e3 aici, din punct de vedere al ornament\u00e3rii \u015fi al formelor, g\u00e3sim aproape toate tipurile de ceramic\u00e3. Ceramica ro\u015fie nesm\u00e3l\u0163uit\u00e3 cu elemente ornamentale arhaice o g\u00e3sim la S\u00e3cel, ceramica sm\u00e3l\u0163uit\u00e3 ornamentat\u00e3 cu cornul se \u00eent\u00e2lne\u015fte la Vama, iar ceramica decorat\u00e3 cu pensula se realizeaz\u00e3 la Baia Sprie \u015fi Baia Mare. Jude\u0163ul V\u00e2lcea are o activitate specializat\u00e3 \u00een domeniul prelucr\u00e3rii ceramicii, pe care doar anumi\u0163i s\u00e3teni o practic\u00e3, al\u00e3turi de ocupa\u0163iile specifice zonei. Din vremuri \u00eendep\u00e3rtate, olarii se recrutau dintre cresc\u00e3torii de animale, agricultorii \u015fi pomicultorii satului, ace\u015ftia \u00eenv\u00e3\u0163\u00e2nd s\u00e3 modeleze diverse categorii de vase, doar \u00een r\u00e3stimpul pe care-l aveau \u00eentre practicarea ocupa\u0163iilor specifice zonei. Prelucrarea argilei \u00een partea de nord a jude\u0163ului, \u00een depresiunea Horezu, a determinat apari\u0163ia centrelor Sl\u00e3tioara \u015fi Olari-Horezu. L\u00e2ng\u00e3 ora\u015ful R\u00e2mnicu-V\u00e2lcea sunt men\u0163ionate ca centre ceramice Buda \u015fi Vl\u00e3de\u015fti.<br \/>\nPe timbrul cu valoarea nominal\u00e3 de 2,00 Lei este ilustrat\u00e3 o oal\u00e3 realizat\u00e3 la Co\u015fe\u015fti-Arge\u015f.<br \/>\nPe timbrul cu valoarea nominal\u00e3 de 2,40 Lei este ilustrat\u00e3 o can\u00e3 realizat\u00e3 la R\u00e3d\u00e3u\u0163i-Suceava.<br \/>\nPe timbrul cu valoarea nominal\u00e3 de 6,00 Lei este ilustrat\u00e3 o can\u00e3 realizat\u00e3 la Baia Mare-Maramure\u015f.<br \/>\nPe timbrul cu valoarea nominal\u00e3 de 7,60 Lei este ilustrat\u00e3 o oal\u00e3 realizat\u00e3 la Vl\u00e3de\u015fti-V\u00e2lcea.<\/p>\n<p>*Obiectele din ceramic\u00e3 ilustrate pe timbrele emisiunii fac parte din colec\u0163ia Muzeului \u021a\u00e3ranului Rom\u00e2n.<\/p>\n<p>Data Aparitie:2008-03-21<\/p>\n<p><a href=\"https:\/\/romfilatelia.ro\/magazin\/wp-content\/uploads\/2008\/03\/canioaleIII_2008_rom_box.jpg\"><img decoding=\"async\" loading=\"lazy\" class=\"aligncenter wp-image-2004544 size-full\" src=\"https:\/\/romfilatelia.ro\/magazin\/wp-content\/uploads\/2008\/03\/canioaleIII_2008_rom_box.jpg\" alt=\"canioaleIII_2008_rom_box\" width=\"450\" height=\"353\" srcset=\"https:\/\/romfilatelia.ro\/magazin\/wp-content\/uploads\/2008\/03\/canioaleIII_2008_rom_box.jpg 450w, https:\/\/romfilatelia.ro\/magazin\/wp-content\/uploads\/2008\/03\/canioaleIII_2008_rom_box-64x50.jpg 64w, https:\/\/romfilatelia.ro\/magazin\/wp-content\/uploads\/2008\/03\/canioaleIII_2008_rom_box-300x235.jpg 300w, https:\/\/romfilatelia.ro\/magazin\/wp-content\/uploads\/2008\/03\/canioaleIII_2008_rom_box-400x314.jpg 400w\" sizes=\"(max-width: 450px) 100vw, 450px\" \/><\/a><\/p>\n","protected":false},"excerpt":{"rendered":"<p>Emisiunea de m\u00e3rci po\u015ftale cu tematica Ceramic\u00e3 rom\u00e2neasc\u00e3-Oale \u015fi c\u00e3ni (III), pe care Romfilatelia o introduce \u00een circula\u0163ie, \u00eencheie o serie, \u00eenceput\u00e3 \u00een 2007, care ilustreaz\u00e3 obiecte de ceramic\u00e3 create pe teritoriul actual al \u0163\u00e3rii noastre. \u00cenc\u00e3 din neolitic, prelucrarea ceramicii pentru a se ob\u0163ine obiecte necesare \u00een gospod\u00e3rie, a fost cea mai important\u00e3 activitate&hellip;&nbsp;<a href=\"https:\/\/romfilatelia.ro\/magazin\/produs\/colectii-anuale\/2008\/ceramica-romaneasca-oale-si-cani-iii\/\" class=\"\" rel=\"bookmark\">Cite\u0219te mai mult &raquo;<span class=\"screen-reader-text\">CERAMIC\u00c3 ROM\u00c2NEASC\u00c3 &#8211; Oale \u015fi c\u00e3ni (III)<\/span><\/a><\/p>\n","protected":false},"featured_media":2004546,"template":"","meta":{"neve_meta_sidebar":"","neve_meta_container":"","neve_meta_enable_content_width":"","neve_meta_content_width":0,"neve_meta_title_alignment":"","neve_meta_author_avatar":"","neve_post_elements_order":"","neve_meta_disable_header":"","neve_meta_disable_footer":"","neve_meta_disable_title":""},"product_cat":[110,6],"product_tag":[],"_links":{"self":[{"href":"https:\/\/romfilatelia.ro\/magazin\/wp-json\/wp\/v2\/product\/2001722"}],"collection":[{"href":"https:\/\/romfilatelia.ro\/magazin\/wp-json\/wp\/v2\/product"}],"about":[{"href":"https:\/\/romfilatelia.ro\/magazin\/wp-json\/wp\/v2\/types\/product"}],"wp:featuredmedia":[{"embeddable":true,"href":"https:\/\/romfilatelia.ro\/magazin\/wp-json\/wp\/v2\/media\/2004546"}],"wp:attachment":[{"href":"https:\/\/romfilatelia.ro\/magazin\/wp-json\/wp\/v2\/media?parent=2001722"}],"wp:term":[{"taxonomy":"product_cat","embeddable":true,"href":"https:\/\/romfilatelia.ro\/magazin\/wp-json\/wp\/v2\/product_cat?post=2001722"},{"taxonomy":"product_tag","embeddable":true,"href":"https:\/\/romfilatelia.ro\/magazin\/wp-json\/wp\/v2\/product_tag?post=2001722"}],"curies":[{"name":"wp","href":"https:\/\/api.w.org\/{rel}","templated":true}]}}