{"id":2001720,"date":"2008-02-22T14:21:35","date_gmt":"2008-02-22T14:21:35","guid":{"rendered":"http:\/\/romfilatelia.ro\/store\/2008\/02\/22\/explorarea-cosmosului\/"},"modified":"2016-08-08T09:59:06","modified_gmt":"2016-08-08T09:59:06","slug":"explorarea-cosmosului","status":"publish","type":"product","link":"https:\/\/romfilatelia.ro\/magazin\/produs\/colectii-anuale\/2008\/explorarea-cosmosului\/","title":{"rendered":"EXPLORAREA  COSMOSULUI"},"content":{"rendered":"<p>&nbsp;<\/p>\n<p><a href=\"https:\/\/romfilatelia.ro\/magazin\/wp-content\/uploads\/2008\/02\/sputnik_maimuta_M.jpg\"><img decoding=\"async\" loading=\"lazy\" class=\"size-medium wp-image-2004552 alignleft\" src=\"https:\/\/romfilatelia.ro\/magazin\/wp-content\/uploads\/2008\/02\/sputnik_maimuta_M-300x74.jpg\" alt=\"image description\" width=\"300\" height=\"74\" srcset=\"https:\/\/romfilatelia.ro\/magazin\/wp-content\/uploads\/2008\/02\/sputnik_maimuta_M-300x74.jpg 300w, https:\/\/romfilatelia.ro\/magazin\/wp-content\/uploads\/2008\/02\/sputnik_maimuta_M-500x123.jpg 500w, https:\/\/romfilatelia.ro\/magazin\/wp-content\/uploads\/2008\/02\/sputnik_maimuta_M-64x16.jpg 64w, https:\/\/romfilatelia.ro\/magazin\/wp-content\/uploads\/2008\/02\/sputnik_maimuta_M-570x142.jpg 570w, https:\/\/romfilatelia.ro\/magazin\/wp-content\/uploads\/2008\/02\/sputnik_maimuta_M.jpg 600w\" sizes=\"(max-width: 300px) 100vw, 300px\" \/><\/a> Cunoscut\u00e3 ca fiind o tem\u00e3 foarte c\u00e3utat\u00e3 de filateli\u015fti, Astrofilatelia revine \u00een acest an \u00een programul de emisiuni filatelice prin emisiunea filatelic\u00e3 Explorarea Cosmosului, pe care Romfilatelia o introduce \u00een circula\u0163ie.<br \/>\nCele trei timbre marcheaz\u00e3 \u00eemplinirea unei jum\u00e3t\u00e3\u0163i de secol de la realizarea primilor pa\u015fi \u00een demararea unui amplu program de cercetare a spa\u0163iului cosmic \u015fi a verific\u00e3rii practice a condi\u0163iilor de supravie\u0163uire a unor viitoare echipaje umane \u00eembarcate la bordul navelor spa\u0163iale.<br \/>\n\u00cen 1958, Statele Unite ale Americii lanseaz\u00e3 prima misiune spa\u0163ial\u00e3, Explorer I, ce va face o descoperire vital\u00e3 pentru zborurile cosmice: P\u00e3m\u00e2ntul, datorit\u00e3 polilor s\u00e3i magnetici, este \u00eenconjurat de o centur\u00e3 de radia\u0163ii, denumit\u00e3 ulterior \u201cVan Allen\u201d.<br \/>\nProgramul Sputnik a fost derulat de-a lungul unor serii de misiuni spa\u0163iale f\u00e3r\u00e3 oameni la bord, programate de Uniunea Sovietic\u00e3 la sf\u00e2r\u015fitul deceniului al \u015faselea al secolului trecut, av\u00e2nd ca scop demonstrarea viabilit\u00e3\u0163ii sateli\u0163ilor artificiali. Numele \u201cSputnik\u201d \u00eenseamn\u00e3 \u00een limba rus\u00e3 chiar \u201csatelit\u201d sau \u201ctovar\u00e3\u015f de c\u00e3l\u00e3torie\u201d. Prima \u00eencercare de lansare a satelitului Sputnik 3 din 3 februarie 1958 a e\u015fuat, dar a doua \u00eencercare din 15 mai a fost \u00eencununat\u00e3 de succes \u015fi a transportat \u00een spa\u0163iu o mul\u0163ime de aparate pentru cercet\u00e3ri geofizice. Magnetofonul folosit la bord s-a defectat, f\u00e3c\u00e2nd imposibil\u00e3 \u00eenregistrarea rezultatelor datelor despre centurile de radia\u0163ii Van Allen, descoperite cu doar patru luni \u00eenainte de satelitul american Explorer I.<br \/>\n\u00cen luna decembrie a anului 1958, Armata Statelor Unite a lansat racheta Jupiter AM-13 av\u00e2nd la bord maimu\u0163a Gordo. Aceast\u00e3 misiune era dedicat\u00e3 cercet\u00e3rilor biologice. Din nefericire, la aterizare, maimu\u0163a a murit din cauza unor defec\u0163iuni produse la sistemul de para\u015futare al rachetei.<br \/>\nPe timbrul cu valoarea nominal\u00e3 de 1,00 lei este ilustrat\u00e3 misiunea spa\u0163ial\u00e3 Explorer I.<br \/>\nPe timbrul cu valoarea nominal\u00e3 de 2,40 lei este ilustrat\u00e3 misiunea spa\u0163ial\u00e3 Sputnik 3.<br \/>\nPe timbrul cu valoarea nominal\u00e3 de 3,10 lei este ilustrat\u00e3 misiunea spa\u0163ial\u00e3 Jupiter AM-13.<\/p>\n<p>Data Aparitie:2008-02-22<\/p>\n<p><a href=\"https:\/\/romfilatelia.ro\/magazin\/wp-content\/uploads\/2008\/02\/sputnik_maimuta_rom_box.jpg\"><img decoding=\"async\" loading=\"lazy\" class=\"aligncenter wp-image-2004551 size-full\" src=\"https:\/\/romfilatelia.ro\/magazin\/wp-content\/uploads\/2008\/02\/sputnik_maimuta_rom_box.jpg\" alt=\"sputnik_maimuta_rom_box\" width=\"443\" height=\"450\" srcset=\"https:\/\/romfilatelia.ro\/magazin\/wp-content\/uploads\/2008\/02\/sputnik_maimuta_rom_box.jpg 443w, https:\/\/romfilatelia.ro\/magazin\/wp-content\/uploads\/2008\/02\/sputnik_maimuta_rom_box-64x65.jpg 64w, https:\/\/romfilatelia.ro\/magazin\/wp-content\/uploads\/2008\/02\/sputnik_maimuta_rom_box-295x300.jpg 295w, https:\/\/romfilatelia.ro\/magazin\/wp-content\/uploads\/2008\/02\/sputnik_maimuta_rom_box-394x400.jpg 394w, https:\/\/romfilatelia.ro\/magazin\/wp-content\/uploads\/2008\/02\/sputnik_maimuta_rom_box-53x53.jpg 53w, https:\/\/romfilatelia.ro\/magazin\/wp-content\/uploads\/2008\/02\/sputnik_maimuta_rom_box-85x85.jpg 85w\" sizes=\"(max-width: 443px) 100vw, 443px\" \/><\/a><\/p>\n","protected":false},"excerpt":{"rendered":"<p>&nbsp; Cunoscut\u00e3 ca fiind o tem\u00e3 foarte c\u00e3utat\u00e3 de filateli\u015fti, Astrofilatelia revine \u00een acest an \u00een programul de emisiuni filatelice prin emisiunea filatelic\u00e3 Explorarea Cosmosului, pe care Romfilatelia o introduce \u00een circula\u0163ie. Cele trei timbre marcheaz\u00e3 \u00eemplinirea unei jum\u00e3t\u00e3\u0163i de secol de la realizarea primilor pa\u015fi \u00een demararea unui amplu program de cercetare a spa\u0163iului&hellip;&nbsp;<a href=\"https:\/\/romfilatelia.ro\/magazin\/produs\/colectii-anuale\/2008\/explorarea-cosmosului\/\" class=\"\" rel=\"bookmark\">Cite\u0219te mai mult &raquo;<span class=\"screen-reader-text\">EXPLORAREA  COSMOSULUI<\/span><\/a><\/p>\n","protected":false},"featured_media":2004552,"template":"","meta":{"neve_meta_sidebar":"","neve_meta_container":"","neve_meta_enable_content_width":"","neve_meta_content_width":0,"neve_meta_title_alignment":"","neve_meta_author_avatar":"","neve_post_elements_order":"","neve_meta_disable_header":"","neve_meta_disable_footer":"","neve_meta_disable_title":""},"product_cat":[110,6],"product_tag":[],"_links":{"self":[{"href":"https:\/\/romfilatelia.ro\/magazin\/wp-json\/wp\/v2\/product\/2001720"}],"collection":[{"href":"https:\/\/romfilatelia.ro\/magazin\/wp-json\/wp\/v2\/product"}],"about":[{"href":"https:\/\/romfilatelia.ro\/magazin\/wp-json\/wp\/v2\/types\/product"}],"wp:featuredmedia":[{"embeddable":true,"href":"https:\/\/romfilatelia.ro\/magazin\/wp-json\/wp\/v2\/media\/2004552"}],"wp:attachment":[{"href":"https:\/\/romfilatelia.ro\/magazin\/wp-json\/wp\/v2\/media?parent=2001720"}],"wp:term":[{"taxonomy":"product_cat","embeddable":true,"href":"https:\/\/romfilatelia.ro\/magazin\/wp-json\/wp\/v2\/product_cat?post=2001720"},{"taxonomy":"product_tag","embeddable":true,"href":"https:\/\/romfilatelia.ro\/magazin\/wp-json\/wp\/v2\/product_tag?post=2001720"}],"curies":[{"name":"wp","href":"https:\/\/api.w.org\/{rel}","templated":true}]}}