{"id":2001710,"date":"2007-09-25T14:05:49","date_gmt":"2007-09-25T14:05:49","guid":{"rendered":"http:\/\/romfilatelia.ro\/store\/2007\/09\/25\/cupa-mondiala-de-rugby-franta-2007\/"},"modified":"2016-08-09T11:15:35","modified_gmt":"2016-08-09T11:15:35","slug":"cupa-mondiala-de-rugby-franta-2007","status":"publish","type":"product","link":"https:\/\/romfilatelia.ro\/magazin\/produs\/colectii-anuale\/2007\/cupa-mondiala-de-rugby-franta-2007\/","title":{"rendered":"Cupa Mondial\u0103 de Rugby &#8211; Fran\u021ba 2007"},"content":{"rendered":"<p><a href=\"https:\/\/romfilatelia.ro\/magazin\/wp-content\/uploads\/2007\/09\/rugby_M.jpg\"><img decoding=\"async\" loading=\"lazy\" class=\"size-medium wp-image-2004649 alignleft\" src=\"https:\/\/romfilatelia.ro\/magazin\/wp-content\/uploads\/2007\/09\/rugby_M-300x266.jpg\" alt=\"rugby_M\" width=\"300\" height=\"266\" srcset=\"https:\/\/romfilatelia.ro\/magazin\/wp-content\/uploads\/2007\/09\/rugby_M-300x266.jpg 300w, https:\/\/romfilatelia.ro\/magazin\/wp-content\/uploads\/2007\/09\/rugby_M-500x443.jpg 500w, https:\/\/romfilatelia.ro\/magazin\/wp-content\/uploads\/2007\/09\/rugby_M-64x57.jpg 64w, https:\/\/romfilatelia.ro\/magazin\/wp-content\/uploads\/2007\/09\/rugby_M.jpg 600w\" sizes=\"(max-width: 300px) 100vw, 300px\" \/><\/a> Romfilatelia, societatea specializat\u0103 \u00een editarea \u0219i comercializarea m\u0103rcilor po\u0219tale rom\u00e2ne\u0219ti, introduce \u00een circula\u021bie emisiunea filatelic\u0103 Cupa Mondial\u0103 de Rugby &#8211; Fran\u021ba 2007.<br \/>\nDespre rugby, un mare iubitor al acestui sport, Henry Blaha, spunea at\u00e2t de frumos c\u0103 este un &#8222;sport de golani practicat de gentlemeni&#8230;&#8221;.<br \/>\nCiviliza\u021bia acestui sport \u00eenseamn\u0103, \u00eenainte de orice, cultivarea celor mai importante valori umane: solidaritatea, loialitatea, cinstea, t\u0103ria moral\u0103, curajul, sim\u021bul drept\u0103\u021bii \u0219i al sacrificiului. Nu degeaba despre Cupa Mondial\u0103 de Rugby se spune c\u0103 este a treia competi\u021bie ca importan\u021b\u0103 dup\u0103 Jocurile Olimpice \u0219i Campionatul Mondial de Fotbal.<br \/>\n\u00cen perioada 7 septembrie &#8211; 20 octombrie se desf\u0103\u0219oar\u0103 a \u0219asea edi\u021bie a Cupei Mondiale de Rugby. Aceasta este organizat\u0103 de Fran\u021ba, \u00een colaborare cu Sco\u021bia \u0219i \u021aara Galilor. Stejarii &#8211; cum este denumit\u0103 echipa na\u021bional\u0103 a Rom\u00e2niei &#8211; au o misiune foarte grea, urm\u00e2nd s\u0103 \u00eent\u00e2lneas\u0103 \u00een grupa C at\u00e2t puternicele selec\u021bionate ale Sco\u021biei, Italiei, Portugaliei, c\u00e2t \u0219i eterna favorit\u0103 la c\u00e2\u0219tigarea trofeului, Noua Zeeland\u0103.<br \/>\nCalificarea la Cupa Mondial\u0103 este ceva obi\u0219nuit pentru na\u021bionala de rugby a Rom\u00e2niei, care a participat la fiecare edi\u021bie a acestui mare turneu, \u00eenc\u0103 de la \u00eenfiin\u021bare, adic\u0103 din 1987.<br \/>\nEchipa Rom\u00e2niei nu a dep\u0103\u0219it niciodat\u0103 faza grupelor, dar la fiecare turneu final (cu excep\u021bia edi\u021biei din 1995) a reu\u0219it o victorie. \u00cen 1987, \u00een Noua Zeeland\u0103, a \u00eenvins na\u021bionala Zimbabwe, cu 21-20, iar patru ani mai t\u00e2rziu, \u00een Fran\u021ba, a trecut de echipa Fiji, cu 17-15.<br \/>\n\u00cen 1995 nu a c\u00e2\u0219tigat nici un meci, dar a pierdut la mare lupt\u0103 partida cu echipa \u021b\u0103rii gazd\u0103, Africa de Sud, cea care urma s\u0103 devin\u0103 campioan\u0103 mondial\u0103 dup\u0103 un meci dramatic cu Noua Zeeland\u0103.<br \/>\n\u00cen 1999, Rom\u00e2nia a \u00eenvins la Dublin reprezentativa Statelor Unite ale Americii, iar la ultima edi\u021bie, cea din 2003, tricolorii rom\u00e2ni au izbutit cea mai concludent\u0103 victorie din istoria particip\u0103rilor lor (37-7), \u00een fa\u021ba Namibiei, la Launceston, \u00een Tasmania.<br \/>\nDoar 12 na\u021biuni din lume, printre care \u0219i Rom\u00e2nia, se pot m\u00e2ndri c\u0103 au fost prezente \u00eentotdeauna la cel mai mare eveniment rugbystic al lumii &#8211; Cupa Mondial\u0103.<\/p>\n<p>Data Aparitie:2007-09-25<\/p>\n<p><a href=\"https:\/\/romfilatelia.ro\/magazin\/wp-content\/uploads\/2007\/09\/rugby_rom.jpg\"><img decoding=\"async\" loading=\"lazy\" class=\"aligncenter wp-image-2004650 size-full\" src=\"https:\/\/romfilatelia.ro\/magazin\/wp-content\/uploads\/2007\/09\/rugby_rom.jpg\" alt=\"rugby_rom\" width=\"443\" height=\"450\" srcset=\"https:\/\/romfilatelia.ro\/magazin\/wp-content\/uploads\/2007\/09\/rugby_rom.jpg 443w, https:\/\/romfilatelia.ro\/magazin\/wp-content\/uploads\/2007\/09\/rugby_rom-64x65.jpg 64w, https:\/\/romfilatelia.ro\/magazin\/wp-content\/uploads\/2007\/09\/rugby_rom-295x300.jpg 295w, https:\/\/romfilatelia.ro\/magazin\/wp-content\/uploads\/2007\/09\/rugby_rom-394x400.jpg 394w, https:\/\/romfilatelia.ro\/magazin\/wp-content\/uploads\/2007\/09\/rugby_rom-53x53.jpg 53w, https:\/\/romfilatelia.ro\/magazin\/wp-content\/uploads\/2007\/09\/rugby_rom-85x85.jpg 85w\" sizes=\"(max-width: 443px) 100vw, 443px\" \/><\/a><\/p>\n","protected":false},"excerpt":{"rendered":"<p>Romfilatelia, societatea specializat\u0103 \u00een editarea \u0219i comercializarea m\u0103rcilor po\u0219tale rom\u00e2ne\u0219ti, introduce \u00een circula\u021bie emisiunea filatelic\u0103 Cupa Mondial\u0103 de Rugby &#8211; Fran\u021ba 2007. Despre rugby, un mare iubitor al acestui sport, Henry Blaha, spunea at\u00e2t de frumos c\u0103 este un &#8222;sport de golani practicat de gentlemeni&#8230;&#8221;. Civiliza\u021bia acestui sport \u00eenseamn\u0103, \u00eenainte de orice, cultivarea celor mai&hellip;&nbsp;<a href=\"https:\/\/romfilatelia.ro\/magazin\/produs\/colectii-anuale\/2007\/cupa-mondiala-de-rugby-franta-2007\/\" class=\"\" rel=\"bookmark\">Cite\u0219te mai mult &raquo;<span class=\"screen-reader-text\">Cupa Mondial\u0103 de Rugby &#8211; Fran\u021ba 2007<\/span><\/a><\/p>\n","protected":false},"featured_media":2004649,"template":"","meta":{"neve_meta_sidebar":"","neve_meta_container":"","neve_meta_enable_content_width":"","neve_meta_content_width":0,"neve_meta_title_alignment":"","neve_meta_author_avatar":"","neve_post_elements_order":"","neve_meta_disable_header":"","neve_meta_disable_footer":"","neve_meta_disable_title":""},"product_cat":[111,6],"product_tag":[],"_links":{"self":[{"href":"https:\/\/romfilatelia.ro\/magazin\/wp-json\/wp\/v2\/product\/2001710"}],"collection":[{"href":"https:\/\/romfilatelia.ro\/magazin\/wp-json\/wp\/v2\/product"}],"about":[{"href":"https:\/\/romfilatelia.ro\/magazin\/wp-json\/wp\/v2\/types\/product"}],"wp:featuredmedia":[{"embeddable":true,"href":"https:\/\/romfilatelia.ro\/magazin\/wp-json\/wp\/v2\/media\/2004649"}],"wp:attachment":[{"href":"https:\/\/romfilatelia.ro\/magazin\/wp-json\/wp\/v2\/media?parent=2001710"}],"wp:term":[{"taxonomy":"product_cat","embeddable":true,"href":"https:\/\/romfilatelia.ro\/magazin\/wp-json\/wp\/v2\/product_cat?post=2001710"},{"taxonomy":"product_tag","embeddable":true,"href":"https:\/\/romfilatelia.ro\/magazin\/wp-json\/wp\/v2\/product_tag?post=2001710"}],"curies":[{"name":"wp","href":"https:\/\/api.w.org\/{rel}","templated":true}]}}