{"id":2001705,"date":"2007-08-03T14:01:04","date_gmt":"2007-08-03T14:01:04","guid":{"rendered":"http:\/\/romfilatelia.ro\/store\/2007\/08\/03\/ceramica-romaneasca-farfurii-tharanesti-iii\/"},"modified":"2016-08-09T11:05:00","modified_gmt":"2016-08-09T11:05:00","slug":"ceramica-romaneasca-farfurii-tharanesti-iii","status":"publish","type":"product","link":"https:\/\/romfilatelia.ro\/magazin\/produs\/colectii-anuale\/2007\/ceramica-romaneasca-farfurii-tharanesti-iii\/","title":{"rendered":"CERAMIC\u00c3 ROM\u00c2NEASC\u00c3 &#8211; Farfurii \u021b\u00e3r\u00e3ne\u015fti (III)"},"content":{"rendered":"<p><a href=\"https:\/\/romfilatelia.ro\/magazin\/wp-content\/uploads\/2007\/08\/ceram_3_M.jpg\"><img decoding=\"async\" loading=\"lazy\" class=\"size-medium wp-image-2004686 alignleft\" src=\"https:\/\/romfilatelia.ro\/magazin\/wp-content\/uploads\/2007\/08\/ceram_3_M-300x103.jpg\" alt=\"ceram_3_M\" width=\"300\" height=\"103\" srcset=\"https:\/\/romfilatelia.ro\/magazin\/wp-content\/uploads\/2007\/08\/ceram_3_M-300x103.jpg 300w, https:\/\/romfilatelia.ro\/magazin\/wp-content\/uploads\/2007\/08\/ceram_3_M-500x172.jpg 500w, https:\/\/romfilatelia.ro\/magazin\/wp-content\/uploads\/2007\/08\/ceram_3_M-64x22.jpg 64w, https:\/\/romfilatelia.ro\/magazin\/wp-content\/uploads\/2007\/08\/ceram_3_M.jpg 600w\" sizes=\"(max-width: 300px) 100vw, 300px\" \/><\/a> Romfilatelia, societatea specializat\u00e3 \u00een editarea \u015fi comercializarea m\u00e3rcilor po\u015ftale rom\u00e2ne\u015fti, introduce \u00een circula\u0163ie emisiunea de timbre CERAMIC\u00c3 ROM\u00c2NEASC\u00c3 &#8211; Farfurii \u0163\u00e3r\u00e3ne\u015fti (III).<\/p>\n<p>Motivele ornamentale cu care se decoreaz\u00e3 farfuriile sunt \u00een principal geometrice, dar \u015fi fitomorfe, avimorfe, zoomorfe \u015fi antropomorfe.<br \/>\nUnul dintre cele mai vechi motive decorative geometrice este triunghiul, care se \u00eent\u00e2lne\u015fte \u015fi pe ceramica preistoric\u00e3 \u015fi apare sub diferite forme (o serie de triunghiuri de aceea\u015fi m\u00e3rime), \u201efer\u00e3str\u00e3ul\u201c sau \u201edintele de lup\u201c (triunghiuri dispuse alternativ sus-jos).<br \/>\nSpirala apare \u00een special pe ceramica veche de Cucuteni \u015fi Boian dar \u015fi pe farfuriile modelate la Vama, Horezu, Oboga, Rom\u00e2na etc. f\u00e3cut\u00e3 de obicei din hum\u00e3 alb\u00e3. Spirala, de\u015fi este un motiv foarte vechi, nu se reg\u00e3se\u015fte la ceramicile occidentale din aceea\u015fi perioad\u00e3 \u015fi chiar la cele mai t\u00e2rzii, cum ar fi cele mediteraneene.<br \/>\n\u201eValul\u201c sau linia ondulat\u00e3, elemente des \u00eent\u00e2lnite, se aplic\u00e3 pe fundul \u015fi buza farfuriilor sau alc\u00e3tuiesc structura ghirlandelor ori a vrejului cu frunze \u015fi flori amplasate pe acelea\u015fi registre.<br \/>\nAl\u00e3turi de vrej \u015fi ghirlande, ca motiv fitomorf des \u00eent\u00e2lnit este crengu\u0163a de brad, folosit\u00e3 \u015fi de ol\u00e3ria preistoric\u00e3. Creanga de brad simbolizeaz\u00e3 perenitatea asociat\u00e3 arborelui (pomul vie\u0163ii). Mai sunt reprezentate vi\u0163a de vie (simbol cre\u015ftin), dar \u015fi spice de gr\u00e2u, trifoi, ciorchinii de strugure, bobocii, frunzele \u015fi florile stilizate.<br \/>\nMotivele avimorfe, zoomorfe \u015fi antropomorfe sunt mai rare \u015fi mai recente \u015fi apar\u0163in tradi\u0163iei bizantine. Sunt reprezenta\u0163i porumbei, p\u00e3s\u00e3ri de curte, pe\u015fti (simboluri cre\u015ftine). Dac\u00e3 pentru ceramica de Horezu este specific motivul \u201ecoco\u015fului\u201c, pentru Oboga este \u201eg\u00e3ina\u201c, iar pentru Vama silueta feminin\u00e3 stilizat\u00e3, amplasat\u00e3 central, pe fundul farfuriei.<br \/>\nFoarte interesante sunt motivele simbolice, legate de credin\u0163e str\u00e3vechi, precre\u015ftine, asociate cultului Soarelui, care l-a \u00eenlocuit pe cel al fecundit\u00e3\u0163ii \u00een epoca bronzului. Soarele e stilizat \u00een rozete, v\u00e2rtejuri, cercuri simple sau concentrice, spirale, sau chiar \u00een imaginea antropomorfizat\u00e3 a astrului. De o mare sensibilitate sunt motivele \u201esoarele care r\u00e2de\u201c, soarele care pl\u00e2nge precum \u015fi stiliz\u00e3rile Lunii, transpuse pe t\u00e3iere mai ales de me\u015fterii olari din Horezu.<\/p>\n<p>Pe timbrul cu valoarea nominal\u00e3 de 60 Bani este ilustrat\u00e3 o farfurie \u0163\u00e3r\u00e3neasc\u00e3 realizat\u00e3 la Tg. L\u00e3pu\u015f-Maramure\u015f.<br \/>\nPe timbrul cu valoarea nominal\u00e3 de 80 Bani este ilustrat\u00e3 o farfurie \u0163\u00e3r\u00e3neasc\u00e3 realizat\u00e3 la Luncavi\u0163a-Tulcea.<br \/>\nPe timbrul cu valoarea nominal\u00e3 de 1,10 Lei este ilustrat\u00e3 o farfurie \u0163\u00e3r\u00e3neasc\u00e3 realizat\u00e3 la Horezu-V\u00e2lcea.<br \/>\nPe timbrul cu valoarea nominal\u00e3 de 1,60 Lei este ilustrat\u00e3 o farfurie \u0163\u00e3r\u00e3neasc\u00e3 realizat\u00e3 la R\u00e3d\u00e3u\u0163i-Suceava.<\/p>\n<p>Farfuriile \u0163\u00e3r\u00e3ne\u015fti ilustrate pe timbrele emisiunii fac parte din colec\u0163ia Muzeului \u021a\u00e3ranului Rom\u00e2n.<\/p>\n<p>Data Aparitie:2007-08-03<\/p>\n<p><a href=\"https:\/\/romfilatelia.ro\/magazin\/wp-content\/uploads\/2007\/08\/ceram_3_rom.jpg\"><img decoding=\"async\" loading=\"lazy\" class=\"aligncenter wp-image-2004687 size-full\" src=\"https:\/\/romfilatelia.ro\/magazin\/wp-content\/uploads\/2007\/08\/ceram_3_rom.jpg\" alt=\"ceram_3_rom\" width=\"450\" height=\"442\" srcset=\"https:\/\/romfilatelia.ro\/magazin\/wp-content\/uploads\/2007\/08\/ceram_3_rom.jpg 450w, https:\/\/romfilatelia.ro\/magazin\/wp-content\/uploads\/2007\/08\/ceram_3_rom-64x63.jpg 64w, https:\/\/romfilatelia.ro\/magazin\/wp-content\/uploads\/2007\/08\/ceram_3_rom-300x295.jpg 300w, https:\/\/romfilatelia.ro\/magazin\/wp-content\/uploads\/2007\/08\/ceram_3_rom-400x393.jpg 400w, https:\/\/romfilatelia.ro\/magazin\/wp-content\/uploads\/2007\/08\/ceram_3_rom-53x53.jpg 53w\" sizes=\"(max-width: 450px) 100vw, 450px\" \/><\/a><\/p>\n<p>&nbsp;<\/p>\n","protected":false},"excerpt":{"rendered":"<p>Romfilatelia, societatea specializat\u00e3 \u00een editarea \u015fi comercializarea m\u00e3rcilor po\u015ftale rom\u00e2ne\u015fti, introduce \u00een circula\u0163ie emisiunea de timbre CERAMIC\u00c3 ROM\u00c2NEASC\u00c3 &#8211; Farfurii \u0163\u00e3r\u00e3ne\u015fti (III). Motivele ornamentale cu care se decoreaz\u00e3 farfuriile sunt \u00een principal geometrice, dar \u015fi fitomorfe, avimorfe, zoomorfe \u015fi antropomorfe. Unul dintre cele mai vechi motive decorative geometrice este triunghiul, care se \u00eent\u00e2lne\u015fte \u015fi pe&hellip;&nbsp;<a href=\"https:\/\/romfilatelia.ro\/magazin\/produs\/colectii-anuale\/2007\/ceramica-romaneasca-farfurii-tharanesti-iii\/\" class=\"\" rel=\"bookmark\">Cite\u0219te mai mult &raquo;<span class=\"screen-reader-text\">CERAMIC\u00c3 ROM\u00c2NEASC\u00c3 &#8211; Farfurii \u021b\u00e3r\u00e3ne\u015fti (III)<\/span><\/a><\/p>\n","protected":false},"featured_media":2004686,"template":"","meta":{"neve_meta_sidebar":"","neve_meta_container":"","neve_meta_enable_content_width":"","neve_meta_content_width":0,"neve_meta_title_alignment":"","neve_meta_author_avatar":"","neve_post_elements_order":"","neve_meta_disable_header":"","neve_meta_disable_footer":"","neve_meta_disable_title":""},"product_cat":[111,6],"product_tag":[],"_links":{"self":[{"href":"https:\/\/romfilatelia.ro\/magazin\/wp-json\/wp\/v2\/product\/2001705"}],"collection":[{"href":"https:\/\/romfilatelia.ro\/magazin\/wp-json\/wp\/v2\/product"}],"about":[{"href":"https:\/\/romfilatelia.ro\/magazin\/wp-json\/wp\/v2\/types\/product"}],"wp:featuredmedia":[{"embeddable":true,"href":"https:\/\/romfilatelia.ro\/magazin\/wp-json\/wp\/v2\/media\/2004686"}],"wp:attachment":[{"href":"https:\/\/romfilatelia.ro\/magazin\/wp-json\/wp\/v2\/media?parent=2001705"}],"wp:term":[{"taxonomy":"product_cat","embeddable":true,"href":"https:\/\/romfilatelia.ro\/magazin\/wp-json\/wp\/v2\/product_cat?post=2001705"},{"taxonomy":"product_tag","embeddable":true,"href":"https:\/\/romfilatelia.ro\/magazin\/wp-json\/wp\/v2\/product_tag?post=2001705"}],"curies":[{"name":"wp","href":"https:\/\/api.w.org\/{rel}","templated":true}]}}