{"id":2001663,"date":"2006-06-08T15:44:15","date_gmt":"2006-06-08T15:44:15","guid":{"rendered":"http:\/\/romfilatelia.ro\/store\/2006\/06\/08\/compozitori-celebri\/"},"modified":"2021-01-19T20:20:58","modified_gmt":"2021-01-19T18:20:58","slug":"compozitori-celebri","status":"publish","type":"product","link":"https:\/\/romfilatelia.ro\/magazin\/produs\/colectii-anuale\/2006\/compozitori-celebri\/","title":{"rendered":"Compozitori Celebri"},"content":{"rendered":"<p><a href=\"https:\/\/romfilatelia.ro\/magazin\/wp-content\/uploads\/2006\/06\/BLOCEMISIUNECOMUNAROHU.jpg\"><img decoding=\"async\" loading=\"lazy\" class=\"size-medium wp-image-2005000 alignleft\" src=\"https:\/\/romfilatelia.ro\/magazin\/wp-content\/uploads\/2006\/06\/BLOCEMISIUNECOMUNAROHU-300x260.jpg\" alt=\"BLOCEMISIUNECOMUNAROHU\" width=\"300\" height=\"260\" srcset=\"https:\/\/romfilatelia.ro\/magazin\/wp-content\/uploads\/2006\/06\/BLOCEMISIUNECOMUNAROHU-300x260.jpg 300w, https:\/\/romfilatelia.ro\/magazin\/wp-content\/uploads\/2006\/06\/BLOCEMISIUNECOMUNAROHU-500x433.jpg 500w, https:\/\/romfilatelia.ro\/magazin\/wp-content\/uploads\/2006\/06\/BLOCEMISIUNECOMUNAROHU-64x55.jpg 64w, https:\/\/romfilatelia.ro\/magazin\/wp-content\/uploads\/2006\/06\/BLOCEMISIUNECOMUNAROHU.jpg 600w\" sizes=\"(max-width: 300px) 100vw, 300px\" \/><\/a> Cu ocazia \u00eemplinirii a 60 de ani de la reluarea rela\u0163iilor diplomatice dintre Rom\u00e2nia \u015fi Ungaria, Romfilatelia introduce \u00een circula\u0163ie, emisiunea de timbre comun\u00e3 rom\u00e2no-ungar\u00e3, Compozitori Celebri (George Enescu \u2013 1881- 1955 \u015fi B\u00e9la Bart\u00f3k \u2013 1881-1945).<br \/>\n\u00cen dorin\u0163a de a demonstra \u00eenc\u00e3 o dat\u00e3 c\u00e3, de-a lungul istoriei am avut multe lucruri comune, mai ales \u00een domeniul culturii, este necesar s\u00e3 argument\u00e3m c\u00e3, \u00eenainte de a fi vecin bun, trebuie s\u00e3 fii \u015fi prieten bun.<\/p>\n<p>De ce Enescu \u015fi Bart\u00f3k ?<\/p>\n<p>-am\u00e2ndoi s-au n\u00e3scut \u00een acela\u015fi an (1881) \u015fi areal geografic<br \/>\n-\u015fi unul \u015fi altul \u015fi-au dedicat \u00eentreaga via\u0163\u00e3 muzicii<br \/>\n-s-au inspirat din folclorul rom\u00e2nesc<br \/>\n-Bela Bart\u00f3k a realizat cea mai mare culegere de colinde rom\u00e2ne\u015fti<br \/>\n-au concertat pe marile scene ale lumii, de multe ori \u00eempreun\u00e3<br \/>\n-am\u00e2ndoi au fost membri ai Academiei Rom\u00e2ne<br \/>\n-at\u00e2t unul c\u00e2t \u015fi cel\u00e3lalt au murit departe de \u0163ara natal\u00e3 (Bart\u00f3k la New York, \u00een 1945, iar Enescu la Paris, \u00een 1955)<\/p>\n<p>\u00centotdeauna cultura i-a apropiat pe oameni.<br \/>\n\u0218i ce poate fi mai onorant dec\u00e2t faptul ca dou\u00e3 na\u0163iuni s\u00e3 se simt\u00e3 legate spiritual prin dou\u00e3 personalit\u00e3\u0163i care, prin limbajul comun al muzicii, au realizat un durabil pod cultural \u00eentre popoarele noastre.<br \/>\nCele dou\u00e3 timbre care-i \u00eenf\u00e3\u0163i\u015feaz\u00e3 pe cei doi mari compozitori, al\u00e3turi de dou\u00e3 fragmente muzicale proprii, au aceea\u015fi valoare nominal\u00e3 de 1,20 lei.<br \/>\nData Aparitie:2006-06-08<\/p>\n<p><a href=\"https:\/\/romfilatelia.ro\/magazin\/wp-content\/uploads\/2006\/06\/pliantungariaro.jpg\"><img decoding=\"async\" loading=\"lazy\" class=\"aligncenter wp-image-2005001 size-full\" src=\"https:\/\/romfilatelia.ro\/magazin\/wp-content\/uploads\/2006\/06\/pliantungariaro.jpg\" alt=\"pliantungariaro\" width=\"402\" height=\"500\" srcset=\"https:\/\/romfilatelia.ro\/magazin\/wp-content\/uploads\/2006\/06\/pliantungariaro.jpg 402w, https:\/\/romfilatelia.ro\/magazin\/wp-content\/uploads\/2006\/06\/pliantungariaro-64x80.jpg 64w, https:\/\/romfilatelia.ro\/magazin\/wp-content\/uploads\/2006\/06\/pliantungariaro-241x300.jpg 241w, https:\/\/romfilatelia.ro\/magazin\/wp-content\/uploads\/2006\/06\/pliantungariaro-322x400.jpg 322w\" sizes=\"(max-width: 402px) 100vw, 402px\" \/><\/a><\/p>\n","protected":false},"excerpt":{"rendered":"<p>Cu ocazia \u00eemplinirii a 60 de ani de la reluarea rela\u0163iilor diplomatice dintre Rom\u00e2nia \u015fi Ungaria, Romfilatelia introduce \u00een circula\u0163ie, emisiunea de timbre comun\u00e3 rom\u00e2no-ungar\u00e3, Compozitori Celebri (George Enescu \u2013 1881- 1955 \u015fi B\u00e9la Bart\u00f3k \u2013 1881-1945). \u00cen dorin\u0163a de a demonstra \u00eenc\u00e3 o dat\u00e3 c\u00e3, de-a lungul istoriei am avut multe lucruri comune, mai&hellip;&nbsp;<a href=\"https:\/\/romfilatelia.ro\/magazin\/produs\/colectii-anuale\/2006\/compozitori-celebri\/\" class=\"\" rel=\"bookmark\">Cite\u0219te mai mult &raquo;<span class=\"screen-reader-text\">Compozitori Celebri<\/span><\/a><\/p>\n","protected":false},"featured_media":2005000,"template":"","meta":{"neve_meta_sidebar":"","neve_meta_container":"","neve_meta_enable_content_width":"","neve_meta_content_width":0,"neve_meta_title_alignment":"","neve_meta_author_avatar":"","neve_post_elements_order":"","neve_meta_disable_header":"","neve_meta_disable_footer":"","neve_meta_disable_title":""},"product_cat":[112,6],"product_tag":[170],"_links":{"self":[{"href":"https:\/\/romfilatelia.ro\/magazin\/wp-json\/wp\/v2\/product\/2001663"}],"collection":[{"href":"https:\/\/romfilatelia.ro\/magazin\/wp-json\/wp\/v2\/product"}],"about":[{"href":"https:\/\/romfilatelia.ro\/magazin\/wp-json\/wp\/v2\/types\/product"}],"wp:featuredmedia":[{"embeddable":true,"href":"https:\/\/romfilatelia.ro\/magazin\/wp-json\/wp\/v2\/media\/2005000"}],"wp:attachment":[{"href":"https:\/\/romfilatelia.ro\/magazin\/wp-json\/wp\/v2\/media?parent=2001663"}],"wp:term":[{"taxonomy":"product_cat","embeddable":true,"href":"https:\/\/romfilatelia.ro\/magazin\/wp-json\/wp\/v2\/product_cat?post=2001663"},{"taxonomy":"product_tag","embeddable":true,"href":"https:\/\/romfilatelia.ro\/magazin\/wp-json\/wp\/v2\/product_tag?post=2001663"}],"curies":[{"name":"wp","href":"https:\/\/api.w.org\/{rel}","templated":true}]}}